000
CXUS53 KGRB 012131
CLSGRB

SEASONAL CLIMATE REPORT
NATIONAL WEATHER SERVICE GREEN BAY
332 PM CST SAT MAR 1 2014

...THE GREEN BAY WI WINTER CLIMATE SUMMARY FROM 12/1/2013 TO
2/28/2014...

...2ND COLDEST WINTER ON RECORD AT GREEN BAY...

THE WINTER OF 2013-14 WILL GO DOWN IN THE RECORD BOOKS AS THE
2ND COLDEST WINTER ON RECORD WITH AN AVERAGE TEMPERATURE OF
10.6 DEGREES. ONLY THE WINTER OF 1903-04 WAS COLDER WITH AN
AVERAGE TEMPERATURE OF 10.0 DEGREES. RECORDS AT GREEN BAY
DATE BACK TO 1886.

................................................................
CLIMATE NORMAL PERIOD 1981 TO 2010
CLIMATE RECORD PERIOD 1886 TO 2014

WEATHER         OBSERVED          NORMAL  DEPART  LAST YEAR`S
                 VALUE   DATE(S)  VALUE   FROM    VALUE  DATE(S)
                                          NORMAL
................................................................
TEMPERATURE (F)
RECORD
 HIGH              64   12/05/2001
 LOW              -36   01/21/1888
HIGHEST            45   12/04        50      -5       62  12/03
LOWEST            -21   02/28       -19      -2       -9  02/17
                        01/09
AVG. MAXIMUM     19.9              27.0    -7.1     30.2
AVG. MINIMUM      1.3              11.9   -10.6     14.5
MEAN             10.6              19.4    -8.8     22.4
DAYS MAX >= 90      0               0.0     0.0        0
DAYS MAX <= 32     74              58.8    15.2       48
DAYS MIN <= 32     90              86.0     4.0       85
DAYS MIN <= 0      49              18.1    30.9       13

PRECIPITATION (INCHES)
RECORD
 MAXIMUM         9.07   1922
 MINIMUM         1.34   1961
                        1934
TOTALS           4.68              3.75    0.93     7.20
DAILY AVG.       0.05              0.04    0.01     0.08
DAYS >= .01        34              28.6     5.4       37
DAYS >= .10        17              10.9     6.1       20
DAYS >= .50         0               1.2    -1.2        4
DAYS >= 1.00        0               0.2    -0.2        1

SNOWFALL (INCHES)
RECORDS
 TOTAL           77.1   2008
 24 HR TOTAL       MM
TOTALS           61.1              36.0    25.1     56.5
SINCE 7/1        62.3              40.2    22.1     58.0
DAYS >= TRACE      58              26.6    31.4       47
DAYS >= 1.0        20              10.9     9.1       14
GREATEST
 SNOW DEPTH        22   02/18                         12  12/29
 24 HR TOTAL      7.5   01/14

DEGREE_DAYS
HEATING TOTAL    4870              4100     770     3810
 SINCE 7/1       6481              5840     641     5443
COOLING TOTAL       0                 0       0        0
 SINCE 1/1          0                 0       0        0

FREEZE DATES
RECORD
 EARLIEST     09/12/1955
 LATEST       06/06/1958
EARLIEST                        10/03
LATEST                          05/05
.................................................................

WIND (MPH)
AVERAGE WIND SPEED              10.2
RESULTANT WIND SPEED/DIRECTION   5/265
HIGHEST WIND SPEED/DIRECTION    37/020    DATE  01/14
HIGHEST GUST SPEED/DIRECTION    48/020    DATE  01/14

SKY COVER
POSSIBLE SUNSHINE (PERCENT)   MM
AVERAGE SKY COVER           0.50
NUMBER OF DAYS FAIR           31
NUMBER OF DAYS PC             30
NUMBER OF DAYS CLOUDY         29

AVERAGE RH (PERCENT)     75

WEATHER CONDITIONS. NUMBER OF DAYS WITH
THUNDERSTORM              0     MIXED PRECIP               1
HEAVY RAIN                1     RAIN                       2
LIGHT RAIN                3     FREEZING RAIN              1
LT FREEZING RAIN          8     HAIL                       0
HEAVY SNOW                6     SNOW                       8
LIGHT SNOW               56     SLEET                      0
FOG                      56     FOG W/VIS <= 1/4 MILE      8
HAZE                     44

-  INDICATES NEGATIVE NUMBERS.
R  INDICATES RECORD WAS SET OR TIED.
MM INDICATES DATA IS MISSING.
T  INDICATES TRACE AMOUNT.

$$
ECKBERG
