000
CXUS53 KDLH 080429
CLSINL


CLIMATE REPORT
NATIONAL WEATHER SERVICE DULUTH MN
1120 PM CDT WED JUN 7 2017

...................................

...THE INTERNATIONAL FALLS MN CLIMATE SUMMARY FOR THE SEASON, FROM
3/1/2017 TO 5/31/2017...

CLIMATE NORMAL PERIOD 1981 TO 2010
CLIMATE RECORD PERIOD 1895 TO 2017

WEATHER         OBSERVED          NORMAL  DEPART  LAST YEAR`S
                 VALUE   DATE(S)  VALUE   FROM    VALUE
                                          NORMAL
.............................................................
TEMPERATURE (F)
RECORD
 HIGH              95   05/21/1964
 LOW              -38   03/01/1962
HIGHEST            76   05/27        MM      MM       89
                        05/26
LOWEST            -15   03/03        MM      MM      -17
MEAN             37.7              38.2    -0.5     39.8

PRECIPITATION (INCHES)
RECORD
 MAXIMUM         8.72   2013
TOTALS           3.87              5.34   -1.47     6.43

SNOWFALL (INCHES)
SINCE 7/1        70.4

DEGREE_DAYS
HEATING TOTAL    2490              2474      16     2296
COOLING TOTAL       0                 9      -9        2
..............................................................

WIND (MPH)
AVERAGE WIND SPEED              7.6
HIGHEST WIND SPEED/DIRECTION    32/240    DATE  03/07
HIGHEST GUST SPEED/DIRECTION    56/260    DATE  03/07

SKY COVER
POSSIBLE SUNSHINE (PERCENT)   MM



-  INDICATES NEGATIVE NUMBERS.
R  INDICATES RECORD WAS SET OR TIED.
MM INDICATES DATA IS MISSING.
T  INDICATES TRACE AMOUNT.

$$

.THE 2017 SPRING SEASON WAS COOLER WITH BELOW NORMAL
PRECIPITATION AT INTERNATIONAL FALLS MN...

THE AVERAGE TEMPERATURE FOR THE SPRING SEASON WAS 37.7 DEGREES WHICH
WAS 0.5 DEGREES BELOW THE NORMAL OF 38.2 DEGREES. THE HIGHEST
TEMPERATURE FOR THE SPRING WAS 76 DEGREES ON MAY 26TH AND MAY 27TH.
THE LOWEST TEMPERATURE FOR THE SPRING WAS -15 DEGREES ON MARCH 3RD.
NO MONTHLY TEMPERATURE RECORDS WERE BROKEN THIS SPRING.

THE SPRING OF 2017 WAS BELOW NORMAL FOR PRECIPITATION WITH A
TOTAL OF 3.87 INCHES RECORDED FOR THE SEASON. THIS WAS 1.47
INCHES BELOW THE NORMAL OF 5.34 INCHES. THIS WAS THE 17TH DRIEST
SPRING SEASON ON RECORD. THE GREATEST AMOUNT OF PRECIPITATION IN A
24 HOUR PERIOD OCCURRED ON MAY 28TH WHEN 0.73 INCHES WAS RECORDED.
AT LEAST 0.01 INCHES OF PRECIPITATION FELL ON 25 DAYS. AT LEAST 0.10
INCHES OF PRECIPITATION FELL ON 13 DAYS. AT LEAST 0.50 INCHES OF
PRECIPITATION FELL ON 1 DAY. 7.1 INCHES OF SNOW FELL FOR THE
SEASON WHICH IS 7.1 INCHES BELOW THE NORMAL OF 14.2 INCHES. THIS WAS
THE 14TH LEAST SNOWIEST SPRING SEASON ON RECORD. THE GREATEST AMOUNT
OF SNOWFALL IN A 24 HOUR PERIOD OCCURRED ON MARCH 16TH TO 17TH WHERE
3.8 INCHES OF SNOW WAS RECORDED. NO MONTHLY PRECIPITATION OR
SNOWFALL RECORDS WERE BROKEN THIS SPRING.

THE AVERAGE WIND SPEED FOR THE SPRING WAS 7.6 MPH. THE HIGHEST
SUSTAINED WIND OCCURRED ON MARCH 7TH WITH A SPEED OF 32 MPH OUT OF
THE WEST. THE HIGHEST PEAK WIND GUST OCCURRED ON MARCH 7TH WITH A
SPEED OF 56 MPH OUT OF THE WEST.

THERE WERE 2490 HEATING DEGREE DAYS FOR THE SPRING WHICH WAS 16
ABOVE THE NORMAL OF 2474. THERE WERE 0 COOLING DEGREE DAYS FOR THE
SPRING WHICH WAS 9 BELOW THE NORMAL OF 9. THE HIGHEST SEA LEVEL
PRESSURE READING FOR THE SPRING WAS 30.78 INCHES REACHED ON MARCH
10TH AND THE LOWEST SEA LEVEL PRESSURE READING WAS 29.02 INCHES
REACHED ON MARCH 6TH.

THE OUTLOOK FOR SUMMER...NORMAL HIGHS START IN THE LOW 70S IN
EARLY JUNE AND PEAK TO THE UPPER 70S DURING JULY. BY THE END OF
AUGUST NORMAL HIGHS COOL TO THE LOW 70S. NORMAL LOWS START IN THE
MID 40S AND WARM TO THE LOW 50S BY LATE JUNE. BY THE END OF AUGUST
NORMAL LOWS COOL TO THE UPPER 40S. NORMAL PRECIPITATION FOR THE
SUMMER IS 10.43 INCHES. THE LATEST CLIMATE PREDICTION CENTER OUTLOOK
INDICATES THAT THERE IS NO CLEAR INDICATION FOR ABOVE OR BELOW
NORMAL TEMPERATURES OR PRECIPITATION FOR THE SUMMER.

$$

WL
