000
CXUS51 KCTP 011005
CLSJST

CLIMATE REPORT
NATIONAL WEATHER SERVICE STATE COLLEGE PA
456 AM EST THU DEC 1 2016

...................................

...THE JOHNSTOWN CLIMATE SUMMARY FOR THE SEASON, FROM
9/1/2016 TO 11/30/2016...

CLIMATE NORMAL PERIOD 1981 TO 2010
CLIMATE RECORD PERIOD 1892 TO 2016

WEATHER         OBSERVED          NORMAL  DEPART  LAST YEAR`S
                 VALUE   DATE(S)  VALUE   FROM    VALUE  DATE(S)
                                          NORMAL
................................................................
TEMPERATURE (F)
RECORD
 HIGH             104   09/03/1953
 LOW                1   11/29/1930
HIGHEST            84   09/10        MM      MM       88  09/08
LOWEST             22   11/23        MM      MM       19  11/23
AVG. MAXIMUM     62.7              57.4     5.3     62.2
AVG. MINIMUM     45.8              42.1     3.7     45.7
MEAN             54.2              49.7     4.5     54.0
DAYS MAX >= 90      0                MM      MM        0
DAYS MAX <= 32      3                MM      MM        1
DAYS MIN <= 32     13                MM      MM        9
DAYS MIN <= 0       0                MM      MM        0

PRECIPITATION (INCHES)
RECORD
 MAXIMUM        17.18   1971
 MINIMUM         1.59   1908
TOTALS           8.17              6.76    1.41     7.74
DAILY AVG.       0.09              0.11   -0.02     0.08
DAYS >= .01        35                MM      MM       33
DAYS >= .10        19                MM      MM       19
DAYS >= .50         6                MM      MM        5
DAYS >= 1.00        1                MM      MM        1
GREATEST
 24 HR. TOTAL    1.64   MM
 STORM TOTAL       MM
 (MM/DD(HH))            MM


DEGREE_DAYS
HEATING TOTAL    1058              1419    -361     1088
 SINCE 7/1       1069              1457    -388     1118
COOLING TOTAL     102                22      80      101
 SINCE 1/1        705               382     323      556

FREEZE DATES
RECORD
 EARLIEST     08/31/1894
 LATEST       05/27/1915
EARLIEST                        MM
LATEST                          MM
.................................................

WIND (MPH)
AVERAGE WIND SPEED              8.6
RESULTANT WIND SPEED/DIRECTION   4/258
HIGHEST WIND SPEED/DIRECTION    33/270    DATE  11/11
HIGHEST GUST SPEED/DIRECTION    44/280    DATE  11/20

SKY COVER
POSSIBLE SUNSHINE (PERCENT)   MM
AVERAGE SKY COVER           0.40
NUMBER OF DAYS FAIR           39
NUMBER OF DAYS PC             33
NUMBER OF DAYS CLOUDY         19

AVERAGE RH (PERCENT)     74

WEATHER CONDITIONS. NUMBER OF DAYS WITH
THUNDERSTORM              3     MIXED PRECIP               0
HEAVY RAIN               11     RAIN                      21
LIGHT RAIN               38     FREEZING RAIN              0
LT FREEZING RAIN          1     HAIL                       0
HEAVY SNOW                0     SNOW                       2
LIGHT SNOW                4     SLEET                      0
FOG                      44     FOG W/VIS <= 1/4 MILE     14
HAZE                      6

-  INDICATES NEGATIVE NUMBERS.
R  INDICATES RECORD WAS SET OR TIED.
MM INDICATES DATA IS MISSING.
T  INDICATES TRACE AMOUNT.

$$

LA CORTE
