000
CXUS51 KCTP 021154
CLSJST

CLIMATE REPORT
NATIONAL WEATHER SERVICE STATE COLLEGE PA
745 AM EDT FRI JUN 2 2017

...................................

...THE JOHNSTOWN CLIMATE SUMMARY FOR THE SEASON, FROM
3/1/2017 TO 5/31/2017...

CLIMATE NORMAL PERIOD 1981 TO 2010
CLIMATE RECORD PERIOD 1892 TO 2017

WEATHER         OBSERVED          NORMAL  DEPART  LAST YEAR`S
                 VALUE   DATE(S)  VALUE   FROM    VALUE  DATE(S)
                                          NORMAL
................................................................
TEMPERATURE (F)
RECORD
 HIGH              99   05/12/1984
 LOW               -2   03/06/2015
                        03/01/1990
                        03/01/1990
HIGHEST            84   05/17        MM      MM       84  05/28
LOWEST              7   03/05        MM      MM       14  04/10
AVG. MAXIMUM     56.8              55.4     1.4     58.9
AVG. MINIMUM     39.9              37.6     2.3     40.4
MEAN             48.3              46.5     1.8     49.7
DAYS MAX >= 90      0                MM      MM        0
DAYS MAX <= 32      9                MM      MM        2
DAYS MIN <= 32     23                MM      MM       25
DAYS MIN <= 0       0                MM      MM        0

PRECIPITATION (INCHES)
RECORD
 MAXIMUM        20.75   1908
 MINIMUM         6.74   1976
TOTALS          14.23             11.41    2.82     7.95
DAILY AVG.       0.15              0.12    0.03     0.08
DAYS >= .01        52                MM      MM       43
DAYS >= .10        32                MM      MM       27
DAYS >= .50        12                MM      MM        3
DAYS >= 1.00        2                MM      MM        0
GREATEST
 24 HR. TOTAL    1.31   MM
 STORM TOTAL       MM                                 MM
 (MM/DD(HH))            MM

DEGREE_DAYS
HEATING TOTAL    1543              1728    -185     1424
 SINCE 7/1       5463              6609   -1146     5487
COOLING TOTAL      29                24       5       38
 SINCE 1/1         29                24       5       38

FREEZE DATES
RECORD
 EARLIEST     08/31/1894
 LATEST       05/27/1915
EARLIEST                        MM
LATEST                          MM
..................................................

WIND (MPH)
AVERAGE WIND SPEED              10.5
RESULTANT WIND SPEED/DIRECTION   4/257
HIGHEST WIND SPEED/DIRECTION    40/300    DATE  03/15
HIGHEST GUST SPEED/DIRECTION    54/250    DATE  03/08

SKY COVER
POSSIBLE SUNSHINE (PERCENT)   MM
AVERAGE SKY COVER           0.50
NUMBER OF DAYS FAIR           29
NUMBER OF DAYS PC             29
NUMBER OF DAYS CLOUDY         34

AVERAGE RH (PERCENT)     70

WEATHER CONDITIONS. NUMBER OF DAYS WITH
THUNDERSTORM             17     MIXED PRECIP               0
HEAVY RAIN               16     RAIN                      33
LIGHT RAIN               55     FREEZING RAIN              0
LT FREEZING RAIN          1     HAIL                       0
HEAVY SNOW                4     SNOW                       9
LIGHT SNOW               15     SLEET                      0
FOG                      63     FOG W/VIS <= 1/4 MILE     22
HAZE                      5

-  INDICATES NEGATIVE NUMBERS.
R  INDICATES RECORD WAS SET OR TIED.
MM INDICATES DATA IS MISSING.
T  INDICATES TRACE AMOUNT.

$$

LA CORTE
