000
CXUS51 KRNK 010941
CLSLYH


CLIMATE REPORT
NATIONAL WEATHER SERVICE BLACKSBURG VA
524 AM EDT TUE SEP 1 2015

...................................

...THE LYNCHBURG VA CLIMATE SUMMARY FOR THE SEASON, FROM
6/1/2015 TO 8/31/2015...

CLIMATE NORMAL PERIOD 1981 TO 2010
CLIMATE RECORD PERIOD 1893 TO 2015

WEATHER         OBSERVED          NORMAL  DEPART  LAST YEAR`S
                 VALUE   DATE(S)  VALUE   FROM    VALUE
                                          NORMAL
.............................................................
TEMPERATURE (F)
RECORD
 HIGH             106   07/10/1936
 LOW                7   06/17/2015
HIGHEST            92   08/04                         95
                        06/16
LOWEST             53   06/29                         50
AVG. MAXIMUM     84.3              85.0    -0.7     83.1
AVG. MINIMUM     63.9              62.4     1.5     62.6
MEAN             74.1              73.7     0.4     72.8
DAYS MAX >= 90     12              19.1    -7.1        9
DAYS MAX <= 32      0               0.0     0.0        0
DAYS MIN <= 32      0               0.0     0.0        0
DAYS MIN <= 0       0               0.0     0.0        0

PRECIPITATION (INCHES)
RECORD
 MAXIMUM        22.66   1989
 MINIMUM         3.89   1930
TOTALS          11.36             11.24    0.12    12.97
DAILY AVG.       0.12              0.12    0.00     0.14
DAYS >= .01        34              31.1     2.9       34
DAYS >= .10        26              19.1     6.9       21
DAYS >= .50         9               7.5     1.5        9
DAYS >= 1.00        1               2.9    -1.9        2
GREATEST
 24 HR. TOTAL    1.44                               3.88

SNOWFALL (INCHES)
TOTALS            0.0                                0.0
DAYS >= TRACE       0                                  0
DAYS >= 1.0         0                                  0
GREATEST
 24 HR TOTAL      0.0                                0.0

DEGREE_DAYS
HEATING TOTAL      13                17      -4        1
COOLING TOTAL     877               817      60      716
..............................................................

WIND (MPH)
AVERAGE WIND SPEED              4.2
HIGHEST WIND SPEED/DIRECTION    30/190    DATE  06/01
HIGHEST GUST SPEED/DIRECTION    38/190    DATE  06/01

SKY COVER
AVERAGE SKY COVER           0.30

AVERAGE RH (PERCENT)     76

WEATHER CONDITIONS. NUMBER OF DAYS WITH
THUNDERSTORM             24     MIXED PRECIP               0
HEAVY RAIN               16     RAIN                      23
LIGHT RAIN               42     FREEZING RAIN              0
LT FREEZING RAIN          0     HAIL                       0
HEAVY SNOW                0     SNOW                       0
LIGHT SNOW                0     SLEET                      0
FOG                      55     FOG W/VIS <= 1/4 MILE      9
HAZE                      0

-  INDICATES NEGATIVE NUMBERS.
R  INDICATES RECORD WAS SET OR TIED.
MM INDICATES DATA IS MISSING.
T  INDICATES TRACE AMOUNT.

$$

PW
