000
CXUS53 KMKX 011349 RRB
CLSMKE

CLIMATE REPORT
NATIONAL WEATHER SERVICE IN MILWAUKEE
829 AM CDT THU SEP 1 2016

...................................

...THE MILWAUKEE WI CLIMATE SUMMARY FOR THE SEASON, FROM
6/1/2016 TO 8/31/2016...

CLIMATE NORMAL PERIOD 1981 TO 2010
CLIMATE RECORD PERIOD 1871 TO 2016

WEATHER         OBSERVED          NORMAL  DEPART  LAST YEAR`S
                 VALUE   DATE(S)  VALUE   FROM    VALUE  DATE(S)
                                          NORMAL
................................................................
TEMPERATURE (F)
RECORD
 HIGH             105   07/24/1934
 LOW               33   06/04/1945
HIGHEST            94   08/11        95      -1       93  08/14
                        07/24                             08/02
LOWEST             49   06/08        44       5       41  06/02
                                                          06/01
AVG. MAXIMUM     81.4              78.0     3.4     76.8
AVG. MINIMUM     64.5              61.3     3.2     59.4
MEAN             73.0              69.6     3.4     68.1
DAYS MAX >= 90     11               6.4     4.6        4
DAYS MAX <= 32      0               0.0     0.0        0
DAYS MIN <= 32      0               0.0     0.0        0
DAYS MIN <= 0       0               0.0     0.0        0

PRECIPITATION (INCHES)
RECORD
 MAXIMUM        19.48   1986
 MINIMUM         3.27   1918
TOTALS           8.84             11.54   -2.70     7.55
DAILY AVG.       0.10              0.13   -0.03     0.08
DAYS >= .01        29              29.7    -0.7       24
DAYS >= .10        15              19.1    -4.1       19
DAYS >= .50         6               7.6    -1.6        6
DAYS >= 1.00        2               2.7    -0.7        0
GREATEST
 24 HR. TOTAL    2.09   08/30 TO 08/30              1.16 6/11-6/12

DEGREE_DAYS
HEATING TOTAL      31               110     -79      150
 SINCE 7/1          2                26     -24       48
COOLING TOTAL     791               535     256      461
 SINCE 1/1        836               565     271      487

FREEZE DATES
RECORD
 EARLIEST     09/20/1956
 LATEST       05/27/1961
EARLIEST                        10/17
LATEST                          04/27
.................................................................

WIND (MPH)
AVERAGE WIND SPEED              8.4
RESULTANT WIND SPEED/DIRECTION   1/227
HIGHEST WIND SPEED/DIRECTION    33/320    DATE  07/21
HIGHEST GUST SPEED/DIRECTION    45/330    DATE  07/21

SKY COVER
POSSIBLE SUNSHINE (PERCENT)   MM
AVERAGE SKY COVER           0.50
NUMBER OF DAYS FAIR           15
NUMBER OF DAYS PC             65
NUMBER OF DAYS CLOUDY         12

AVERAGE RH (PERCENT)     67

WEATHER CONDITIONS. NUMBER OF DAYS WITH
THUNDERSTORM             25     MIXED PRECIP               0
HEAVY RAIN               11     RAIN                      13
LIGHT RAIN               35     FREEZING RAIN              0
LT FREEZING RAIN          0     HAIL                       0
HEAVY SNOW                0     SNOW                       0
LIGHT SNOW                0     SLEET                      0
FOG                      28     FOG W/VIS <= 1/4 MILE      4
HAZE                     22

-  INDICATES NEGATIVE NUMBERS.
R  INDICATES RECORD WAS SET OR TIED.
MM INDICATES DATA IS MISSING.
T  INDICATES TRACE AMOUNT.

&&

THIS WAS THE 5TH WARMEST JJA SEASON ON RECORD.

$$
