000
CXUS53 KMKX 011608
CLSMKE

CLIMATE REPORT
NATIONAL WEATHER SERVICE IN MILWAUKEE
1041 AM CDT FRI SEP 1 2017

...................................

...THE MILWAUKEE WI CLIMATE SUMMARY FOR THE SEASON, FROM
6/1/2017 TO 8/31/2017...

CLIMATE NORMAL PERIOD 1981 TO 2010
CLIMATE RECORD PERIOD 1871 TO 2017

WEATHER         OBSERVED          NORMAL  DEPART  LAST YEAR`S
                 VALUE   DATE(S)  VALUE   FROM    VALUE  DATE(S)
                                          NORMAL
................................................................
TEMPERATURE (F)
RECORD
 HIGH             105   07/24/1934
 LOW               33   06/04/1945
HIGHEST            94   06/12        95      -1       94  08/11
                                                          07/24
LOWEST             48   06/01        44       4       49  06/08
AVG. MAXIMUM     79.5              78.0     1.5     81.4
AVG. MINIMUM     62.2              61.3     0.9     64.5
MEAN             70.9              69.6     1.3     73.0
DAYS MAX >= 90      5               6.4    -1.4       11
DAYS MAX <= 32      0               0.0     0.0        0
DAYS MIN <= 32      0               0.0     0.0        0
DAYS MIN <= 0       0               0.0     0.0        0

PRECIPITATION (INCHES)
RECORD
 MAXIMUM        19.48   1986
 MINIMUM         3.27   1918
TOTALS          10.53             11.54   -1.01     8.84
DAILY AVG.       0.11              0.13   -0.02     0.10
DAYS >= .01        36              29.7     6.3       29
DAYS >= .10        22              19.1     2.9       15
DAYS >= .50         4               7.6    -3.6        6
DAYS >= 1.00        3               2.7     0.3        2
GREATEST
 24 HR. TOTAL    1.68   07/12 TO 07/12              2.09

DEGREE_DAYS
HEATING TOTAL      23               110     -87       31
 SINCE 7/1          9                26     -17        2
COOLING TOTAL     589               535      54      791
 SINCE 1/1        610               565      45      836

FREEZE DATES
RECORD
 EARLIEST     09/20/1956
 LATEST       05/27/1961
EARLIEST                        10/17
LATEST                          04/27
.................................................................

WIND (MPH)
AVERAGE WIND SPEED              8.7
RESULTANT WIND SPEED/DIRECTION   2/265
HIGHEST WIND SPEED/DIRECTION    31/140    DATE  08/03
HIGHEST GUST SPEED/DIRECTION    44/130    DATE  08/03

SKY COVER
POSSIBLE SUNSHINE (PERCENT)   MM
AVERAGE SKY COVER           0.60
NUMBER OF DAYS FAIR           16
NUMBER OF DAYS PC             64
NUMBER OF DAYS CLOUDY         12

AVERAGE RH (PERCENT)     69

WEATHER CONDITIONS. NUMBER OF DAYS WITH
THUNDERSTORM             28     MIXED PRECIP               0
HEAVY RAIN                9     RAIN                      11
LIGHT RAIN               43     FREEZING RAIN              0
LT FREEZING RAIN          0     HAIL                       0
HEAVY SNOW                0     SNOW                       0
LIGHT SNOW                0     SLEET                      0
FOG                      30     FOG W/VIS <= 1/4 MILE      1
HAZE                      7

-  INDICATES NEGATIVE NUMBERS.
R  INDICATES RECORD WAS SET OR TIED.
MM INDICATES DATA IS MISSING.
T  INDICATES TRACE AMOUNT.

$$
