000
CXUS53 KEAX 020749
CLSOJC

CLIMATE REPORT
NATIONAL WEATHER SERVICE KANSAS CITY/PLEASANT HILL MO
143 AM CST FRI DEC 2 2016

...................................

...THE JOHNSON COUNTY EXECUTIVE CLIMATE SUMMARY FOR THE SEASON, FROM
9/1/2016 TO 11/30/2016...

CLIMATE NORMAL PERIOD 1981 TO 2010
CLIMATE RECORD PERIOD 9999 TO 9999

WEATHER         OBSERVED          NORMAL  DEPART  LAST YEAR`S
                 VALUE   DATE(S)  VALUE   FROM    VALUE  DATE(S)
                                          NORMAL
................................................................
TEMPERATURE (F)
HIGHEST            89   09/20        92      -3       91  09/06
                        09/06
LOWEST             26   11/19        18       8       24  11/22
                                                          11/21
AVG. MAXIMUM     70.8              66.4     4.4     68.6
AVG. MINIMUM     51.3              46.7     4.6     49.2
MEAN             61.1              56.5     4.6     58.9
DAYS MAX >= 90      0               3.2    -3.2        1
DAYS MAX <= 32      0               0.8    -0.8        1
DAYS MIN <= 32      6              12.9    -6.9       11
DAYS MIN <= 0       0               0.0     0.0        0

PRECIPITATION (INCHES)
TOTALS           6.96             10.44   -3.48     9.96
DAILY AVG.       0.08              0.11   -0.03     0.11
DAYS >= .01        19              23.8    -4.8       17
DAYS >= .10        13              15.6    -2.6       14
DAYS >= .50         3               6.7    -3.7        6
DAYS >= 1.00        2               2.9    -0.9        3
GREATEST
 24 HR. TOTAL    1.77   MM

DEGREE_DAYS
HEATING TOTAL     582               954    -372      773
COOLING TOTAL     249               184      65      241
.................................................................

WIND (MPH)
AVERAGE WIND SPEED              8.2
HIGHEST WIND SPEED/DIRECTION    44/160    DATE  10/06
HIGHEST GUST SPEED/DIRECTION    57/160    DATE  10/06

SKY COVER
POSSIBLE SUNSHINE (PERCENT)   MM
AVERAGE SKY COVER           0.30
NUMBER OF DAYS FAIR           64
NUMBER OF DAYS PC             21
NUMBER OF DAYS CLOUDY          6

AVERAGE RH (PERCENT)     71

WEATHER CONDITIONS. NUMBER OF DAYS WITH
THUNDERSTORM             11     MIXED PRECIP               0
HEAVY RAIN                6     RAIN                      10
LIGHT RAIN               21     FREEZING RAIN              0
LT FREEZING RAIN          0     HAIL                       0
HEAVY SNOW                0     SNOW                       0
LIGHT SNOW                0     SLEET                      0
FOG                      33     FOG W/VIS <= 1/4 MILE      3
HAZE                      5

-  INDICATES NEGATIVE NUMBERS.
R  INDICATES RECORD WAS SET OR TIED.
MM INDICATES DATA IS MISSING.
T  INDICATES TRACE AMOUNT.

$$
