000
CXUS53 KEAX 032240
CLSOJC

CLIMATE REPORT
NATIONAL WEATHER SERVICE KANSAS CITY/PLEASANT HILL MO
527 PM CDT WED JUN 3 2015

...................................

...THE JOHNSON COUNTY EXECUTIVE CLIMATE SUMMARY FOR THE SEASON, FROM
3/1/2015 TO 5/31/2015...

CLIMATE NORMAL PERIOD 1981 TO 2010
CLIMATE RECORD PERIOD 9999 TO 9999

WEATHER         OBSERVED          NORMAL  DEPART  LAST YEAR`S
                 VALUE   DATE(S)  VALUE   FROM    VALUE  DATE(S)
                                          NORMAL
................................................................
TEMPERATURE (F)
HIGHEST            84   04/07        87      -3       89  05/28
LOWEST             11   03/05        16      -5       -3  03/03
AVG. MAXIMUM     66.7              65.0     1.7     64.6
AVG. MINIMUM     46.3              44.8     1.5     41.8
MEAN             56.5              54.9     1.6     53.2
DAYS MAX >= 90      0               0.4    -0.4        0
DAYS MAX <= 32      1               0.8     0.2        2
DAYS MIN <= 32      8              15.4    -7.4       24
DAYS MIN <= 0       0               0.1    -0.1        1

PRECIPITATION (INCHES)
TOTALS          14.63             12.05    2.58     7.09
DAILY AVG.       0.16              0.13    0.03     0.08
DAYS >= .01        39              30.5     8.5       29
DAYS >= .10        29              20.0     9.0       14
DAYS >= .50         8               8.0     0.0        4
DAYS >= 1.00        3               3.1    -0.1        2
GREATEST
 24 HR. TOTAL    2.27   MM

DEGREE_DAYS
HEATING TOTAL     842              1033    -191     1211
COOLING TOTAL      77               103     -26      153
.................................................................

WIND (MPH)
AVERAGE WIND SPEED              8.9
HIGHEST WIND SPEED/DIRECTION    31/310    DATE  05/16
HIGHEST GUST SPEED/DIRECTION    43/310    DATE  05/16

SKY COVER
POSSIBLE SUNSHINE (PERCENT)   MM
AVERAGE SKY COVER           0.40
NUMBER OF DAYS FAIR           46
NUMBER OF DAYS PC             29
NUMBER OF DAYS CLOUDY         17

AVERAGE RH (PERCENT)     67

WEATHER CONDITIONS. NUMBER OF DAYS WITH
THUNDERSTORM              0     MIXED PRECIP               0
HEAVY RAIN               12     RAIN                      24
LIGHT RAIN               42     FREEZING RAIN              0
LT FREEZING RAIN          0     HAIL                       0
HEAVY SNOW                0     SNOW                       1
LIGHT SNOW                2     SLEET                      0
FOG                      49     FOG W/VIS <= 1/4 MILE      4
HAZE                     14

-  INDICATES NEGATIVE NUMBERS.
R  INDICATES RECORD WAS SET OR TIED.
MM INDICATES DATA IS MISSING.
T  INDICATES TRACE AMOUNT.

$$
