000
CXUS53 KDDC 021818
CLSP28


CLIMATE REPORT
NATIONAL WEATHER SERVICE DODGE CITY KS
113 PM CDT TUE SEP 2 2014

...................................

...THE MEDICINE LODGE KS CLIMATE SUMMARY FOR THE SEASON, FROM
6/1/2014 TO 8/31/2014...

CLIMATE NORMAL PERIOD 1981 TO 2010
CLIMATE RECORD PERIOD 1893 TO 2014

WEATHER         OBSERVED          NORMAL  DEPART  LAST YEAR`S
                 VALUE   DATE(S)  VALUE   FROM    VALUE  DATE(S)
                                          NORMAL
................................................................
TEMPERATURE (F)
RECORD
 HIGH             118   08/12/1936
 LOW               39   06/13/1903
HIGHEST           104   07/26        MM      MM      109  06/27
LOWEST             53   06/13        MM      MM       48  06/02
AVG. MAXIMUM     89.7              92.1    -2.4     91.3
AVG. MINIMUM     66.2              67.4    -1.2     66.5
MEAN             77.9              79.7    -1.8     78.9
DAYS MAX >= 90     53              56.2    -3.2       54
DAYS MAX <= 32      0               0.0     0.0        0
DAYS MIN <= 32      0               0.0     0.0        0
DAYS MIN <= 0       0               0.0     0.0        0

PRECIPITATION (INCHES)
RECORD
 MAXIMUM        18.61   1948
 MINIMUM         2.60   1964
TOTALS          14.62             10.61    4.01    11.29
DAILY AVG.       0.16              0.12    0.04     0.12
DAYS >= .01        32              23.6     8.4       29
DAYS >= .10        22              15.1     6.9       22
DAYS >= .50        10               7.1     2.9        6
DAYS >= 1.00        5               2.9     2.1        2
GREATEST
 24 HR. TOTAL    2.18   07/30 TO 07/30           08/08 TO 08/08
 STORM TOTAL       MM                                 MM
 (MM/DD(HH))            MM                    08/08(00) TO 08/08(00)

SNOWFALL (INCHES)
RECORDS
 TOTAL             MM   MM
 24 HR TOTAL       MM
 SNOW DEPTH        MM   MM
TOTALS            0.0               0.0     0.0      0.0
 LIQUID EQUIV    0.00              0.00    0.00     0.00
SINCE 7/1         0.0               0.0     0.0      0.0
 LIQUID 7/1      0.00              0.00    0.00     0.00
SNOWDEPTH AVG.      0                MM      MM        0
DAYS >= TRACE       0               0.0     0.0        0
DAYS >= 1.0         0               0.0     0.0        0
GREATEST
 SNOW DEPTH         0   MM                             0  MM
 24 HR TOTAL      0.0   MM                       08/08 TO 08/08
 STORM TOTAL       MM                                 MM
 (MM/DD(HH))            MM                    08/08(00) TO 08/08(00)

DEGREE_DAYS
HEATING TOTAL       5                 4       1        4
 SINCE 7/1          5                 0       5        0
COOLING TOTAL    1215              1356    -141     1306
 SINCE 1/1       1484              1511     -27     1449

.........................................................

WIND (MPH)
AVERAGE WIND SPEED              8.8
RESULTANT WIND SPEED/DIRECTION   5/157
HIGHEST WIND SPEED/DIRECTION    51/350    DATE  06/11
HIGHEST GUST SPEED/DIRECTION    63/360    DATE  06/11

AVERAGE RH (PERCENT)     67


-  INDICATES NEGATIVE NUMBERS.
R  INDICATES RECORD WAS SET OR TIED.
MM INDICATES DATA IS MISSING.
T  INDICATES TRACE AMOUNT.

$$
