000
CXUS51 KGYX 040953
CLSPWM

PWMCLMPWM 000
TTAA00 KGYX 020910


CLIMATE REPORT
NATIONAL WEATHER SERVICE GRAY ME
553 AM EDT THU SEP 4 2014

...................................

...THE PORTLAND ME CLIMATE SUMMARY FOR THE SUMMER SEASON, FROM
6/1/2014 TO 8/31/2014...

CLIMATE NORMAL PERIOD 1981 TO 2010
CLIMATE RECORD PERIOD 1941 TO 2014 /FOR TEMPERATURES/
CLIMATE RECORD PERIOD 1871 TO 2014 /FOR PRECIPITATION/
CLIMATE RECORD PERIOD 1882 TO 2014 /FOR SNOWFALL/

WEATHER         OBSERVED          NORMAL  DEPART  LAST YEAR`S
                 VALUE   DATE(S)  VALUE   FROM    VALUE  DATE(S)
                                          NORMAL
................................................................
TEMPERATURE (F)
RECORD
 HIGH             103   08/02/1975
 LOW               33   08/31/1965
                        06/04/1944
HIGHEST            88   08/27        93      -5
LOWEST             45   06/01        42       3
AVG. MAXIMUM     76.3              76.6    -0.3
AVG. MINIMUM     57.5              57.1     0.4
MEAN             66.9              66.9     0.0
DAYS MAX >= 90      0               3.9    -3.9
DAYS MAX <= 32      0               0.0     0.0
DAYS MIN <= 32      0               0.0     0.0
DAYS MIN <= 0       0               0.0     0.0

PRECIPITATION (INCHES)
RECORD
 MAXIMUM        22.31   2009
 MINIMUM         4.10   1999
TOTALS          18.98             10.54    8.44
DAILY AVG.       0.21              0.11    0.10
DAYS >= .01        29              32.1    -3.1
DAYS >= .10        20              18.7     1.3
DAYS >= .50        11               6.4     4.6
DAYS >= 1.00        4               2.4     1.6
GREATEST
 24 HR. TOTAL    6.44   08/13 TO 08/14

SNOWFALL (INCHES)
RECORDS
 TOTAL            0.0
TOTALS            0.0               0.0     0.0
SINCE 7/1         0.0               0.0     0.0
SNOWDEPTH AVG.      0
DAYS >= TRACE       0               0.0     0.0
DAYS >= 1.0         0               0.0     0.0
GREATEST
 SNOW DEPTH         0
 24 HR TOTAL      0.0
BEEN
DEGREE_DAYS
HEATING TOTAL     101               151     -50
 SINCE 7/1         24                45     -21
COOLING TOTAL     298               321     -23
 SINCE 1/1        298               328     -30
.................................................................

WIND (MPH)
AVERAGE WIND SPEED              6.7
HIGHEST WIND SPEED/DIRECTION    30/280    DATE  07/02
HIGHEST GUST SPEED/DIRECTION    43/310    DATE  07/05

SKY COVER
AVERAGE SKY COVER           0.50

AVERAGE RH (PERCENT)     73

WEATHER CONDITIONS. NUMBER OF DAYS WITH
THUNDERSTORM              0     HEAVY RAIN                12
RAIN                     14     LIGHT RAIN                37
FREEZING RAIN             0     LT FREEZING RAIN           0
HEAVY SNOW                0     SNOW                       0
LIGHT SNOW                0     FOG                       41
FOG W/VIS <= 1/4 MILE     7     HAZE                       8

-  INDICATES NEGATIVE NUMBERS.
R  INDICATES RECORD WAS SET OR TIED.
MM INDICATES DATA IS MISSING.
T  INDICATES TRACE AMOUNT.

&&

SUMMER 2014 WAS A VERY WET ONE IN PORTLAND WITH A NOTICEABLE ABSENCE
OF ANY TRULY HOT SUMMER TEMPERATURES. IT WASN`T UNTIL THE LAST PART
OF JULY THAT PORTLAND FINALLY SAW TEMPERATURES RISE ABOVE 85
DEGREES. MUCH OF THE LAST HALF OF THE SUMMER WAS SPENT BELOW NORMAL
UNTIL WARMER WEATHER ARRIVED BY THE END OF AUGUST. THERE WERE
SEVERAL PERIODS OF SIGNIFICANT RAINFALL INCLUDING AROUND JULY 4 WHEN
HURRICANE ARTHUR PASSED BY OFFSHORE. ANOTHER SIGNIFICANT EVENT WAS
THE FLASH FLOODING THAT OCCURRED IN THE CITY ON THE EVENING OF
AUGUST 13 WHEN MORE THAN 6 INCHES OF RAIN FELL IN A FEW HOURS.

THE AVERAGE TEMPERATURE FOR SUMMER 2014 WAS 66.9 DEGREES. THIS IS
RIGHT AT THE NORMAL TEMPERATURE FOR THE SUMMER SEASON BUT THE
COOLEST SUMMER SINCE 2009. THE WARMEST SUMMER EVER WAS 1988 WHEN THE
AVERAGE TEMPERATURE WAS 68.7 DEGREES. THE COOLEST SUMMER WAS ONLY
63.7 DEGREES AND OCCURRED ON THREE YEARS: 1964, 1962, AND 1954.

THE WARMEST TEMPERATURE OF THE SUMMER AND THE YEAR SO FAR WAS 88
DEGREES ON AUGUST 27. IF PORTLAND DOES NOT REACH 90 DEGREES THIS
YEAR IT WILL BE THE FIRST TIME SINCE 2008 THAT THIS HAS HAPPENED.
NORMALLY PORTLAND SEES 4.6 DAYS PER YEAR AT 90 OR ABOVE INCLUDING
3.9 DAYS DURING THE SUMMER MONTHS. ONLY 6 TIMES HAS PORTLAND FAILED
TO REACH 90 DEGREES IN A YEAR. THIS IS ROUGHLY 8 PERCENT OF ALL
YEARS IN THE PREVIOUS 73 YEARS OF TEMPERATURE RECORDS AT PORTLAND.
BELOW IS A LIST OF THE COOLEST YEARLY MAXIMUM TEMPERATURES AT
PORTLAND.

COOLEST YEARLY MAXIMUM TEMPERATURES
RANK    TEMP    YEAR
1       86      1996
2       87      1972
3       88      2014 <===
        88      2008
        88      1986
        88      1974
        88      1962
7       90      2000
        90      1992

18.98 INCHES OF RAIN FELL IN SUMMER 2014. THIS WAS 8.44 INCHES ABOVE
NORMAL AND RANKS AS THE 4TH WETTEST SUMMER ON RECORD. THREE OF THE
FOUR WETTEST SUMMERS IN PORTLAND`S 144-YEAR HISTORY OF PRECIPITATION
RECORDS HAVE OCCURRED SINCE 2009. THE HEAVIEST RAIN EVENT OF THE
SUMMER OCCURRED ON THE EVENING OF AUGUST 13 WHEN 6.43 INCHES OF RAIN
FELL IN JUST A FEW HOURS AND CAUSED SIGNIFICANT FLASH FLOODING IN
THE CITY. MORE THAN ONE THIRD OF THE ENTIRE SUMMER RAINFALL WAS
MEASURED IN THAT ONE EVENING. THE WETTEST SUMMER EVER RECORDED IN
PORTLAND WAS 2009 WHEN 22.31 INCHES OF RAIN FELL. THE DRIEST SUMMER
WAS 1999 WHEN ONLY 4.10 INCHES WAS MEASURED.

SINCE 2014 RANKS AS THE 4TH WETTEST ON RECORD IN PORTLAND, THIS
MEANS THAT 3 OF THE TOP 4 WETTEST YEARS ON RECORD HAVE OCCURRED
SINCE 2009. IN FACT, 6 OF THE LAST 8 YEARS (SINCE 2006) HAVE RANKED
IN THE TOP 20 WETTEST SUMMERS ON RECORD AT PORTLAND. EVERY SUMMER
SINCE 2004 HAS SEEN MORE THAN 10 INCHES OF RAIN, A PERIOD OF 11
YEARS WITH NEARLY NONSTOP ABOVE NORMAL RAINFALL. BELOW IS A LIST OF
THE TOP TEN WETTEST SUMMERS IN PORTLAND`S 144-YEAR HISTORY OF
PRECIPITATION RECORDS.

TOP TEN WETTEST SUMMERS
RANK    INCHES  YEAR
1       22.31   2009
2       19.15   2012
3       19.04   1991
4       18.98   2014 <===
5       18.43   1915
6       17.56   1917
7       17.21   2006
8       15.96   1998
9       15.89   1872
10      15.72   1922

THE FOLLOWING DAILY RECORDS WERE SET OR TIED IN SUMMER 2014...
DATE    RECORD                               PREVIOUS
JUN 4   54 - COLDEST HIGH TEMPERATURE        54 IN 2012 AND 1975 /TIED/
JUN 4    4 - SMALLEST DAILY RANGE            4 IN 1987 AND 1975 /TIED/
JUN 8   60 - WARMEST LOW TEMPERATURE         60 IN 1952 AND 1941 /TIED/
JUL 4   1.41 - GREATEST PRECIPITATION        1.26 IN 1974
AUG 13  6.43 - GREATEST PRECIPITATION        2.38 IN 2004

$$

KIMBLE
