000
CXUS53 KUNR 022018
CLSRAP

FSDCLSRAP 000
TTAA00 KUNR 022017


CLIMATE REPORT
NATIONAL WEATHER SERVICE RAPID CITY SD
217 PM MDT FRI SEP 2 2016

...................................

...THE RAPID CITY AIRPORT SD CLIMATE SUMMARY FOR THE SEASON, FROM
6/1/2016 TO 8/31/2016...

CLIMATE NORMAL PERIOD 1981 TO 2010
CLIMATE RECORD PERIOD 1942 TO 2016

WEATHER         OBSERVED          NORMAL  DEPART  LAST YEAR`S
                 VALUE   DATE(S)  VALUE   FROM    VALUE  DATE(S)
                                          NORMAL
................................................................
TEMPERATURE (F)
RECORD
 HIGH             111   07/15/2006
 LOW               31   06/02/1951
                        06/01/1951
HIGHEST           103   06/11                        100  08/15
                                                          08/12
LOWEST             38   06/01                         38  08/23
AVG. MAXIMUM     86.3              83.9     2.4     82.3
AVG. MINIMUM     55.7              55.4     0.3     56.3
MEAN             71.0              69.6     1.4     69.3
DAYS MAX >= 90     30                                 18
DAYS MAX <= 32      0                                  0
DAYS MIN <= 32      0                                  0
DAYS MIN <= 0       0                                  0

PRECIPITATION (INCHES)
RECORD
 MAXIMUM        14.54   2015
 MINIMUM         2.23   1994
TOTALS           6.33              5.94    0.39    14.54
DAILY AVG.       0.07              0.06    0.01     0.16
DAYS >= .01        26                                 31
DAYS >= .10        11                                 19
DAYS >= .50         5                                 10
DAYS >= 1.00        1                                  5
GREATEST
 24 HR. TOTAL    1.18   06/13 TO 06/13              2.46

SNOWFALL (INCHES)
RECORDS
 TOTAL            3.6   1951
TOTALS            0.0               0.0     0.0      0.0
SINCE 7/1         0.0               0.0     0.0      0.0
SNOWDEPTH AVG.      0               0.0     0.0        0
DAYS >= 1.0         0               0.0     0.0        0
GREATEST
 SNOW DEPTH         0   MM                             0  MM
 24 HR TOTAL      0.0   MM                           0.0

DEGREE_DAYS
HEATING TOTAL      42               135     -93       72
COOLING TOTAL     616               557      59      490
.................................................................

WIND (MPH)
AVERAGE WIND SPEED              10.3
HIGHEST WIND SPEED/DIRECTION    51/210    DATE  08/09
HIGHEST GUST SPEED/DIRECTION    83/260    DATE  08/08

AVERAGE RH (PERCENT)     58

WEATHER CONDITIONS. NUMBER OF DAYS WITH
THUNDERSTORM             36     MIXED PRECIP               0
HEAVY RAIN                9     RAIN                      11
LIGHT RAIN               45     FREEZING RAIN              0
LT FREEZING RAIN          0     HAIL                       0
HEAVY SNOW                0     SNOW                       0
LIGHT SNOW                0     SLEET                      0
FOG                      19     FOG W/VIS <= 1/4 MILE      5
HAZE                      5

-  INDICATES NEGATIVE NUMBERS.
R  INDICATES RECORD WAS SET OR TIED.
MM INDICATES DATA IS MISSING.
T  INDICATES TRACE AMOUNT.

$$
