000
CXUS51 KBGM 010939
CLSSYR


CLIMATE REPORT
NATIONAL WEATHER SERVICE BINGHAMTON NY
527 AM EDT FRI SEP 1 2017

...................................

...THE SYRACUSE NY CLIMATE SUMMARY FOR THE SEASON, FROM
6/1/2017 TO 8/31/2017...

CLIMATE NORMAL PERIOD 1981 TO 2010
CLIMATE RECORD PERIOD 1902 TO 2017

WEATHER         OBSERVED          NORMAL  DEPART  LAST YEAR`S
                 VALUE   DATE(S)  VALUE   FROM    VALUE  DATE(S)
                                          NORMAL
................................................................
TEMPERATURE (F)
RECORD
 HIGH             101   07/17/2012
                        08/14/2002
                        07/21/2011
 LOW               35   06/01/1966
HIGHEST            90   06/18        79      11       94  07/13
                        06/12
LOWEST             45   06/07        58     -13       44  06/14
                        06/04
AVG. MAXIMUM     77.9              79.7    -1.8     81.8
AVG. MINIMUM     58.4              58.9    -0.5     60.8
MEAN             68.1              69.3    -1.2     71.3
DAYS MAX >= 90      2               6.1    -4.1       10
DAYS MAX <= 32      0               0.0     0.0        0
DAYS MIN <= 32      0               0.0     0.0        0
DAYS MIN <= 0       0               0.0     0.0        0

PRECIPITATION (INCHES)
RECORD
 MAXIMUM        19.51   1972
 MINIMUM         5.33   1965
TOTALS          10.68             10.66    0.02     8.65
DAILY AVG.       0.12              0.12    0.00     0.10
DAYS >= .01        36              34.2     1.8       24
DAYS >= .10        24              21.2     2.8       15
DAYS >= .50        10               7.0     3.0        7
DAYS >= 1.00        1               1.8    -0.8        3
GREATEST
 24 HR. TOTAL    1.28   07/01 TO 07/01

SNOWFALL (INCHES)
RECORDS
 TOTAL              T   2016
                        2008
                        2005
 24 HR TOTAL        T   06/07/2016 TO 06/07/2016
                        08/07/2008 TO 08/07/2008
                        08/07/2008 TO 06/16/2008
 SNOW DEPTH         T   06/07/2016
TOTALS            0.0               0.0     0.0        T
SINCE 7/1         0.0               0.0     0.0      0.0
SNOWDEPTH AVG.      0                MM      MM        0
DAYS >= TRACE       0               0.0     0.0        1
DAYS >= 1.0         0               0.0     0.0        0
GREATEST
 SNOW DEPTH         0   MM                             T  06/07
 24 HR TOTAL      0.0   MM

DEGREE_DAYS
HEATING TOTAL     107                87      20       54
 SINCE 7/1         36                26      10        1
COOLING TOTAL     418               483     -65      657
 SINCE 1/1        450               513     -63      713

FREEZE DATES
RECORD
 EARLIEST     09/23/1963
 LATEST       05/24/1963
EARLIEST                        10/14
LATEST                          04/29
........................................................

WIND (MPH)
AVERAGE WIND SPEED              6.9
RESULTANT WIND SPEED/DIRECTION   3/246
HIGHEST WIND SPEED/DIRECTION    40/280    DATE  08/22
HIGHEST GUST SPEED/DIRECTION    50/280    DATE  08/22

SKY COVER
POSSIBLE SUNSHINE (PERCENT)   MM
AVERAGE SKY COVER           0.70

AVERAGE RH (PERCENT)     74

WEATHER CONDITIONS. NUMBER OF DAYS WITH
THUNDERSTORM             20     MIXED PRECIP               0
HEAVY RAIN               15     RAIN                      15
LIGHT RAIN               51     FREEZING RAIN              0
LT FREEZING RAIN          0     HAIL                       0
HEAVY SNOW                0     SNOW                       0
LIGHT SNOW                0     SLEET                      0
FOG                      43     FOG W/VIS <= 1/4 MILE      2
HAZE                      5

-  INDICATES NEGATIVE NUMBERS.
R  INDICATES RECORD WAS SET OR TIED.
MM INDICATES DATA IS MISSING.
T  INDICATES TRACE AMOUNT.

$$

TAC
