000
CXUS51 KCLE 051109
CLSTOL


CLIMATE REPORT
NATIONAL WEATHER SERVICE CLEVELAND OH
707 AM EDT MON JUN 5 2017

...................................

...THE TOLEDO OH CLIMATE SUMMARY FOR THE SEASON, FROM
3/1/2017 TO 5/31/2017...

CLIMATE NORMAL PERIOD 1981 TO 2010
CLIMATE RECORD PERIOD 1873 TO 2017

WEATHER         OBSERVED          NORMAL  DEPART
                 VALUE   DATE(S)  VALUE   FROM
                                          NORMAL
................................................
TEMPERATURE (F)
RECORD
 HIGH              96   05/28/2012
 LOW              -10   03/12/1948
HIGHEST            88   05/18
LOWEST             13   03/15
                        03/14
AVG. MAXIMUM     59.3              59.3     0.0
AVG. MINIMUM     39.7              38.5     1.2
MEAN             49.5              48.9     0.6
DAYS MAX >= 90      0               0.8
DAYS MAX <= 32      6               3.5
DAYS MIN <= 32     23              27.2
DAYS MIN <= 0       0               0.0

PRECIPITATION (INCHES)
RECORD
 MAXIMUM        17.75   1913
 MINIMUM         4.11   1981
TOTALS          12.09              9.25    2.84
DAYS >= .01        42              35.8
DAYS >= .10        28              20.8
DAYS >= .50         5               5.5
DAYS >= 1.00        2               1.6

SNOWFALL (INCHES)
RECORDS
 TOTAL           20.9   1916
TOTALS            5.4               7.1
DAYS >= TRACE       9
DAYS >= 1.0         2               2.1

DEGREE_DAYS
HEATING TOTAL    1449              1534     -85
COOLING TOTAL      45                53      -8
.................................................

WIND (MPH)
HIGHEST GUST SPEED/DIRECTION    62/240    DATE  03/08

SKY COVER
POSSIBLE SUNSHINE (PERCENT)   MM
NUMBER OF DAYS FAIR           41
NUMBER OF DAYS PC             25
NUMBER OF DAYS CLOUDY         26


WEATHER CONDITIONS. NUMBER OF DAYS WITH
THUNDERSTORM              0     MIXED PRECIP               0
HEAVY RAIN               13     RAIN                      24
LIGHT RAIN               42     FREEZING RAIN              0
LT FREEZING RAIN          0     HAIL                       0
HEAVY SNOW                1     SNOW                       1
LIGHT SNOW                9     SLEET                      0
FOG                      47     FOG W/VIS <= 1/4 MILE      3
HAZE                      4

-  INDICATES NEGATIVE NUMBERS.
R  INDICATES RECORD WAS SET OR TIED.
MM INDICATES DATA IS MISSING.
T  INDICATES TRACE AMOUNT.

$$
