000
CXUS55 KLKN 011436
CLSTPH


CLIMATE REPORT
NATIONAL WEATHER SERVICE ELKO NV
628 AM PST THU DEC 1 2016

...................................

...THE TONOPAH AIRPORT NV CLIMATE SUMMARY FOR THE SEASON, FROM
9/1/2016 TO 11/30/2016...

CLIMATE NORMAL PERIOD 1981 TO 2010
CLIMATE RECORD PERIOD 1954 TO 2016

WEATHER         OBSERVED          NORMAL  DEPART  LAST YEAR`S
                 VALUE   DATE(S)  VALUE   FROM    VALUE  DATE(S)
                                          NORMAL
................................................................
TEMPERATURE (F)
RECORD
 HIGH              96   09/02/1959
 LOW                4   11/15/1985
HIGHEST            91   09/01        91       0       94  09/12
                                                          09/11
LOWEST             15   11/30        13       2       11  11/30
AVG. MAXIMUM     69.4              67.6     1.8     67.8
AVG. MINIMUM     39.0              37.3     1.7     40.9
MEAN             54.2              52.5     1.7     54.4
DAYS MAX >= 90      2               2.1    -0.1        3
DAYS MAX <= 32      0               0.4    -0.4        0
DAYS MIN <= 32     20              29.3    -9.3       26
DAYS MIN <= 0       0               0.0     0.0        0

PRECIPITATION (INCHES)
RECORD
 MAXIMUM         3.38   2015
 MINIMUM            T   1955
TOTALS           1.41              1.16    0.25     3.38
DAILY AVG.          T              0.01   -0.01     0.04
DAYS >= .01         7               7.4    -0.4       13
DAYS >= .10         1               3.5    -2.5        5
DAYS >= .50         1               0.3     0.7        2
DAYS >= 1.00        1               0.1     0.9        1
GREATEST
 24 HR. TOTAL    1.14   09/21 TO 09/21              1.70

DEGREE_DAYS
HEATING TOTAL    1017              1211    -194     1074
 SINCE 7/1       1017              1217    -200     1074
COOLING TOTAL      59                70     -11      129
 SINCE 1/1       1022               783     239     1034
.................................................................

WIND (MPH)
AVERAGE WIND SPEED              9.2
HIGHEST WIND SPEED/DIRECTION    45/320    DATE  11/16
HIGHEST GUST SPEED/DIRECTION    52/320    DATE  11/16

AVERAGE RH (PERCENT)     37

WEATHER CONDITIONS. NUMBER OF DAYS WITH
THUNDERSTORM              0     MIXED PRECIP               0
HEAVY RAIN                1     RAIN                       3
LIGHT RAIN                9     FREEZING RAIN              0
LT FREEZING RAIN          0     HAIL                       0
HEAVY SNOW                1     SNOW                       1
LIGHT SNOW                2     SLEET                      0
FOG                       3     FOG W/VIS <= 1/4 MILE      2
HAZE                      5

-  INDICATES NEGATIVE NUMBERS.
R  INDICATES RECORD WAS SET OR TIED.
MM INDICATES DATA IS MISSING.
T  INDICATES TRACE AMOUNT.

$$

DS
