000
CXUS55 KLKN 022118
CLSWMC


CLIMATE REPORT
NATIONAL WEATHER SERVICE ELKO NV
1229 PM PST WED DEC 2 2015

...................................

...THE WINNEMUCCA AIRPORT NV CLIMATE SUMMARY FOR THE SEASON, FROM
9/1/2015 TO 11/30/2015...

CLIMATE NORMAL PERIOD 1981 TO 2010
CLIMATE RECORD PERIOD 1877 TO 2015

WEATHER         OBSERVED          NORMAL  DEPART  LAST YEAR`S
                 VALUE   DATE(S)  VALUE   FROM    VALUE
                                          NORMAL
.............................................................
TEMPERATURE (F)
RECORD
 HIGH             103   09/02/1950
 LOW              -10   11/25/2010
HIGHEST            95   09/12        95       0       94
                        09/11
LOWEST              0   11/30         6      -6        6
AVG. MAXIMUM     67.6              66.4     1.2     69.0
AVG. MINIMUM     33.1              30.5     2.6     33.5
MEAN             50.3              48.4     1.9     51.3
DAYS MAX >= 90      7               5.6     1.4        7
DAYS MAX <= 32      1               0.7     0.3        0
DAYS MIN <= 32     39              49.8   -10.8       43
DAYS MIN <= 0       1               0.5     0.5        0

PRECIPITATION (INCHES)
RECORD
 MAXIMUM         4.79   1998
 MINIMUM         0.07   1929
TOTALS           2.57              1.99    0.58     2.81
DAILY AVG.       0.03              0.02    0.01     0.03
DAYS >= .01        15              15.7    -0.7       14
DAYS >= .10         7               6.3     0.7        6
DAYS >= .50         1               0.5     0.5        2
DAYS >= 1.00        0               0.0     0.0        0

SNOWFALL (INCHES)
RECORDS
 TOTAL           19.6   1985
TOTALS            0.3               3.5    -3.2      2.3
DAYS >= 1.0         0               1.3    -1.3        1
GREATEST
 SNOW DEPTH         T   11/25                          0

DEGREE_DAYS
HEATING TOTAL    1339              1538    -199     1275
COOLING TOTAL      30                31      -1       49
..............................................................

WIND (MPH)
AVERAGE WIND SPEED              6.4
HIGHEST WIND SPEED/DIRECTION    31/210    DATE  11/24
HIGHEST GUST SPEED/DIRECTION    41/220    DATE  11/24

AVERAGE RH (PERCENT)     52

WEATHER CONDITIONS. NUMBER OF DAYS WITH
THUNDERSTORM              0     MIXED PRECIP               0
HEAVY RAIN                0     RAIN                       3
LIGHT RAIN               17     FREEZING RAIN              0
LT FREEZING RAIN          0     HAIL                       0
HEAVY SNOW                0     SNOW                       0
LIGHT SNOW                5     SLEET                      0
FOG                      15     FOG W/VIS <= 1/4 MILE      1
HAZE                      5

-  INDICATES NEGATIVE NUMBERS.
R  INDICATES RECORD WAS SET OR TIED.
MM INDICATES DATA IS MISSING.
T  INDICATES TRACE AMOUNT.

&&

=====================================================================

...TIED 29TH WARMEST METEOROLOGICAL FALL ON RECORD IN WINNEMUCCA...
...31ST WETTEST METEOROLOGICAL FALL ON RECORD IN WINNEMUCCA...
...TIED 35TH LEAST SNOWY METEOROLOGICAL FALL ON RECORD IN WINNEMUCCA.

THE AVERAGE TEMPERATURE IN WINNEMUCCA DURING METEOROLOGICAL FALL
(SEPTEMBER-NOVEMBER) 2015 WAS 50.3 DEGREES...WHICH IS 1.9 DEGREES
ABOVE THE 1981-2010 CLIMATOLOGICAL NORMAL OF 48.4 DEGREES. THIS MAKES
METEOROLOGICAL FALL 2015 TIED FOR THE 29TH WARMEST ON RECORD. THE
TOTAL PRECIPITATION WAS 2.57 INCHES...WHICH IS 0.58 INCHES ABOVE OR
129 PERCENT OF THE 1981-2010 CLIMATOLOGICAL NORMAL OF 1.99 INCHES.
THIS MAKES METEOROLOGICAL FALL 2015 THE 31ST WETTEST ON RECORD.
THE TOTAL SNOWFALL WAS 0.3 INCHES...WHICH IS 3.2 INCHES BELOW OR 9
PERCENT OF THE 1981-2010 CLIMATOLOGICAL NORMAL OF 3.5 INCHES. THIS
MAKES METEOROLOGICAL FALL 2015 TIED FOR THE 35TH LEAST SNOWY ON
RECORD.

OCTOBER 2015 WAS THE 3RD WARMEST ON RECORD.

$$

NWS ELKO CLIMATE TEAM
