000
CXUS54 KFWD 010830
CF60F2
PRELIMINARY LOCAL CLIMATOLOGICAL DATA (WS FORM: F-6)
STATION: BOWIE
MONTH: DECEMBER
YEAR: 2021
LATITUDE: 33 36 N
LONGITUDE: 97 47 W
TEMPERATURE IN F: :PCPN: SNOW: WIND :SUNSHINE: SKY :PK WND
================================================================================
1 2 3 4 5 6A 6B 7 8 9 10 11 12 13 14 15 16 17 18
12Z AVG MX 2MIN
DY MAX MIN AVG DEP HDD CDD WTR SNW DPTH SPD SPD DIR MIN PSBL S-S WX SPD DR
================================================================================
1 73 43 58 12 7 0 0.00 M M 3.6 8 300 M M 0 M M
2 79 41 60 14 5 0 0.00 M M 4.0 10 180 M M 0 M M
3 77 54 66 21 0 1 0.00 M M 5.7 13 160 M M 0 1 18 140
4 73 45 59 14 6 0 0.00 M M 3.9 10 300 M M 4 12 16 300
5 75 43 59 14 6 0 0.00 M M 7.7 17 190 M M 2 29 190
6 66 32 49 5 16 0 0.00 M M 12.0 20 360 M M 1 35 10
7 55 27 41 -3 24 0 0.00 M M 3.6 12 180 M M 0 18 170
8 52 34 43 -1 22 0 0.00 M M 4.9 8 140 M M 3 12 M M
9 80 50 65 21 0 0 0.00 M M 6.6 15 280 M M 0 23 280
10 83 49 66 23 0 1 0.00 M M 13.7 31 340 M M 2 18 43 340
11 52 28 40 -3 25 0 0.00 M M 8.7 29 330 M M 0 40 330
12 60 24 42 -1 23 0 0.00 M M 8.0 16 190 M M 0 21 160
13 69 36 53 10 12 0 0.00 M M 7.6 16 180 M M 0 23 180
14 75 51 63 21 2 0 0.00 M M 11.7 20 180 M M 3 1 29 200
15 79 63 71 29 0 6 0.00 M M 15.8 26 180 M M 5 45 180
16 69 51 60 18 5 0 0.00 M M 5.6 12 10 M M 4 21 360
17 77 55 66 24 0 1 0.00 M M 8.1 16 190 M M 8 23 180
18 60 32 46 4 19 0 0.00 M M 14.3 21 350 M M 3 31 360
19 48 23 36 -6 29 0 0.00 M M 2.1 7 360 M M 1 M M
20 55 33 44 2 21 0 0.00 M M 4.4 9 100 M M 5 M M
21 64 29 47 6 18 0 0.00 M M 3.2 12 180 M M 1 12 17 180
22 64 38 51 10 14 0 0.00 M M 4.3 9 160 M M 0 1 M M
23 77 43 60 19 5 0 0.00 M M 8.9 17 170 M M 3 12 24 170
24 83 55 69 28 0 4 0.00 M M 12.4 17 180 M M 0 25 180
25 78 48 63 22 2 0 0.00 M M 3.9 9 240 M M 0 M M
26 80 47 64 23 1 0 0.00 M M 7.9 14 170 M M 1 12 23 170
27 73 55 64 23 1 0 0.00 M M 4.3 9 10 M M 0 1 16 300
28 75 44 60 19 5 0 0.00 M M 8.3 18 200 M M 2 24 200
29 75 44 60 19 5 0 0.02 M M 3.4 16 260 M M 2 26 260
30 71 37 54 13 11 0 0.00 M M 4.2 10 230 M M 1 16 270
31 61 47 54 13 11 0 0.01 M M 1.9 8 170 M M 4 1 M M
================================================================================
SM 2158 1301 295 13 0.03 M 214.7 M 55
================================================================================
AV 69.6 42.0 6.9 FASTST M M 2 MAX(MPH)
MISC ----> 31 340 45 180
================================================================================
NOTES:
# LAST OF SEVERAL OCCURRENCES
COLUMN 17 PEAK WIND IN M.P.H.
PRELIMINARY LOCAL CLIMATOLOGICAL DATA (WS FORM: F-6) , PAGE 2
STATION: BOWIE
MONTH: DECEMBER
YEAR: 2021
LATITUDE: 33 36 N
LONGITUDE: 97 47 W
[TEMPERATURE DATA] [PRECIPITATION DATA] SYMBOLS USED IN COLUMN 16
AVERAGE MONTHLY: 55.8 TOTAL FOR MONTH: 0.03 1 = FOG OR MIST
DPTR FM NORMAL: 13.2 DPTR FM NORMAL: -2.04 2 = FOG REDUCING VISIBILITY
HIGHEST: 83 ON 24,10 GRTST 24HR 0.02 ON 29-29 TO 1/4 MILE OR LESS
LOWEST: 23 ON 19 3 = THUNDER
SNOW, ICE PELLETS, HAIL 4 = ICE PELLETS
TOTAL MONTH: M 5 = HAIL
GRTST 24HR M ON M 6 = FREEZING RAIN OR DRIZZLE
GRTST DEPTH: M ON M 7 = DUSTSTORM OR SANDSTORM:
VSBY 1/2 MILE OR LESS
8 = SMOKE OR HAZE
[NO. OF DAYS WITH] [WEATHER - DAYS WITH] 9 = BLOWING SNOW
X = TORNADO
MAX 32 OR BELOW: 0 0.01 INCH OR MORE: 2
MAX 90 OR ABOVE: 0 0.10 INCH OR MORE: 0
MIN 32 OR BELOW: 7 0.50 INCH OR MORE: 0
MIN 0 OR BELOW: 0 1.00 INCH OR MORE: 0
[HDD (BASE 65) ]
TOTAL THIS MO. 295 CLEAR (SCALE 0-3) 23
DPTR FM NORMAL -400 PTCLDY (SCALE 4-7) 8
TOTAL FM JUL 1 639 CLOUDY (SCALE 8-10) 0
DPTR FM NORMAL -579
[CDD (BASE 65) ]
TOTAL THIS MO. 13
DPTR FM NORMAL 13 [PRESSURE DATA]
TOTAL FM JAN 1 2136 HIGHEST SLP M ON M
DPTR FM NORMAL 64 LOWEST SLP M ON M
[REMARKS]
#FINAL-12-21#