000
CXUS55 KBOU 011505
CF620V
PRELIMINARY LOCAL CLIMATOLOGICAL DATA (WS FORM: F-6)
STATION: KREMMLING
MONTH: DECEMBER
YEAR: 2022
LATITUDE: 40 3 N
LONGITUDE: 106 22 W
TEMPERATURE IN F: :PCPN: SNOW: WIND :SUNSHINE: SKY :PK WND
================================================================================
1 2 3 4 5 6A 6B 7 8 9 10 11 12 13 14 15 16 17 18
12Z AVG MX 2MIN
DY MAX MIN AVG DEP HDD CDD WTR SNW DPTH SPD SPD DIR MIN PSBL S-S WX SPD DR
================================================================================
1 48 12 30 M 35 0 0.00 M M 13.0 28 230 M M 1 37 230
2 41 1 21 M 44 0 0.00 M M 12.9 29 240 M M 7 46 230
3 19 -4 8 M 57 0 0.00 M M 0.1 3 260 M M 6 M M
4 45 18 32 M 33 0 0.11 M M 1.9 8 250 M M 8 22 250
5 37 27 32 M 33 0 0.00 M M 7.1 16 240 M M 9 28 350
6 30 1 16 M 49 0 M M M 0.7 5 120 M M 7 1 M M
7 21 1 11 M 54 0 M M M 0.5 5 100 M M 8 12 M M
8 32 -2 15 M 50 0 0.00 M M 2.3 13 270 M M 6 21 0
9 18 -9 5 M 60 0 0.00 M M 0.2 5 170 M M 4 1 M M
10 21 -6 8 M 57 0 0.00 M M 0.3 5 310 M M 1 M M
11 21 -6 8 M 57 0 0.01 M M 0.3 5 120 M M 0 M M
12 30 3 17 M 48 0 0.00 M M 2.1 12 340 M M 5 21 340
13 21 7 14 M 51 0 0.00 M M 5.7 14 340 M M 10 17 340
14 30 0 15 M 50 0 0.02 M M 5.3 13 220 M M 8 18 260
15 19 -6 7 M 58 0 0.00 M M 1.5 13 330 M M 8 21 330
16 12 -17 -2 M 67 0 0.00 M M 1.1 6 90 M M 4 1 M M
17 9 -18 -4 M 69 0 0.00 M M 0.3 5 120 M M 3 M M
18 1 -26 -12 M 77 0 0.00 M M 0.0 M M M M 0 M M
19 3 -26 -11 M 76 0 0.00 M M 0.0 M M M M 0 M M
20 10 -18 -4 M 69 0 0.00 M M 0.1 3 110 M M 5 8 M M
21 34 3 19 M 46 0 0.01 M M 11.9 30 240 M M 7 8 44 240
22 21 -9 6 M 59 0 0.00 M M 9.4 22 300 M M 4 8 32 310
23 12 -11 1 M 64 0 0.00 M M 0.6 5 240 M M 7 M M
24 30 12 21 M 44 0 0.00 M M 1.3 9 100 M M 10 17 100
25 41 25 33 M 32 0 0.01 M M 7.6 20 290 M M 9 26 290
26 37 16 27 M 38 0 0.00 M M 4.6 10 250 M M 6 M M
27 45 7 26 M 39 0 0.04 M M 3.1 13 170 M M 6 1 25 180
28 41 23 32 M 33 0 0.02 M M 5.0 10 230 M M 10 21 130
29 27 5 16 M 49 0 0.04 M M 2.9 9 90 M M 7 M M
30 25 -6 10 M 55 0 0.00 M M 1.6 8 100 M M 6 M M
31 39 27 33 M 32 0 0.08 M M 7.2 17 250 M M 10 23 260
================================================================================
SM 820 24 1585 0 M M 110.9 M 182
================================================================================
AV 26.5 0.8 3.6 FASTST M M 6 MAX(MPH)
MISC ----> 30 240 46 230
================================================================================
NOTES:
# LAST OF SEVERAL OCCURRENCES
COLUMN 17 PEAK WIND IN M.P.H.
PRELIMINARY LOCAL CLIMATOLOGICAL DATA (WS FORM: F-6) , PAGE 2
STATION: KREMMLING
MONTH: DECEMBER
YEAR: 2022
LATITUDE: 40 3 N
LONGITUDE: 106 22 W
[TEMPERATURE DATA] [PRECIPITATION DATA] SYMBOLS USED IN COLUMN 16
AVERAGE MONTHLY: 13.6 TOTAL FOR MONTH: M 1 = FOG OR MIST
DPTR FM NORMAL: M DPTR FM NORMAL: M 2 = FOG REDUCING VISIBILITY
HIGHEST: 48 ON 1 GRTST 24HR M TO 1/4 MILE OR LESS
LOWEST: -26 ON 19,18 3 = THUNDER
SNOW, ICE PELLETS, HAIL 4 = ICE PELLETS
TOTAL MONTH: M 5 = HAIL
GRTST 24HR M ON M 6 = FREEZING RAIN OR DRIZZLE
GRTST DEPTH: M ON M 7 = DUSTSTORM OR SANDSTORM:
VSBY 1/2 MILE OR LESS
8 = SMOKE OR HAZE
[NO. OF DAYS WITH] [WEATHER - DAYS WITH] 9 = BLOWING SNOW
X = TORNADO
MAX 32 OR BELOW: 21 0.01 INCH OR MORE: 11
MAX 90 OR ABOVE: 0 0.10 INCH OR MORE: 1
MIN 32 OR BELOW: 31 0.50 INCH OR MORE: 0
MIN 0 OR BELOW: 15 1.00 INCH OR MORE: 0
[HDD (BASE 65) ]
TOTAL THIS MO. 1585 CLEAR (SCALE 0-3) 6
DPTR FM NORMAL M PTCLDY (SCALE 4-7) 18
TOTAL FM JUL 1 3739 CLOUDY (SCALE 8-10) 7
DPTR FM NORMAL M
[CDD (BASE 65) ]
TOTAL THIS MO. 0
DPTR FM NORMAL M [PRESSURE DATA]
TOTAL FM JAN 1 67 HIGHEST SLP M ON M
DPTR FM NORMAL M LOWEST SLP M ON M
[REMARKS]
#FINAL-12-22#