000
CXUS55 KBOU 010900
CF620V
PRELIMINARY LOCAL CLIMATOLOGICAL DATA (WS FORM: F-6)
STATION: KREMMLING
MONTH: JULY
YEAR: 2021
LATITUDE: 40 3 N
LONGITUDE: 106 22 W
TEMPERATURE IN F: :PCPN: SNOW: WIND :SUNSHINE: SKY :PK WND
================================================================================
1 2 3 4 5 6A 6B 7 8 9 10 11 12 13 14 15 16 17 18
12Z AVG MX 2MIN
DY MAX MIN AVG DEP HDD CDD WTR SNW DPTH SPD SPD DIR MIN PSBL S-S WX SPD DR
================================================================================
1 73 50 62 M 3 0 0.11 M M 2.3 10 300 M M 5 20 300
2 79 43 61 M 4 0 0.06 M M 1.6 10 320 M M 1 13 20 220
3 81 45 63 M 2 0 0.08 M M 3.3 14 170 M M 3 20 170
4 88 45 67 M 0 2 0.00 M M 3.3 20 100 M M 1 25 100
5 88 48 68 M 0 3 0.01 M M 2.9 17 110 M M 3 28 120
6 82 50 66 M 0 1 0.00 M M 4.1 12 40 M M 2 20 340
7 88 46 67 M 0 2 0.00 M M 2.1 8 220 M M 0 M M
8 93 48 71 M 0 6 0.00 M M 2.7 14 200 M M 1 29 0
9 93 48 71 M 0 6 0.00 M M 4.5 15 330 M M 1 22 330
10 82 41 62 M 3 0 0.00 M M 4.2 14 360 M M 0 17 20
11 86 39 63 M 2 0 0.00 M M 2.1 8 340 M M 1 17 340
12 88 41 65 M 0 0 0.00 M M 2.4 15 90 M M 2 21 90
13 81 50 66 M 0 1 0.03 M M 3.7 12 360 M M 2 3 35 240
14 73 48 61 M 4 0 0.22 M M 4.3 17 210 M M 2 3 23 230
15 81 41 61 M 4 0 0.02 M M 3.2 25 360 M M 1 31 360
16 79 41 60 M 5 0 0.00 M M 2.3 13 30 M M 2 39 280
17 82 46 64 M 1 0 0.00 M M 2.5 15 130 M M 1 27 130
18 91 43 67 M 0 2 0.00 M M 3.8 15 50 M M 0 23 90
19 90 45 68 M 0 3 0.00 M M 3.7 20 100 M M 0 20 100
20 88 48 68 M 0 3 0.00 M M 4.2 15 190 M M 1 23 250
21 81 59 70 M 0 5 0.04 M M 3.7 8 220 M M 4 3 21 330
22 86 48 67 M 0 2 0.00 M M 3.2 18 130 M M 1 3 30 130
23 82 52 67 M 0 2 0.00 M M 4.1 15 200 M M 4 24 320
24 82 52 67 M 0 2 0.00 M M 4.7 16 100 M M 2 24 90
25 88 50 69 M 0 4 0.00 M M 3.7 23 120 M M 1 26 120
26 88 45 67 M 0 2 0.00 M M 3.7 12 110 M M 1 17 150
27 90 43 67 M 0 2 0.00 M M 2.4 10 120 M M 0 M M
28 91 48 70 M 0 5 0.01 M M 4.2 16 90 M M 2 20 20
29 90 54 72 M 0 7 0.29 M M 7.0 17 90 M M 3 3 24 90
30 84 54 69 M 0 4 0.02 M M 3.3 17 140 M M 4 28 140
31 79 55 67 M 0 2 0.02 M M 4.0 10 90 M M 7 3 21 50
================================================================================
SM 2627 1466 28 66 0.91 M 107.3 M 58
================================================================================
AV 84.7 47.3 3.5 FASTST M M 2 MAX(MPH)
MISC ----> 25 360 39 280
================================================================================
NOTES:
# LAST OF SEVERAL OCCURRENCES
COLUMN 17 PEAK WIND IN M.P.H.
PRELIMINARY LOCAL CLIMATOLOGICAL DATA (WS FORM: F-6) , PAGE 2
STATION: KREMMLING
MONTH: JULY
YEAR: 2021
LATITUDE: 40 3 N
LONGITUDE: 106 22 W
[TEMPERATURE DATA] [PRECIPITATION DATA] SYMBOLS USED IN COLUMN 16
AVERAGE MONTHLY: 66.0 TOTAL FOR MONTH: 0.91 1 = FOG OR MIST
DPTR FM NORMAL: 0.0 DPTR FM NORMAL: M 2 = FOG REDUCING VISIBILITY
HIGHEST: 93 ON 9, 8 GRTST 24HR 0.29 ON 29-29 TO 1/4 MILE OR LESS
LOWEST: 39 ON 11 3 = THUNDER
SNOW, ICE PELLETS, HAIL 4 = ICE PELLETS
TOTAL MONTH: M 5 = HAIL
GRTST 24HR M ON M 6 = FREEZING RAIN OR DRIZZLE
GRTST DEPTH: M ON M 7 = DUSTSTORM OR SANDSTORM:
VSBY 1/2 MILE OR LESS
8 = SMOKE OR HAZE
[NO. OF DAYS WITH] [WEATHER - DAYS WITH] 9 = BLOWING SNOW
X = TORNADO
MAX 32 OR BELOW: 0 0.01 INCH OR MORE: 12
MAX 90 OR ABOVE: 7 0.10 INCH OR MORE: 3
MIN 32 OR BELOW: 0 0.50 INCH OR MORE: 0
MIN 0 OR BELOW: 0 1.00 INCH OR MORE: 0
[HDD (BASE 65) ]
TOTAL THIS MO. 28 CLEAR (SCALE 0-3) 24
DPTR FM NORMAL M PTCLDY (SCALE 4-7) 7
TOTAL FM JUL 1 28 CLOUDY (SCALE 8-10) 0
DPTR FM NORMAL M
[CDD (BASE 65) ]
TOTAL THIS MO. 66
DPTR FM NORMAL M [PRESSURE DATA]
TOTAL FM JAN 1 73 HIGHEST SLP M ON M
DPTR FM NORMAL M LOWEST SLP M ON M
[REMARKS]
#FINAL-07-21#