000
CXUS55 KBOU 011000
CF620V
PRELIMINARY LOCAL CLIMATOLOGICAL DATA (WS FORM: F-6)
STATION: KREMMLING
MONTH: JANUARY
YEAR: 2024
LATITUDE: 40 3 N
LONGITUDE: 106 22 W
TEMPERATURE IN F: :PCPN: SNOW: WIND :SUNSHINE: SKY :PK WND
================================================================================
1 2 3 4 5 6A 6B 7 8 9 10 11 12 13 14 15 16 17 18
12Z AVG MX 2MIN
DY MAX MIN AVG DEP HDD CDD WTR SNW DPTH SPD SPD DIR MIN PSBL S-S WX SPD DR
================================================================================
1 19 -6 7 M 58 0 M M M 0.0 M M M M 5 M M
2 21 -6 8 M 57 0 M M M 0.0 M M M M 3 M M
3 18 -9 5 M 60 0 M M M 0.0 M M M M 4 12 M M
4 25 1 13 M 52 0 M M M 0.1 4 280 M M 8 M M
5 28 3 16 M 49 0 M M M 0.7 8 330 M M 9 1 M M
6 27 -2 13 M 52 0 M M M 1.0 8 110 M M 7 M M
7 19 -4 8 M 57 0 M M M 0.2 5 260 M M 7 M M
8 21 0 11 M 54 0 M M M 3.5 10 330 M M 7 20 330
9 23 -8 8 M 57 0 M M M 3.9 21 230 M M 8 29 230
10 25 18 22 M 43 0 M M M 8.9 23 260 M M 8 33 260
11 19 -4 8 M 57 0 M M M 4.3 12 320 M M 9 18 360
12 21 3 12 M 53 0 M M M 14.7 25 250 M M 10 8 40 250
13 27 14 21 M 44 0 M M M 14.6 25 250 M M 7 40 270
14 30 21 26 M 39 0 M M M 4.6 12 260 M M 10 17 270
15 27 -24 2 M 63 0 M M M 9.0 25 320 M M 7 8 36 320
16 3 -26 -11 M 76 0 M M M 0.1 3 200 M M 3 8 M M
17 30 -18 6 M 59 0 M M M 2.8 9 250 M M 8 20 280
18 36 18 27 M 38 0 M M M 7.8 17 260 M M 9 24 260
19 30 5 18 M 47 0 M M M 1.0 5 280 M M 8 M M
20 27 7 17 M 48 0 M M M 0.1 3 360 M M 6 12 M M
21 34 10 22 M 43 0 M M M 0.3 4 340 M M 10 M M
22 34 9 22 M 43 0 M M M 0.6 5 260 M M 7 1 M M
23 27 3 15 M 50 0 M M M 0.0 M M M M 9 12 M M
24 27 9 18 M 47 0 M M M 0.1 4 200 M M 9 1 M M
25 30 21 26 M 39 0 M M M 0.4 3 90 M M 10 1 M M
26 23 12 18 M 47 0 M M M 0.3 5 90 M M 10 12 M M
27 25 0 13 M 52 0 M M M 0.1 3 10 M M 4 1 M M
28 30 -4 13 M 52 0 M M M 0.1 3 340 M M 5 M M
29 30 1 16 M 49 0 M M M 0.2 5 10 M M 4 M M
30 21 0 11 M 54 0 M M M 0.1 3 90 M M 6 12 M M
31 18 0 9 M 56 0 M M M 0.1 3 350 M M 6 12 M M
================================================================================
SM 775 44 1595 0 M M 79.9 M 223
================================================================================
AV 25.0 1.4 2.6 FASTST M M 7 MAX(MPH)
MISC ----> # 25 250 # 40 270
================================================================================
NOTES:
# LAST OF SEVERAL OCCURRENCES
COLUMN 17 PEAK WIND IN M.P.H.
PRELIMINARY LOCAL CLIMATOLOGICAL DATA (WS FORM: F-6) , PAGE 2
STATION: KREMMLING
MONTH: JANUARY
YEAR: 2024
LATITUDE: 40 3 N
LONGITUDE: 106 22 W
[TEMPERATURE DATA] [PRECIPITATION DATA] SYMBOLS USED IN COLUMN 16
AVERAGE MONTHLY: 13.2 TOTAL FOR MONTH: M 1 = FOG OR MIST
DPTR FM NORMAL: 0.0 DPTR FM NORMAL: M 2 = FOG REDUCING VISIBILITY
HIGHEST: 36 ON 18 GRTST 24HR 0.03 ON 8- 8 TO 1/4 MILE OR LESS
LOWEST: -26 ON 16 3 = THUNDER
SNOW, ICE PELLETS, HAIL 4 = ICE PELLETS
TOTAL MONTH: M 5 = HAIL
GRTST 24HR M ON M 6 = FREEZING RAIN OR DRIZZLE
GRTST DEPTH: M ON M 7 = DUSTSTORM OR SANDSTORM:
VSBY 1/2 MILE OR LESS
8 = SMOKE OR HAZE
[NO. OF DAYS WITH] [WEATHER - DAYS WITH] 9 = BLOWING SNOW
X = TORNADO
MAX 32 OR BELOW: 28 0.01 INCH OR MORE: 0
MAX 90 OR ABOVE: 0 0.10 INCH OR MORE: 0
MIN 32 OR BELOW: 31 0.50 INCH OR MORE: 0
MIN 0 OR BELOW: 15 1.00 INCH OR MORE: 0
[HDD (BASE 65) ]
TOTAL THIS MO. 1595 CLEAR (SCALE 0-3) 2
DPTR FM NORMAL M PTCLDY (SCALE 4-7) 17
TOTAL FM JUL 1 5259 CLOUDY (SCALE 8-10) 12
DPTR FM NORMAL M
[CDD (BASE 65) ]
TOTAL THIS MO. 0
DPTR FM NORMAL M [PRESSURE DATA]
TOTAL FM JAN 1 0 HIGHEST SLP M ON M
DPTR FM NORMAL M LOWEST SLP M ON M
[REMARKS]
#FINAL-01-24#