000
CXUS54 KMAF 011901
CF66R6
PRELIMINARY LOCAL CLIMATOLOGICAL DATA (WS FORM: F-6)
STATION: TERRELL COUNTY AIRPORT
MONTH: DECEMBER
YEAR: 2022
LATITUDE: 30 2 N
LONGITUDE: 102 13 W
TEMPERATURE IN F: :PCPN: SNOW: WIND :SUNSHINE: SKY :PK WND
================================================================================
1 2 3 4 5 6A 6B 7 8 9 10 11 12 13 14 15 16 17 18
12Z AVG MX 2MIN
DY MAX MIN AVG DEP HDD CDD WTR SNW DPTH SPD SPD DIR MIN PSBL S-S WX SPD DR
================================================================================
1 58 36 47 -6 18 0 0.00 M M 6.1 12 120 M M 0 17 90
2 73 39 56 3 9 0 0.00 M M 5.8 14 230 M M 0 17 220
3 62 47 55 3 10 0 0.00 M M 8.3 20 20 M M 0 27 20
4 64 48 56 4 9 0 0.00 M M 6.0 14 360 M M 0 21 360
5 75 52 64 12 1 0 0.00 M M 4.5 13 170 M M 0 17 190
6 65 56 61 9 4 0 0.06 M M 2.5 7 110 M M 0 9 90
7 69 58 64 13 1 0 0.01 M M 3.8 13 100 M M 0 19 120
8 72 61 67 16 0 2 0.00 M M 4.3 12 350 M M 0 16 350
9 68 61 65 14 0 0 0.00 M M 7.4 15 100 M M 0 22 100
10 71 58 65 14 0 0 0.00 M M 6.5 16 340 M M 0 21 330
11 65 58 62 12 3 0 0.00 M M 5.6 12 10 M M 0 16 20
12 75 56 66 16 0 1 0.00 M M 7.4 20 110 M M 0 25 110
13 67 40 54 4 11 0 0.00 M M 11.9 23 350 M M 0 34 350
14 63 35 49 -1 16 0 0.00 M M 10.4 22 250 M M 0 31 260
15 66 29 48 -2 17 0 0.00 M M 7.7 20 230 M M 0 26 240
16 55 35 45 -5 20 0 0.00 M M 9.8 30 340 M M 0 41 340
17 55 32 44 -6 21 0 0.00 M M 5.0 13 120 M M 0 17 130
18 56 32 44 -5 21 0 0.00 M M 10.3 21 110 M M 0 28 100
19 69 37 53 4 12 0 0.00 M M 6.6 16 220 M M 0 21 200
20 61 34 48 -1 17 0 0.00 M M 7.0 15 10 M M 0 21 350
21 53 37 45 -4 20 0 0.00 M M 5.4 13 120 M M 0 16 130
22 66 19 43 -6 22 0 0.00 M M 13.4 32 20 M M 0 44 20
23 32 13 23 -26 42 0 0.00 M M 7.7 16 20 M M 0 23 20
24 39 13 26 -23 39 0 0.00 M M 4.7 12 190 M M 0 16 180
25 53 17 35 -14 30 0 0.00 M M 4.3 13 220 M M 0 17 210
26 64 24 44 -5 21 0 0.00 M M 7.4 22 10 M M 0 33 10
27 63 29 46 -2 19 0 0.00 M M 5.5 15 170 M M 0 19 170
28 72 31 52 4 13 0 0.00 M M 6.4 13 170 M M 0 17 170
29 64 45 55 7 10 0 0.00 M M 4.0 14 340 M M 0 18 330
30 62 45 54 6 11 0 0.14 M M 5.8 13 260 M M 0 16 250
31 75 42 59 11 6 0 0.00 M M 12.4 28 230 M M 0 40 230
================================================================================
SM 1952 1219 423 3 0.21 M 213.9 M 0
================================================================================
AV 63.0 39.3 6.9 FASTST M M 0 MAX(MPH)
MISC ----> 32 20 44 20
================================================================================
NOTES:
# LAST OF SEVERAL OCCURRENCES
COLUMN 17 PEAK WIND IN M.P.H.
PRELIMINARY LOCAL CLIMATOLOGICAL DATA (WS FORM: F-6) , PAGE 2
STATION: TERRELL COUNTY AIRPORT
MONTH: DECEMBER
YEAR: 2022
LATITUDE: 30 2 N
LONGITUDE: 102 13 W
[TEMPERATURE DATA] [PRECIPITATION DATA] SYMBOLS USED IN COLUMN 16
AVERAGE MONTHLY: 51.1 TOTAL FOR MONTH: 0.21 1 = FOG OR MIST
DPTR FM NORMAL: 1.1 DPTR FM NORMAL: -0.21 2 = FOG REDUCING VISIBILITY
HIGHEST: 75 ON 31,12 GRTST 24HR 0.14 ON 30-30 TO 1/4 MILE OR LESS
LOWEST: 13 ON 24,23 3 = THUNDER
SNOW, ICE PELLETS, HAIL 4 = ICE PELLETS
TOTAL MONTH: M 5 = HAIL
GRTST 24HR M ON M 6 = FREEZING RAIN OR DRIZZLE
GRTST DEPTH: M ON M 7 = DUSTSTORM OR SANDSTORM:
VSBY 1/2 MILE OR LESS
8 = SMOKE OR HAZE
[NO. OF DAYS WITH] [WEATHER - DAYS WITH] 9 = BLOWING SNOW
X = TORNADO
MAX 32 OR BELOW: 1 0.01 INCH OR MORE: 3
MAX 90 OR ABOVE: 0 0.10 INCH OR MORE: 1
MIN 32 OR BELOW: 10 0.50 INCH OR MORE: 0
MIN 0 OR BELOW: 0 1.00 INCH OR MORE: 0
[HDD (BASE 65) ]
TOTAL THIS MO. 423 CLEAR (SCALE 0-3) 31
DPTR FM NORMAL -44 PTCLDY (SCALE 4-7) 0
TOTAL FM JUL 1 836 CLOUDY (SCALE 8-10) 0
DPTR FM NORMAL 90
[CDD (BASE 65) ]
TOTAL THIS MO. 3
DPTR FM NORMAL 1 [PRESSURE DATA]
TOTAL FM JAN 1 3369 HIGHEST SLP 30.70 ON 23
DPTR FM NORMAL 436 LOWEST SLP 29.61 ON 13
[REMARKS]
#FINAL-12-22#