000
CXUS55 KABQ 011151
CF6ABQ
PRELIMINARY LOCAL CLIMATOLOGICAL DATA (WS FORM: F-6)
STATION: ALBUQUERQUE NM
MONTH: APRIL
YEAR: 2022
LATITUDE: 35 2 N
LONGITUDE: 106 37 W
TEMPERATURE IN F: :PCPN: SNOW: WIND :SUNSHINE: SKY :PK WND
================================================================================
1 2 3 4 5 6A 6B 7 8 9 10 11 12 13 14 15 16 17 18
12Z AVG MX 2MIN
DY MAX MIN AVG DEP HDD CDD WTR SNW DPTH SPD SPD DIR MIN PSBL S-S WX SPD DR
================================================================================
1 65 44 55 1 10 0 T 0.0 0 8.5 26 310 M M 5 38 310
2 73 40 57 3 8 0 0.00 0.0 0 4.9 17 180 M M 1 23 170
3 72 46 59 5 6 0 0.00 0.0 0 10.2 40 90 M M 6 51 90
4 68 45 57 3 8 0 0.00 0.0 0 13.0 37 110 M M 4 48 110
5 81 43 62 8 3 0 0.00 0.0 0 12.0 29 300 M M 1 42 290
6 66 47 57 2 8 0 0.00 0.0 0 18.6 30 320 M M 0 40 320
7 68 36 52 -3 13 0 0.00 0.0 0 10.1 23 280 M M 0 30 270
8 68 41 55 0 10 0 0.00 0.0 0 7.9 23 70 M M 0 29 80
9 80 42 61 6 4 0 0.00 0.0 0 10.5 31 280 M M 4 39 290
10 74 49 62 7 3 0 0.00 0.0 0 15.1 33 280 M M 5 3 42 290
11 76 44 60 4 5 0 0.00 0.0 0 12.3 30 220 M M 5 40 220
12 68 39 54 -2 11 0 T 0.0 0 21.0 40 270 M M 4 8 61 280
13 59 33 46 -10 19 0 0.00 0.0 0 13.1 31 300 M M 1 42 300
14 68 33 51 -5 14 0 0.00 0.0 0 5.4 16 170 M M 2 21 160
15 77 43 60 4 5 0 0.00 0.0 0 10.8 25 280 M M 3 41 260
16 81 47 64 7 1 0 0.00 0.0 0 8.5 31 260 M M 4 8 48 270
17 79 47 63 6 2 0 0.00 0.0 0 6.8 18 260 M M 0 24 250
18 79 48 64 7 1 0 0.00 0.0 0 14.0 28 110 M M 5 35 90
19 78 52 65 8 0 0 0.00 0.0 0 12.7 30 270 M M 8 8 42 270
20 83 51 67 9 0 2 0.00 0.0 0 13.7 30 250 M M 3 40 260
21 82 50 66 8 0 1 0.00 0.0 0 9.0 25 170 M M 0 32 170
22 84 51 68 10 0 3 0.00 0.0 0 20.8 46 230 M M 3 78 64 180
23 67 44 56 -2 9 0 0.00 0.0 0 11.4 24 310 M M 4 32 310
24 66 40 53 -6 12 0 0.00 0.0 0 8.3 18 330 M M 2 24 350
25 69 46 58 -1 7 0 0.00 0.0 0 9.8 23 90 M M 2 29 80
26 74 48 61 2 4 0 0.00 0.0 0 13.0 28 90 M M 5 32 90
27 85 57 71 11 0 6 0.00 0.0 0 10.4 32 200 M M 4 43 190
28 80 47 64 4 1 0 0.00 0.0 0 6.9 24 190 M M 1 32 220
29 79 50 65 5 0 0 0.00 0.0 0 13.1 31 300 M M 0 38 320
30 77 43 60 0 5 0 0.00 0.0 0 4.8 16 330 M M 1 21 330
================================================================================
SM 2226 1346 169 12 T 0.0 336.6 M 83
================================================================================
AV 74.2 44.9 11.2 FASTST M M 3 MAX(MPH)
MISC ----> 46 230 64 180
================================================================================
NOTES:
# LAST OF SEVERAL OCCURRENCES
COLUMN 17 PEAK WIND IN M.P.H.
PRELIMINARY LOCAL CLIMATOLOGICAL DATA (WS FORM: F-6) , PAGE 2
STATION: ALBUQUERQUE NM
MONTH: APRIL
YEAR: 2022
LATITUDE: 35 2 N
LONGITUDE: 106 37 W
[TEMPERATURE DATA] [PRECIPITATION DATA] SYMBOLS USED IN COLUMN 16
AVERAGE MONTHLY: 59.5 TOTAL FOR MONTH: T 1 = FOG OR MIST
DPTR FM NORMAL: 2.7 DPTR FM NORMAL: -0.51 2 = FOG REDUCING VISIBILITY
HIGHEST: 85 ON 27 GRTST 24HR T ON 31- 1 TO 1/4 MILE OR LESS
LOWEST: 33 ON 14,13 3 = THUNDER
SNOW, ICE PELLETS, HAIL 4 = ICE PELLETS
TOTAL MONTH: 0.0 INCH 5 = HAIL
GRTST 24HR 0.0 6 = FREEZING RAIN OR DRIZZLE
GRTST DEPTH: 0 7 = DUSTSTORM OR SANDSTORM:
VSBY 1/2 MILE OR LESS
8 = SMOKE OR HAZE
[NO. OF DAYS WITH] [WEATHER - DAYS WITH] 9 = BLOWING SNOW
X = TORNADO
MAX 32 OR BELOW: 0 0.01 INCH OR MORE: 0
MAX 90 OR ABOVE: 0 0.10 INCH OR MORE: 0
MIN 32 OR BELOW: 0 0.50 INCH OR MORE: 0
MIN 0 OR BELOW: 0 1.00 INCH OR MORE: 0
[HDD (BASE 65) ]
TOTAL THIS MO. 169 CLEAR (SCALE 0-3) 17
DPTR FM NORMAL -86 PTCLDY (SCALE 4-7) 13
TOTAL FM JUL 1 3661 CLOUDY (SCALE 8-10) 0
DPTR FM NORMAL -265
[CDD (BASE 65) ]
TOTAL THIS MO. 12
DPTR FM NORMAL 5 [PRESSURE DATA]
TOTAL FM JAN 1 12 HIGHEST SLP 30.34 ON 7
DPTR FM NORMAL 5 LOWEST SLP 29.36 ON 22
[REMARKS]
#FINAL-04-22#