000
CXUS55 KABR 011100
CF6ABR
PRELIMINARY LOCAL CLIMATOLOGICAL DATA (WS FORM: F-6)
STATION: ABERDEEN SD
MONTH: SEPTEMBER
YEAR: 2021
LATITUDE: 45 27 N
LONGITUDE: 98 26 W
TEMPERATURE IN F: :PCPN: SNOW: WIND :SUNSHINE: SKY :PK WND
================================================================================
1 2 3 4 5 6A 6B 7 8 9 10 11 12 13 14 15 16 17 18
12Z AVG MX 2MIN
DY MAX MIN AVG DEP HDD CDD WTR SNW DPTH SPD SPD DIR MIN PSBL S-S WX SPD DR
================================================================================
1 79 58 69 3 0 4 0.00 0.0 0 11.7 24 160 M M 2 33 160
2 71 64 68 2 0 3 1.44 0.0 0 12.0 20 100 M M 10 1 25 110
3 78 62 70 4 0 5 T 0.0 0 8.5 15 10 M M 7 1 21 20
4 80 55 68 3 0 3 0.00 0.0 0 6.6 15 260 M M 2 23 300
5 82 48 65 0 0 0 0.00 0.0 0 5.4 13 350 M M 0 17 360
6 88 52 70 5 0 5 0.00 0.0 0 8.2 20 190 M M 0 27 190
7 81 53 67 3 0 2 0.00 0.0 0 14.1 29 320 M M 0 39 320
8 78 50 64 0 1 0 0.00 0.0 0 8.9 18 360 M M 0 8 27 10
9 80 42 61 -3 4 0 0.00 0.0 0 7.1 15 170 M M 0 30 150
10 85 50 68 5 0 3 0.00 0.0 0 5.1 12 180 M M 0 16 190
11 75 54 65 2 0 0 0.00 0.0 0 12.0 23 60 M M 1 30 60
12 75 47 61 -1 4 0 0.00 0.0 0 6.6 10 140 M M 0 16 150
13 62 46 54 -8 11 0 0.36 0.0 0 5.9 18 60 M M 6 18 24 70
14 76 48 62 0 3 0 0.00 0.0 0 4.7 15 310 M M 3 12 22 290
15 83 45 64 3 1 0 T 0.0 0 13.1 32 180 M M 3 45 170
16 82 59 71 10 0 6 0.00 0.0 0 13.5 23 330 M M 0 30 350
17 75 46 61 1 4 0 0.00 0.0 0 7.5 17 310 M M 2 23 300
18 85 45 65 5 0 0 0.00 0.0 0 16.2 25 180 M M 0 39 170
19 87 69 78 18 0 13 0.00 0.0 0 13.5 24 310 M M 0 33 180
20 69 47 58 -1 7 0 0.25 0.0 0 12.2 38 350 M M 6 1 54 360
21 69 44 57 -2 8 0 0.00 0.0 0 7.8 17 350 M M 0 27 310
22 76 37 57 -1 8 0 0.00 0.0 0 11.2 23 170 M M 0 33 170
23 82 45 64 6 1 0 0.00 0.0 0 7.6 20 180 M M 0 29 170
24 66 37 52 -6 13 0 T 0.0 0 13.0 28 360 M M 2 36 350
25 80 31 56 -1 9 0 0.00 0.0 0 6.4 13 260 M M 0 19 230
26 91 44 68 11 0 3 0.00 0.0 0 4.3 10 10 M M 0 14 170
27 88 49 69 13 0 4 0.00 0.0 0 7.1 14 140 M M 0 19 150
28 94 58 76 20 0 11 0.00 0.0 0 13.9 25 170 M M 0 35 150
29 87 60 74 19 0 9 0.00 0.0 0 12.1 31 200 M M 2 8 47 200
30 73 56 65 10 0 0 0.00 0.0 0 6.7 13 340 M M 7 15 340
================================================================================
SM 2377 1501 74 71 2.05 0.0 282.9 M 53
================================================================================
AV 79.2 50.0 9.4 FASTST M M 2 MAX(MPH)
MISC ----> 38 350 54 360
================================================================================
NOTES:
# LAST OF SEVERAL OCCURRENCES
COLUMN 17 PEAK WIND IN M.P.H.
PRELIMINARY LOCAL CLIMATOLOGICAL DATA (WS FORM: F-6) , PAGE 2
STATION: ABERDEEN SD
MONTH: SEPTEMBER
YEAR: 2021
LATITUDE: 45 27 N
LONGITUDE: 98 26 W
[TEMPERATURE DATA] [PRECIPITATION DATA] SYMBOLS USED IN COLUMN 16
AVERAGE MONTHLY: 64.6 TOTAL FOR MONTH: 2.05 1 = FOG OR MIST
DPTR FM NORMAL: 3.7 DPTR FM NORMAL: 0.06 2 = FOG REDUCING VISIBILITY
HIGHEST: 94 ON 28 GRTST 24HR 1.44 ON 2- 2 TO 1/4 MILE OR LESS
LOWEST: 31 ON 25 3 = THUNDER
SNOW, ICE PELLETS, HAIL 4 = ICE PELLETS
TOTAL MONTH: 0.0 INCH 5 = HAIL
GRTST 24HR 0.0 6 = FREEZING RAIN OR DRIZZLE
GRTST DEPTH: 0 7 = DUSTSTORM OR SANDSTORM:
VSBY 1/2 MILE OR LESS
8 = SMOKE OR HAZE
[NO. OF DAYS WITH] [WEATHER - DAYS WITH] 9 = BLOWING SNOW
X = TORNADO
MAX 32 OR BELOW: 0 0.01 INCH OR MORE: 3
MAX 90 OR ABOVE: 2 0.10 INCH OR MORE: 3
MIN 32 OR BELOW: 1 0.50 INCH OR MORE: 1
MIN 0 OR BELOW: 0 1.00 INCH OR MORE: 1
[HDD (BASE 65) ]
TOTAL THIS MO. 74 CLEAR (SCALE 0-3) 24
DPTR FM NORMAL -106 PTCLDY (SCALE 4-7) 5
TOTAL FM JUL 1 75 CLOUDY (SCALE 8-10) 1
DPTR FM NORMAL -140
[CDD (BASE 65) ]
TOTAL THIS MO. 71
DPTR FM NORMAL 15 [PRESSURE DATA]
TOTAL FM JAN 1 975 HIGHEST SLP 30.36 ON 21
DPTR FM NORMAL 349 LOWEST SLP 29.49 ON 19
[REMARKS]
#FINAL-09-21#