000
CXUS54 KFWD 010730
CF6ACT
PRELIMINARY LOCAL CLIMATOLOGICAL DATA (WS FORM: F-6)
STATION: WACO
MONTH: OCTOBER
YEAR: 2023
LATITUDE: 31 37 N
LONGITUDE: 97 13 W
TEMPERATURE IN F: :PCPN: SNOW: WIND :SUNSHINE: SKY :PK WND
================================================================================
1 2 3 4 5 6A 6B 7 8 9 10 11 12 13 14 15 16 17 18
12Z AVG MX 2MIN
DY MAX MIN AVG DEP HDD CDD WTR SNW DPTH SPD SPD DIR MIN PSBL S-S WX SPD DR
================================================================================
1 92 64 78 4 0 13 0.00 0.0 0 4.5 14 130 M M 0 18 100
2 92 63 78 4 0 13 0.00 0.0 0 5.8 15 120 M M 1 22 90
3 92 64 78 5 0 13 0.00 0.0 0 7.9 22 140 M M 2 30 110
4 94 70 82 9 0 17 0.99 0.0 0 11.7 29 360 M M 5 13 39 360
5 81 69 75 2 0 10 0.13 0.0 0 6.3 18 60 M M 6 13 26 60
6 85 64 75 3 0 10 0.00 0.0 0 7.2 17 30 M M 0 25 40
7 72 51 62 -10 3 0 0.00 0.0 0 8.6 18 40 M M 0 24 10
8 78 47 63 -9 2 0 0.00 0.0 0 6.2 18 180 M M 0 23 180
9 85 53 69 -2 0 4 0.00 0.0 0 10.1 18 210 M M 0 24 190
10 82 63 73 2 0 8 0.00 0.0 0 11.8 23 150 M M 3 8 29 150
11 73 66 70 0 0 5 0.00 0.0 0 11.5 18 160 M M 6 25 170
12 82 64 73 3 0 8 0.00 0.0 0 15.4 26 190 M M 7 35 180
13 84 55 70 0 0 5 0.00 0.0 0 10.8 23 340 M M 4 29 340
14 75 53 64 -5 1 0 0.00 0.0 0 10.8 20 340 M M 0 27 10
15 71 47 59 -10 6 0 0.00 0.0 0 11.3 24 350 M M 0 33 340
16 70 40 55 -13 10 0 0.00 0.0 0 7.9 18 10 M M 0 28 350
17 75 36 56 -12 9 0 0.00 0.0 0 5.4 15 180 M M 0 20 180
18 82 50 66 -2 0 1 0.00 0.0 0 12.7 25 180 M M 0 34 170
19 87 54 71 4 0 6 0.00 0.0 0 7.8 17 360 M M 0 26 10
20 94 50 72 5 0 7 0.00 0.0 0 5.2 14 20 M M 0 20 20
21 92 49 71 4 0 6 0.00 0.0 0 4.9 10 120 M M 0 14 160
22 86 62 74 8 0 9 0.00 0.0 0 8.1 17 150 M M 1 23 140
23 80 69 75 9 0 10 0.44 0.0 0 9.5 23 170 M M 4 1 30 160
24 80 71 76 11 0 11 0.14 0.0 0 11.8 22 150 M M 10 1 28 160
25 84 71 78 13 0 13 0.01 0.0 0 13.4 22 160 M M 8 1 30 150
26 81 66 74 9 0 9 1.62 0.0 0 10.1 32 300 M M 7 1 43 290
27 86 72 79 15 0 14 0.52 0.0 0 8.2 20 150 M M 9 138 27 170
28 75 69 72 8 0 7 0.20 0.0 0 6.0 12 360 M M 9 1 15 360
29 69 41 55 -8 10 0 0.15 0.0 0 16.3 25 340 M M 10 1 35 350
30 52 39 46 -17 19 0 0.71 0.0 0 15.6 24 10 M M M 1 35 350
31 60 38 49 -14 16 0 0.00 0.0 0 8.5 17 20 M M 0 18 23 30
================================================================================
SM 2491 1770 76 199 4.91 0.0 291.3 M 92
================================================================================
AV 80.4 57.1 9.4 FASTST M M 3 MAX(MPH)
MISC ----> 32 300 43 290
================================================================================
NOTES:
# LAST OF SEVERAL OCCURRENCES
COLUMN 17 PEAK WIND IN M.P.H.
PRELIMINARY LOCAL CLIMATOLOGICAL DATA (WS FORM: F-6) , PAGE 2
STATION: WACO
MONTH: OCTOBER
YEAR: 2023
LATITUDE: 31 37 N
LONGITUDE: 97 13 W
[TEMPERATURE DATA] [PRECIPITATION DATA] SYMBOLS USED IN COLUMN 16
AVERAGE MONTHLY: 68.7 TOTAL FOR MONTH: 4.91 1 = FOG OR MIST
DPTR FM NORMAL: 0.3 DPTR FM NORMAL: 0.50 2 = FOG REDUCING VISIBILITY
HIGHEST: 94 ON 20, 4 GRTST 24HR 1.63 ON 25-26 TO 1/4 MILE OR LESS
LOWEST: 36 ON 17 3 = THUNDER
SNOW, ICE PELLETS, HAIL 4 = ICE PELLETS
TOTAL MONTH: 0.0 INCH 5 = HAIL
GRTST 24HR 0.0 6 = FREEZING RAIN OR DRIZZLE
GRTST DEPTH: 0 7 = DUSTSTORM OR SANDSTORM:
VSBY 1/2 MILE OR LESS
8 = SMOKE OR HAZE
[NO. OF DAYS WITH] [WEATHER - DAYS WITH] 9 = BLOWING SNOW
X = TORNADO
MAX 32 OR BELOW: 0 0.01 INCH OR MORE: 10
MAX 90 OR ABOVE: 6 0.10 INCH OR MORE: 9
MIN 32 OR BELOW: 0 0.50 INCH OR MORE: 4
MIN 0 OR BELOW: 0 1.00 INCH OR MORE: 1
[HDD (BASE 65) ]
TOTAL THIS MO. 76 CLEAR (SCALE 0-3) 18
DPTR FM NORMAL 12 PTCLDY (SCALE 4-7) 7
TOTAL FM JUL 1 76 CLOUDY (SCALE 8-10) 6
DPTR FM NORMAL 10
[CDD (BASE 65) ]
TOTAL THIS MO. 199
DPTR FM NORMAL 28 [PRESSURE DATA]
TOTAL FM JAN 1 3254 HIGHEST SLP M ON M
DPTR FM NORMAL 426 LOWEST SLP 29.58 ON 12
[REMARKS]
#FINAL-10-23#