000
CXUS51 KPHI 010853
CLMACY
CLIMATE REPORT
NATIONAL WEATHER SERVICE MOUNT HOLLY NJ
453 AM EDT THU JUN 01 2023
...................................
...THE ATLANTIC CITY AIRPORT NJ CLIMATE SUMMARY FOR THE MONTH OF MAY 2023...
CLIMATE NORMAL PERIOD: 1991 TO 2020
CLIMATE RECORD PERIOD: 1943 TO 2023
WEATHER OBSERVED NORMAL DEPART LAST YEAR`S
VALUE DATE(S) VALUE FROM VALUE DATE(S)
NORMAL
................................................................
TEMPERATURE (F)
RECORD
HIGH 99 05/29/1969
LOW 25 05/11/1966
HIGHEST 86 05/12 88 -2 95 05/31
LOWEST 38 05/10 35 3 38 05/01
05/18
AVG. MAXIMUM 70.0 72.5 -2.5 72.7
AVG. MINIMUM 47.3 51.4 -4.1 54.2
MEAN 58.6 61.9 -3.3 63.5
DAYS MAX >= 90 0 1.2 -1.2 2
DAYS MAX <= 32 0 0.0 0.0 0
DAYS MIN <= 32 0 0.2 -0.2 0
DAYS MIN <= 0 0 0.0 0.0 0
PRECIPITATION (INCHES)
RECORD
MAXIMUM 8.80 1948
MINIMUM 0.40 1957
TOTALS 1.30 3.34 -2.04 4.57
DAILY AVG. 0.04 0.11 -0.07 0.15
DAYS >= .01 8 10.5 -2.5 14
DAYS >= .10 2 6.4 -4.4 9
DAYS >= .50 1 2.5 -1.5 3
DAYS >= 1.00 0 0.7 -0.7 2
GREATEST
24 HR. TOTAL 0.92 05/20 TO 05/20 1.46
SNOWFALL (INCHES)
RECORDS
TOTAL 0.0
24 HR TOTAL MM
TOTALS 0.0 0.0 0.0 0.0
SINCE 7/1 0.3 17.4 -17.1 MM
SNOWDEPTH AVG. 0 0
DAYS >= 1.0 0 0.0 0.0 0
GREATEST
SNOW DEPTH 0 0 MM
24 HR TOTAL 0.0 0.0
DEGREE DAYS
HEATING TOTAL 204 155 49 127
SINCE 7/1 4137 4678 -541 MM
COOLING TOTAL 15 61 -46 87
SINCE 1/1 44 74 -30 MM
................................................................
WIND (MPH)
AVERAGE WIND SPEED 7.7
HIGHEST WIND SPEED/DIRECTION 24/290 DATE 05/01
24/060 05/29
HIGHEST GUST SPEED/DIRECTION 35/270 DATE 05/02
SKY COVER
POSSIBLE SUNSHINE (PERCENT) MM
AVERAGE SKY COVER 0.26
NUMBER OF DAYS FAIR 20
NUMBER OF DAYS PC 10
NUMBER OF DAYS CLOUDY 1
AVERAGE RH (PERCENT) 67
WEATHER CONDITIONS. NUMBER OF DAYS WITH
THUNDERSTORM 0 MIXED PRECIP 0
HEAVY RAIN 3 RAIN 3
LIGHT RAIN 8 FREEZING RAIN 0
LT FREEZING RAIN 0 HEAVY SNOW 0
SNOW 0 LIGHT SNOW 0
SLEET 0 FOG 10
FOG W/VIS <= 1/4 MILE 5 HAZE 2
- INDICATES NEGATIVE NUMBERS.
R INDICATES RECORD WAS SET OR TIED.
MM INDICATES DATA IS MISSING.
T INDICATES TRACE AMOUNT.
$$