000
CXUS54 KLZK 011330
CF6ADF
PRELIMINARY LOCAL CLIMATOLOGICAL DATA (WS FORM: F-6)
STATION: ARKADELPHIA AIRPORT
MONTH: JANUARY
YEAR: 2024
LATITUDE: 34 9 N
LONGITUDE: 93 4 W
TEMPERATURE IN F: :PCPN: SNOW: WIND :SUNSHINE: SKY :PK WND
================================================================================
1 2 3 4 5 6A 6B 7 8 9 10 11 12 13 14 15 16 17 18
12Z AVG MX 2MIN
DY MAX MIN AVG DEP HDD CDD WTR SNW DPTH SPD SPD DIR MIN PSBL S-S WX SPD DR
================================================================================
1 47 27 37 -4 28 0 0.00 M M 6.4 12 20 M M 0 20 20
2 45 22 34 -7 31 0 0.00 M M 1.4 7 20 M M 0 M M
3 53 28 41 0 24 0 0.00 M M 1.3 6 160 M M 1 M M
4 51 25 38 -3 27 0 0.00 M M 3.6 8 60 M M 0 M M
5 37 30 34 -7 31 0 0.91 M M 5.0 12 20 M M 9 18 M M
6 45 36 41 0 24 0 0.00 M M 3.9 9 250 M M 10 1 M M
7 57 27 42 1 23 0 0.00 M M 1.4 4 130 M M 0 1 M M
8 47 29 38 -3 27 0 0.93 M M 5.6 14 130 M M 8 13 27 280
9 46 34 40 -1 25 0 0.00 M M 12.9 23 260 M M 7 37 230
10 59 24 42 1 23 0 0.00 M M 4.1 16 200 M M 0 21 180
11 64 28 46 5 19 0 T M M 3.1 17 180 M M 5 1 32 160
12 64 30 47 6 18 0 0.99 M M 12.4 25 290 M M 5 13 35 290
13 54 22 38 -3 27 0 0.00 M M 6.5 14 350 M M 0 23 350
14 30 15 23 -18 42 0 0.20 M M 10.1 15 20 M M 6 1 18 20
15 18 12 15 -26 50 0 0.00 M M M M M M M 0 M M
16 26 7 17 -24 48 0 0.00 M M M M M M M 0 M M
17 40 23 32 -9 33 0 0.00 M M 5.8 13 190 M M 0 18 190
18 38 21 30 -11 35 0 0.01 M M 1.2 5 340 M M 10 12 M M
19 38 24 31 -10 34 0 0.00 M M 6.8 14 330 M M 2 12 20 360
20 32 19 26 -15 39 0 0.00 M M 7.0 13 360 M M 0 M M
21 35 16 26 -15 39 0 0.00 M M 3.7 6 100 M M 5 M M
22 46 32 39 -2 26 0 2.47 M M 3.0 8 30 M M 10 1 M M
23 54 44 49 8 16 0 3.05 M M 4.9 10 350 M M 7 123 22 300
24 58 49 54 12 11 0 0.00 M M M M M M M 0 M M
25 59 48 54 12 11 0 0.00 M M 5.4 10 270 M M 2 1 M M
26 55 46 51 9 14 0 0.11 M M 4.4 14 20 M M 10 12 18 20
27 53 41 47 5 18 0 0.93 M M 8.8 15 20 M M 10 1 22 20
28 58 38 48 6 17 0 0.00 M M 5.6 12 340 M M 3 8 17 330
29 63 32 48 6 17 0 0.00 M M 1.2 9 210 M M 0 1 M M
30 73 38 56 14 9 0 0.00 M M 4.6 12 310 M M 0 8 20 300
31 62 37 50 8 15 0 0.00 M M 1.6 6 20 M M 0 M M
================================================================================
SM 1507 904 801 0 9.60 M 141.7 M 110
================================================================================
AV 48.6 29.2 5.1 FASTST M M 4 MAX(MPH)
MISC ----> 25 290 37 230
================================================================================
NOTES:
# LAST OF SEVERAL OCCURRENCES
COLUMN 17 PEAK WIND IN M.P.H.
PRELIMINARY LOCAL CLIMATOLOGICAL DATA (WS FORM: F-6) , PAGE 2
STATION: ARKADELPHIA AIRPORT
MONTH: JANUARY
YEAR: 2024
LATITUDE: 34 9 N
LONGITUDE: 93 4 W
[TEMPERATURE DATA] [PRECIPITATION DATA] SYMBOLS USED IN COLUMN 16
AVERAGE MONTHLY: 38.9 TOTAL FOR MONTH: 9.60 1 = FOG OR MIST
DPTR FM NORMAL: -2.4 DPTR FM NORMAL: 5.75 2 = FOG REDUCING VISIBILITY
HIGHEST: 73 ON 30 GRTST 24HR 3.05 ON 23-23 TO 1/4 MILE OR LESS
LOWEST: 7 ON 16 3 = THUNDER
SNOW, ICE PELLETS, HAIL 4 = ICE PELLETS
TOTAL MONTH: M 5 = HAIL
GRTST 24HR M ON M 6 = FREEZING RAIN OR DRIZZLE
GRTST DEPTH: M ON M 7 = DUSTSTORM OR SANDSTORM:
VSBY 1/2 MILE OR LESS
8 = SMOKE OR HAZE
[NO. OF DAYS WITH] [WEATHER - DAYS WITH] 9 = BLOWING SNOW
X = TORNADO
MAX 32 OR BELOW: 4 0.01 INCH OR MORE: 9
MAX 90 OR ABOVE: 0 0.10 INCH OR MORE: 8
MIN 32 OR BELOW: 21 0.50 INCH OR MORE: 6
MIN 0 OR BELOW: 0 1.00 INCH OR MORE: 2
[HDD (BASE 65) ]
TOTAL THIS MO. 801 CLEAR (SCALE 0-3) 17
DPTR FM NORMAL 66 PTCLDY (SCALE 4-7) 8
TOTAL FM JUL 1 1885 CLOUDY (SCALE 8-10) 6
DPTR FM NORMAL -72
[CDD (BASE 65) ]
TOTAL THIS MO. 0
DPTR FM NORMAL 0 [PRESSURE DATA]
TOTAL FM JAN 1 0 HIGHEST SLP M ON M
DPTR FM NORMAL 0 LOWEST SLP M ON M
[REMARKS]
#FINAL-01-24#