000
CXUS54 KLZK 011510
CF6ADF
PRELIMINARY LOCAL CLIMATOLOGICAL DATA (WS FORM: F-6)
STATION: ARKADELPHIA AIRPORT
MONTH: NOVEMBER
YEAR: 2020
LATITUDE: 34 9 N
LONGITUDE: 93 4 W
TEMPERATURE IN F: :PCPN: SNOW: WIND :SUNSHINE: SKY :PK WND
================================================================================
1 2 3 4 5 6A 6B 7 8 9 10 11 12 13 14 15 16 17 18
12Z AVG MX 2MIN
DY MAX MIN AVG DEP HDD CDD WTR SNW DPTH SPD SPD DIR MIN PSBL S-S WX SPD DR
================================================================================
1 71 37 54 -3 11 0 0.00 M M 4.5 14 340 M M 0 18 17 20
2 62 31 47 -10 18 0 0.00 M M 1.1 5 210 M M 0 M M
3 72 31 52 -5 13 0 0.00 M M 2.4 8 220 M M 0 8 M M
4 73 34 54 -2 11 0 0.00 M M 1.4 9 210 M M 1 128 M M
5 73 41 57 1 8 0 0.00 M M 0.7 6 180 M M 1 M M
6 74 40 57 1 8 0 0.00 M M 1.2 5 70 M M 1 18 M M
7 78 46 62 7 3 0 T M M 1.1 5 60 M M 4 18 M M
8 74 53 64 9 1 0 0.00 M M 1.2 5 30 M M 6 18 M M
9 81 61 71 17 0 6 T M M 2.4 8 130 M M 10 M M
10 80 60 70 16 0 5 T M M 4.6 12 180 M M 9 M M
11 68 40 54 0 11 0 0.00 M M 5.4 14 20 M M 2 M M
12 70 38 54 1 11 0 0.00 M M 1.8 5 99 M M 0 M M
13 64 45 55 2 10 0 0.04 M M 3.6 12 360 M M 7 M M
14 77 44 61 8 4 0 0.00 M M 5.9 13 200 M M 7 22 200
15 74 33 54 2 11 0 T M M 8.4 18 250 M M 2 37 320
16 68 28 48 -4 17 0 0.00 M M 0.6 5 240 M M 0 1 M M
17 68 31 50 -2 15 0 0.00 M M 2.3 10 70 M M 0 M M
18 69 30 50 -1 15 0 0.00 M M 1.7 6 160 M M 0 M M
19 73 30 52 1 13 0 0.00 M M 3.1 13 210 M M 0 22 190
20 M M M M M M T M M 0.9 5 330 M M 7 12 M M
21 76 50 63 13 2 0 0.01 M M 1.8 9 220 M M 4 128 20 240
22 61 42 52 2 13 0 0.09 M M 3.8 12 360 M M 9 18 16 340
23 60 30 45 -4 20 0 M M M 2.5 7 90 M M 0 18 M M
24 64 34 49 0 16 0 0.24 M M 4.1 12 170 M M 7 M M
25 65 36 51 2 14 0 0.52 M M 9.0 25 310 M M 5 18 39 310
26 65 35 50 2 15 0 M M M 0.9 3 80 M M 4 12 M M
27 62 46 54 6 11 0 M M M 3.4 10 10 M M 8 M M
28 56 38 47 -1 18 0 M M M 5.6 12 20 M M 0 17 60
29 48 41 45 -2 20 0 0.53 M M 6.6 13 320 M M 9 1 17 50
30 49 24 37 -10 28 0 M M M 9.4 17 330 M M 0 24 320
================================================================================
SM 1975 1129 337 11 1.43 M 101.4 M 103
================================================================================
AV 68.1 38.9 3.4 FASTST M M 3 MAX(MPH)
MISC ----> 25 310 39 310
================================================================================
NOTES:
# LAST OF SEVERAL OCCURRENCES
COLUMN 17 PEAK WIND IN M.P.H.
PRELIMINARY LOCAL CLIMATOLOGICAL DATA (WS FORM: F-6) , PAGE 2
STATION: ARKADELPHIA AIRPORT
MONTH: NOVEMBER
YEAR: 2020
LATITUDE: 34 9 N
LONGITUDE: 93 4 W
[TEMPERATURE DATA] [PRECIPITATION DATA] SYMBOLS USED IN COLUMN 16
AVERAGE MONTHLY: 53.5 TOTAL FOR MONTH: 1.43 1 = FOG OR MIST
DPTR FM NORMAL: 1.3 DPTR FM NORMAL: -3.73 2 = FOG REDUCING VISIBILITY
HIGHEST: 81 ON 9 GRTST 24HR 0.53 ON 29-29 TO 1/4 MILE OR LESS
LOWEST: 24 ON 30 3 = THUNDER
SNOW, ICE PELLETS, HAIL 4 = ICE PELLETS
TOTAL MONTH: M 5 = HAIL
GRTST 24HR M ON M 6 = FREEZING RAIN OR DRIZZLE
GRTST DEPTH: M ON M 7 = DUSTSTORM OR SANDSTORM:
VSBY 1/2 MILE OR LESS
8 = SMOKE OR HAZE
[NO. OF DAYS WITH] [WEATHER - DAYS WITH] 9 = BLOWING SNOW
X = TORNADO
MAX 32 OR BELOW: 0 0.01 INCH OR MORE: 6
MAX 90 OR ABOVE: 0 0.10 INCH OR MORE: 3
MIN 32 OR BELOW: 8 0.50 INCH OR MORE: 2
MIN 0 OR BELOW: 0 1.00 INCH OR MORE: 0
[HDD (BASE 65) ]
TOTAL THIS MO. 337 CLEAR (SCALE 0-3) 16
DPTR FM NORMAL -55 PTCLDY (SCALE 4-7) 9
TOTAL FM JUL 1 536 CLOUDY (SCALE 8-10) 5
DPTR FM NORMAL -13
[CDD (BASE 65) ]
TOTAL THIS MO. 11
DPTR FM NORMAL 5 [PRESSURE DATA]
TOTAL FM JAN 1 1614 HIGHEST SLP M ON M
DPTR FM NORMAL -303 LOWEST SLP M ON M
[REMARKS]
#FINAL-11-20#