000
CXUS54 KLZK 011557
CF6ADF
PRELIMINARY LOCAL CLIMATOLOGICAL DATA (WS FORM: F-6)
STATION: ARKADELPHIA AIRPORT
MONTH: DECEMBER
YEAR: 2023
LATITUDE: 34 9 N
LONGITUDE: 93 4 W
TEMPERATURE IN F: :PCPN: SNOW: WIND :SUNSHINE: SKY :PK WND
================================================================================
1 2 3 4 5 6A 6B 7 8 9 10 11 12 13 14 15 16 17 18
12Z AVG MX 2MIN
DY MAX MIN AVG DEP HDD CDD WTR SNW DPTH SPD SPD DIR MIN PSBL S-S WX SPD DR
================================================================================
1 66 44 55 8 10 0 0.01 M M 4.6 16 240 M M 5 128 M M
2 59 39 49 3 16 0 0.00 M M 1.7 9 10 M M 2 18 M M
3 65 36 51 5 14 0 T M M 1.5 8 180 M M 4 12 M M
4 60 34 47 1 18 0 0.00 M M 4.5 15 330 M M 0 18 21 330
5 66 29 48 2 17 0 0.00 M M 4.9 12 250 M M 0 16 250
6 56 29 43 -2 22 0 0.00 M M 2.0 9 350 M M 0 M M
7 65 30 48 3 17 0 0.00 M M 3.5 13 210 M M 1 8 16 210
8 66 45 56 11 9 0 T M M 4.7 13 180 M M 10 M M
9 72 50 61 17 4 0 0.13 M M 7.0 16 340 M M 5 12 24 340
10 55 27 41 -3 24 0 0.00 M M 4.6 10 280 M M 0 17 320
11 58 23 41 -3 24 0 0.00 M M 1.0 6 170 M M 0 M M
12 62 27 45 1 20 0 0.00 M M 0.6 6 20 M M 0 M M
13 61 30 46 2 19 0 0.00 M M 2.5 7 100 M M 0 M M
14 65 39 52 9 13 0 0.00 M M 4.4 8 70 M M 0 M M
15 62 34 48 5 17 0 0.11 M M 2.8 10 290 M M 3 17 290
16 59 33 46 3 19 0 0.06 M M 4.4 12 330 M M 7 1 M M
17 62 28 45 2 20 0 0.00 M M 1.4 8 270 M M 1 1 M M
18 60 29 45 2 20 0 0.00 M M 5.5 15 330 M M 0 20 340
19 51 23 37 -5 28 0 0.00 M M 1.1 7 120 M M 0 M M
20 57 27 42 0 23 0 0.00 M M 0.1 4 20 M M 0 M M
21 59 32 46 4 19 0 0.00 M M 0.6 5 99 M M 4 M M
22 57 44 51 9 14 0 0.06 M M 0.6 5 30 M M 9 12 M M
23 67 51 59 17 6 0 0.03 M M 1.0 7 170 M M 10 12 M M
24 61 57 59 17 6 0 1.01 M M 5.5 10 230 M M 10 1 M M
25 60 30 45 3 20 0 T M M 7.8 14 270 M M 8 21 270
26 53 28 41 -1 24 0 0.00 M M 1.5 9 170 M M 5 12 M M
27 50 27 39 -3 26 0 0.00 M M 4.7 16 330 M M 2 24 300
28 44 25 35 -7 30 0 0.00 M M 4.7 10 310 M M 6 M M
29 45 25 35 -6 30 0 0.00 M M 5.1 9 360 M M 5 M M
30 57 23 40 -1 25 0 0.00 M M 2.3 9 230 M M 0 M M
31 60 26 43 2 22 0 0.00 M M 2.1 12 30 M M 0 18 30
================================================================================
SM 1840 1024 576 0 1.41 M 98.7 M 97
================================================================================
AV 59.4 33.0 3.2 FASTST M M 3 MAX(MPH)
MISC ----> # 16 330 # 24 300
================================================================================
NOTES:
# LAST OF SEVERAL OCCURRENCES
COLUMN 17 PEAK WIND IN M.P.H.
PRELIMINARY LOCAL CLIMATOLOGICAL DATA (WS FORM: F-6) , PAGE 2
STATION: ARKADELPHIA AIRPORT
MONTH: DECEMBER
YEAR: 2023
LATITUDE: 34 9 N
LONGITUDE: 93 4 W
[TEMPERATURE DATA] [PRECIPITATION DATA] SYMBOLS USED IN COLUMN 16
AVERAGE MONTHLY: 46.2 TOTAL FOR MONTH: 1.41 1 = FOG OR MIST
DPTR FM NORMAL: 2.8 DPTR FM NORMAL: -3.96 2 = FOG REDUCING VISIBILITY
HIGHEST: 72 ON 9 GRTST 24HR 1.01 ON 24-24 TO 1/4 MILE OR LESS
LOWEST: 23 ON 19,30 3 = THUNDER
SNOW, ICE PELLETS, HAIL 4 = ICE PELLETS
TOTAL MONTH: M 5 = HAIL
GRTST 24HR M ON M 6 = FREEZING RAIN OR DRIZZLE
GRTST DEPTH: M ON M 7 = DUSTSTORM OR SANDSTORM:
VSBY 1/2 MILE OR LESS
8 = SMOKE OR HAZE
[NO. OF DAYS WITH] [WEATHER - DAYS WITH] 9 = BLOWING SNOW
X = TORNADO
MAX 32 OR BELOW: 0 0.01 INCH OR MORE: 7
MAX 90 OR ABOVE: 0 0.10 INCH OR MORE: 3
MIN 32 OR BELOW: 19 0.50 INCH OR MORE: 1
MIN 0 OR BELOW: 0 1.00 INCH OR MORE: 1
[HDD (BASE 65) ]
TOTAL THIS MO. 576 CLEAR (SCALE 0-3) 18
DPTR FM NORMAL -95 PTCLDY (SCALE 4-7) 9
TOTAL FM JUL 1 1084 CLOUDY (SCALE 8-10) 4
DPTR FM NORMAL -136
[CDD (BASE 65) ]
TOTAL THIS MO. 0
DPTR FM NORMAL -1 [PRESSURE DATA]
TOTAL FM JAN 1 2114 HIGHEST SLP M ON M
DPTR FM NORMAL 196 LOWEST SLP M ON M
[REMARKS]
#FINAL-12-23#