000
CXAK58 PADQ 011008
CLMADQ
CLIMATE REPORT
NATIONAL WEATHER SERVICE ANCHORAGE, AK
208 AM AKDT MON APR 01 2024
...................................
...THE KODIAK CLIMATE SUMMARY FOR THE MONTH OF MARCH 2024...
CLIMATE NORMAL PERIOD: 1991 TO 2020
CLIMATE RECORD PERIOD: 1913 TO 2024
WEATHER OBSERVED NORMAL DEPART LAST YEAR`S
VALUE DATE(S) VALUE FROM VALUE
NORMAL
..............................................................
TEMPERATURE (F)
RECORD
HIGH 57 03/24/1963
LOW -6 03/06/1971
03/05/1971
HIGHEST 50 MM MM 54
LOWEST 15 MM MM 14
AVG. MAXIMUM 37.5 38.8 -1.3 39.3
AVG. MINIMUM 27.6 27.6 0.0 25.8
MEAN 32.6 33.2 -0.6 32.6
DAYS MAX >= 90 0 0.0 0.0 0
DAYS MAX <= 32 6 5.3 0.7 6
DAYS MIN <= 32 23 22.7 0.3 28
DAYS MIN <= 0 0 0.0 0.0 0
PRECIPITATION (INCHES)
RECORD
MAXIMUM 10.41 2022
MINIMUM 0.20 2023
TOTALS 4.32 4.82 -0.50 0.20
DAILY AVG. 0.14 0.16 -0.02 0.06
DAYS >= .01 14 15.9 -1.9 2
DAYS >= .10 7 9.4 -2.4 1
DAYS >= .50 3 3.3 -0.3 0
DAYS >= 1.00 1 1.0 0.0 0
GREATEST
24 HR. TOTAL 1.61 03/23 TO 03/24 0.20
STORM TOTAL 1.48 0.33
(MM/DD(HH))
DEGREE DAYS
HEATING TOTAL 996 986 10 999
SINCE 7/1 6806 6529 277 MM
COOLING TOTAL 0 0 0 0
SINCE 1/1 0 0 0 MM
FREEZE DATES
RECORD
EARLIEST MM
LATEST MM
EARLIEST 09/22
LATEST 05/17
..............................................................
WIND (MPH)
AVERAGE WIND SPEED 9.8
RESULTANT WIND SPEED/DIRECTION 4/290
HIGHEST WIND SPEED/DIRECTION 38/160 DATE 03/30
HIGHEST GUST SPEED/DIRECTION 55/160 DATE 03/30
SKY COVER
POSSIBLE SUNSHINE (PERCENT) MM
AVERAGE SKY COVER 0.62
NUMBER OF DAYS FAIR 9
NUMBER OF DAYS PC 9
NUMBER OF DAYS CLOUDY 13
AVERAGE RH (PERCENT) 75
WEATHER CONDITIONS. NUMBER OF DAYS WITH
THUNDERSTORM 0 MIXED PRECIP 0
HEAVY RAIN 0 RAIN 3
LIGHT RAIN 10 FREEZING RAIN 0
LT FREEZING RAIN 0 HAIL 0
HEAVY SNOW 0 SNOW 2
LIGHT SNOW 14 SLEET 0
FOG 17 FOG W/VIS <= 1/4 MILE 1
HAZE 1
- INDICATES NEGATIVE NUMBERS.
R INDICATES RECORD WAS SET OR TIED.
MM INDICATES DATA IS MISSING.
T INDICATES TRACE AMOUNT.
$$