000
CXUS52 KCAE 011400
CF6AGS
PRELIMINARY LOCAL CLIMATOLOGICAL DATA (WS FORM: F-6)
STATION: AUGUSTA BUSH FIELD GA
MONTH: SEPTEMBER
YEAR: 2021
LATITUDE: 33 22 N
LONGITUDE: 81 58 W
TEMPERATURE IN F: :PCPN: SNOW: WIND :SUNSHINE: SKY :PK WND
================================================================================
1 2 3 4 5 6A 6B 7 8 9 10 11 12 13 14 15 16 17 18
12Z AVG MX 2MIN
DY MAX MIN AVG DEP HDD CDD WTR SNW DPTH SPD SPD DIR MIN PSBL S-S WX SPD DR
================================================================================
1 86 72 79 -1 0 14 0.01 0.0 0 8.8 18 260 M M 8 22 260
2 90 66 78 -2 0 13 0.00 0.0 0 4.3 14 50 M M 3 17 60
3 87 60 74 -6 0 9 0.00 0.0 0 3.8 14 20 M M 0 1 24 50
4 88 54 71 -8 0 6 0.00 0.0 0 1.5 9 340 M M 0 12 13 10
5 90 59 75 -4 0 10 0.00 0.0 0 3.3 13 260 M M 2 12 16 250
6 93 62 78 -1 0 13 0.04 0.0 0 2.4 16 320 M M 6 12 20 320
7 90 71 81 2 0 16 T 0.0 0 2.8 10 220 M M 4 13 13 240
8 90 72 81 3 0 16 1.71 0.0 0 5.0 18 360 M M 4 138 26 340
9 88 69 79 1 0 14 0.05 0.0 0 3.9 20 350 M M 6 18 22 360
10 87 61 74 -4 0 9 0.00 0.0 0 2.2 12 80 M M 0 1 14 90
11 87 58 73 -5 0 8 0.00 0.0 0 1.1 8 130 M M 0 18 11 150
12 88 58 73 -5 0 8 0.00 0.0 0 0.8 8 130 M M 0 1 10 160
13 90 59 75 -2 0 10 0.00 0.0 0 1.8 9 120 M M 1 12 12 100
14 91 60 76 -1 0 11 0.00 0.0 0 1.3 8 120 M M 1 12 10 190
15 90 64 77 0 0 12 1.02 0.0 0 2.6 21 140 M M 6 1238 27 140
16 78 70 74 -2 0 9 2.77 0.0 0 2.3 9 60 M M 9 1 11 10
17 90 70 80 4 0 15 T 0.0 0 2.0 9 30 M M 8 12 11 30
18 90 70 80 4 0 15 0.00 0.0 0 2.1 8 110 M M 6 12 10 130
19 88 71 80 4 0 15 0.00 0.0 0 3.1 13 70 M M 2 1 15 80
20 81 73 77 2 0 12 0.81 0.0 0 5.0 21 110 M M 9 18 26 100
21 88 73 81 6 0 16 0.04 0.0 0 1.6 8 30 M M 9 138 11 170
22 90 65 78 3 0 13 0.20 0.0 0 7.3 25 260 M M 7 18 29 260
23 79 56 68 -6 0 3 0.00 0.0 0 5.4 13 350 M M 0 19 40
24 80 54 67 -7 0 2 0.00 0.0 0 3.5 15 80 M M 0 1 20 90
25 83 51 67 -7 0 2 0.00 0.0 0 1.8 14 350 M M 0 12 16 350
26 86 53 70 -4 0 5 0.00 0.0 0 1.8 10 310 M M 1 12 14 290
27 86 55 71 -2 0 6 0.00 0.0 0 0.9 9 140 M M 1 12 12 200
28 89 60 75 2 0 10 0.00 0.0 0 2.8 12 240 M M 0 12 15 230
29 90 57 74 2 0 9 0.00 0.0 0 1.1 13 340 M M 1 12 16 320
30 89 61 75 3 0 10 0.00 0.0 0 0.8 7 180 M M 0 128 10 170
================================================================================
SM 2622 1884 0 311 6.65 0.0 87.1 M 94
================================================================================
AV 87.4 62.8 2.9 FASTST M M 3 MAX(MPH)
MISC ----> 25 260 29 260
================================================================================
NOTES:
# LAST OF SEVERAL OCCURRENCES
COLUMN 17 PEAK WIND IN M.P.H.
PRELIMINARY LOCAL CLIMATOLOGICAL DATA (WS FORM: F-6) , PAGE 2
STATION: AUGUSTA BUSH FIELD GA
MONTH: SEPTEMBER
YEAR: 2021
LATITUDE: 33 22 N
LONGITUDE: 81 58 W
[TEMPERATURE DATA] [PRECIPITATION DATA] SYMBOLS USED IN COLUMN 16
AVERAGE MONTHLY: 75.1 TOTAL FOR MONTH: 6.65 1 = FOG OR MIST
DPTR FM NORMAL: -1.3 DPTR FM NORMAL: 3.05 2 = FOG REDUCING VISIBILITY
HIGHEST: 93 ON 6 GRTST 24HR 3.78 ON 15-16 TO 1/4 MILE OR LESS
LOWEST: 51 ON 25 3 = THUNDER
SNOW, ICE PELLETS, HAIL 4 = ICE PELLETS
TOTAL MONTH: 0.0 INCH 5 = HAIL
GRTST 24HR 0.0 6 = FREEZING RAIN OR DRIZZLE
GRTST DEPTH: 0 7 = DUSTSTORM OR SANDSTORM:
VSBY 1/2 MILE OR LESS
8 = SMOKE OR HAZE
[NO. OF DAYS WITH] [WEATHER - DAYS WITH] 9 = BLOWING SNOW
X = TORNADO
MAX 32 OR BELOW: 0 0.01 INCH OR MORE: 9
MAX 90 OR ABOVE: 12 0.10 INCH OR MORE: 5
MIN 32 OR BELOW: 0 0.50 INCH OR MORE: 4
MIN 0 OR BELOW: 0 1.00 INCH OR MORE: 3
[HDD (BASE 65) ]
TOTAL THIS MO. 0 CLEAR (SCALE 0-3) 17
DPTR FM NORMAL -3 PTCLDY (SCALE 4-7) 9
TOTAL FM JUL 1 0 CLOUDY (SCALE 8-10) 4
DPTR FM NORMAL 0
[CDD (BASE 65) ]
TOTAL THIS MO. 311
DPTR FM NORMAL -34 [PRESSURE DATA]
TOTAL FM JAN 1 2130 HIGHEST SLP 30.31 ON 12
DPTR FM NORMAL -99 LOWEST SLP 29.67 ON 1
[REMARKS]
#FINAL-09-21#