000
CXUS53 KGRB 171622
CF6AIG
PRELIMINARY LOCAL CLIMATOLOGICAL DATA (WS FORM: F-6)
STATION: ANTIGO AWOS
MONTH: MARCH
YEAR: 2022
LATITUDE: 45 9 N
LONGITUDE: 89 8 W
TEMPERATURE IN F: :PCPN: SNOW: WIND :SUNSHINE: SKY :PK WND
================================================================================
1 2 3 4 5 6A 6B 7 8 9 10 11 12 13 14 15 16 17 18
12Z AVG MX 2MIN
DY MAX MIN AVG DEP HDD CDD WTR SNW DPTH SPD SPD DIR MIN PSBL S-S WX SPD DR
================================================================================
1 30 9 20 0 45 0 M M M 3.0 13 350 M M 3 1 M M
2 30 2 16 -4 49 0 M M M 5.6 16 340 M M 4 20 350
3 25 -11 7 -14 58 0 0.00 0.0 3 2.4 9 280 M M 0 M M
4 34 -2 16 -5 49 0 M M M 4.2 16 120 M M 5 17 120
5 33 27 30 8 35 0 0.50 M M 9.0 18 110 M M 10 1 27 110
6 34 27 31 9 34 0 0.03 M M 11.1 22 300 M M 10 12 27 300
7 28 14 21 -1 44 0 M M M 9.0 15 320 M M 7 21 320
8 35 10 23 0 42 0 M M M 12.1 20 220 M M 2 27 220
9 31 12 22 -1 43 0 M M M 13.1 20 270 M M 6 27 240
10 18 0 9 -15 56 0 M M M 9.1 15 250 M M 1 22 250
11 18 4 11 -13 54 0 M M M 15.8 27 270 M M 5 32 270
12 13 -7 3 -21 62 0 M M M 10.8 18 300 M M 2 22 290
13 37 9 23 -2 42 0 0.01 M M 9.6 18 260 M M 6 24 260
14 32 25 29 4 36 0 0.30 M M 2.8 8 360 M M 10 2 M M
15 40 16 28 2 37 0 M M M 3.1 13 220 M M 4 12 M M
16 53 29 41 15 24 0 M M M 5.7 17 180 M M 1 22 180
17 47 34 41 14 24 0 M M M 5.4 10 360 M M 0 M M
18 38 30 34 7 31 0 M M M 7.5 13 60 M M 7 M M
19 45 31 38 10 27 0 M M M 9.3 15 360 M M 4 18 330
20 52 25 39 11 26 0 M M M 1.2 8 270 M M 0 9 0
21 39 31 35 6 30 0 0.10 M M 9.8 17 90 M M 8 25 70
22 33 31 32 3 33 0 0.05 M M 14.5 27 100 M M 10 1 30 100
23 32 31 32 2 33 0 0.22 M M 7.0 15 40 M M 10 22 50
24 35 28 32 2 33 0 M M M 6.6 14 40 M M 9 1 M M
25 35 24 30 -1 35 0 0.04 M M 10.9 22 310 M M 8 1 30 310
26 26 16 21 -10 44 0 M M M 16.2 23 320 M M 9 31 310
27 23 9 16 -16 49 0 M M M 12.8 17 350 M M 3 25 340
28 29 7 18 -14 47 0 M M M 3.0 7 10 M M 0 M M
29 32 20 26 -7 39 0 0.02 M M 13.1 20 120 M M 9 30 120
30 33 28 31 -2 34 0 0.09 M M 8.7 20 120 M M 10 1 29 120
31 32 24 28 -6 37 0 0.01 M M 15.9 24 360 M M 10 1 30 340
================================================================================
SM 1022 533 1232 0 1.37 0.0 268.2 M 173
================================================================================
AV 33.0 17.2 8.7 FASTST M M 6 MAX(MPH)
MISC ----> # 27 270 32 270
================================================================================
NOTES:
# LAST OF SEVERAL OCCURRENCES
COLUMN 17 PEAK WIND IN M.P.H.
PRELIMINARY LOCAL CLIMATOLOGICAL DATA (WS FORM: F-6) , PAGE 2
STATION: ANTIGO AWOS
MONTH: MARCH
YEAR: 2022
LATITUDE: 45 9 N
LONGITUDE: 89 8 W
[TEMPERATURE DATA] [PRECIPITATION DATA] SYMBOLS USED IN COLUMN 16
AVERAGE MONTHLY: 25.1 TOTAL FOR MONTH: 1.37 1 = FOG OR MIST
DPTR FM NORMAL: -1.4 DPTR FM NORMAL: 0.16 2 = FOG REDUCING VISIBILITY
HIGHEST: 53 ON 16 GRTST 24HR 0.50 ON 5- 5 TO 1/4 MILE OR LESS
LOWEST: -11 ON 3 3 = THUNDER
SNOW, ICE PELLETS, HAIL 4 = ICE PELLETS
TOTAL MONTH: 0.0 INCH 5 = HAIL
GRTST 24HR 0.0 6 = FREEZING RAIN OR DRIZZLE
GRTST DEPTH: 3 ON 3 7 = DUSTSTORM OR SANDSTORM:
VSBY 1/2 MILE OR LESS
8 = SMOKE OR HAZE
[NO. OF DAYS WITH] [WEATHER - DAYS WITH] 9 = BLOWING SNOW
X = TORNADO
MAX 32 OR BELOW: 15 0.01 INCH OR MORE: 11
MAX 90 OR ABOVE: 0 0.10 INCH OR MORE: 4
MIN 32 OR BELOW: 30 0.50 INCH OR MORE: 1
MIN 0 OR BELOW: 4 1.00 INCH OR MORE: 0
[HDD (BASE 65) ]
TOTAL THIS MO. 1232 CLEAR (SCALE 0-3) 10
DPTR FM NORMAL 39 PTCLDY (SCALE 4-7) 10
TOTAL FM JUL 1 7633 CLOUDY (SCALE 8-10) 11
DPTR FM NORMAL -230
[CDD (BASE 65) ]
TOTAL THIS MO. 0
DPTR FM NORMAL 0 [PRESSURE DATA]
TOTAL FM JAN 1 0 HIGHEST SLP M ON M
DPTR FM NORMAL 0 LOWEST SLP M ON M
[REMARKS]
#FINAL-03-22#