000
CXUS53 KGRB 171635
CF6AIG
PRELIMINARY LOCAL CLIMATOLOGICAL DATA (WS FORM: F-6)
STATION: ANTIGO AWOS
MONTH: NOVEMBER
YEAR: 2021
LATITUDE: 45 9 N
LONGITUDE: 89 8 W
TEMPERATURE IN F: :PCPN: SNOW: WIND :SUNSHINE: SKY :PK WND
================================================================================
1 2 3 4 5 6A 6B 7 8 9 10 11 12 13 14 15 16 17 18
12Z AVG MX 2MIN
DY MAX MIN AVG DEP HDD CDD WTR SNW DPTH SPD SPD DIR MIN PSBL S-S WX SPD DR
================================================================================
1 38 28 33 -5 32 0 M M M 9.7 15 280 M M 6 23 280
2 38 25 32 -6 33 0 M M M 9.1 15 290 M M 5 21 300
3 36 23 30 -7 35 0 M M M 2.3 7 290 M M 9 M M
4 45 26 36 -1 29 0 M M M 4.9 10 200 M M 4 16 200
5 50 30 40 4 25 0 M M M 11.1 22 210 M M 2 26 210
6 59 38 49 13 16 0 M M M 10.7 15 250 M M 2 23 200
7 63 29 46 11 19 0 M M M 4.8 12 190 M M 2 12 18 170
8 64 34 49 14 16 0 M M M 5.1 15 340 M M 1 21 340
9 51 24 38 4 27 0 M M M 2.0 8 290 M M 0 M M
10 49 22 36 2 29 0 0.07 M M 8.1 20 100 M M 3 28 100
11 48 31 40 7 25 0 0.30 M M 17.7 24 110 M M 9 1 35 110
12 38 30 34 1 31 0 M M M 5.4 10 140 M M 10 18 310
13 33 28 31 -1 34 0 0.01 M M 9.0 12 250 M M 10 20 310
14 33 25 29 -3 36 0 0.06 M M 9.6 15 340 M M 10 1 22 340
15 34 20 27 -4 38 0 M M M 4.1 10 290 M M 5 17 290
16 38 15 27 -3 38 0 M M M 10.1 21 120 M M 5 1 27 120
17 43 31 37 7 28 0 M M M 12.7 23 260 M M 8 1 36 260
18 31 24 28 -1 37 0 M M M 15.5 21 300 M M 8 32 300
19 33 19 26 -3 39 0 M M M 8.8 15 160 M M 1 21 160
20 41 23 32 4 33 0 0.00 0.0 0 6.0 12 270 M M 2 M M
21 35 20 28 0 37 0 T T 0 11.7 25 290 M M 5 35 300
22 25 12 19 -8 46 0 M M M 10.1 16 280 M M 4 25 280
23 39 13 26 0 39 0 M M M 7.5 15 190 M M 1 20 190
24 46 26 36 10 29 0 M M M 7.3 14 340 M M 3 22 0
25 37 13 25 0 40 0 M M M 12.9 17 330 M M 8 1 25 330
26 24 8 16 -9 49 0 M M M 5.0 9 150 M M 5 M M
27 28 20 24 0 41 0 M M M 5.3 9 150 M M 10 M M
28 32 14 23 -1 42 0 M M M 9.7 17 320 M M 4 25 290
29 28 11 20 -3 45 0 M M M 3.9 13 130 M M 7 1 M M
30 34 16 25 2 40 0 M M M 8.5 23 310 M M 5 1 30 310
================================================================================
SM 1193 678 1008 0 0.44 T 248.8 M 154
================================================================================
AV 39.8 22.6 8.3 FASTST M M 5 MAX(MPH)
MISC ----> 25 290 36 260
================================================================================
NOTES:
# LAST OF SEVERAL OCCURRENCES
COLUMN 17 PEAK WIND IN M.P.H.
PRELIMINARY LOCAL CLIMATOLOGICAL DATA (WS FORM: F-6) , PAGE 2
STATION: ANTIGO AWOS
MONTH: NOVEMBER
YEAR: 2021
LATITUDE: 45 9 N
LONGITUDE: 89 8 W
[TEMPERATURE DATA] [PRECIPITATION DATA] SYMBOLS USED IN COLUMN 16
AVERAGE MONTHLY: 31.2 TOTAL FOR MONTH: 0.44 1 = FOG OR MIST
DPTR FM NORMAL: 0.7 DPTR FM NORMAL: -1.49 2 = FOG REDUCING VISIBILITY
HIGHEST: 64 ON 8 GRTST 24HR 0.30 ON 11-11 TO 1/4 MILE OR LESS
LOWEST: 8 ON 26 3 = THUNDER
SNOW, ICE PELLETS, HAIL 4 = ICE PELLETS
TOTAL MONTH: T 5 = HAIL
GRTST 24HR T ON 21-21 6 = FREEZING RAIN OR DRIZZLE
GRTST DEPTH: 0 7 = DUSTSTORM OR SANDSTORM:
VSBY 1/2 MILE OR LESS
8 = SMOKE OR HAZE
[NO. OF DAYS WITH] [WEATHER - DAYS WITH] 9 = BLOWING SNOW
X = TORNADO
MAX 32 OR BELOW: 6 0.01 INCH OR MORE: 4
MAX 90 OR ABOVE: 0 0.10 INCH OR MORE: 1
MIN 32 OR BELOW: 28 0.50 INCH OR MORE: 0
MIN 0 OR BELOW: 0 1.00 INCH OR MORE: 0
[HDD (BASE 65) ]
TOTAL THIS MO. 1008 CLEAR (SCALE 0-3) 9
DPTR FM NORMAL -27 PTCLDY (SCALE 4-7) 13
TOTAL FM JUL 1 1726 CLOUDY (SCALE 8-10) 8
DPTR FM NORMAL -373
[CDD (BASE 65) ]
TOTAL THIS MO. 0
DPTR FM NORMAL 0 [PRESSURE DATA]
TOTAL FM JAN 1 284 HIGHEST SLP M ON M
DPTR FM NORMAL 24 LOWEST SLP M ON M
[REMARKS]
#FINAL-11-21#