000
CXUS54 KCRP 031412
CF6ALI
PRELIMINARY LOCAL CLIMATOLOGICAL DATA (WS FORM: F-6)
STATION: ALICE
MONTH: NOVEMBER
YEAR: 2023
LATITUDE: 27 44 N
LONGITUDE: 98 1 W
TEMPERATURE IN F: :PCPN: SNOW: WIND :SUNSHINE: SKY :PK WND
================================================================================
1 2 3 4 5 6A 6B 7 8 9 10 11 12 13 14 15 16 17 18
12Z AVG MX 2MIN
DY MAX MIN AVG DEP HDD CDD WTR SNW DPTH SPD SPD DIR MIN PSBL S-S WX SPD DR
================================================================================
1 68 40 54 -16 11 0 0.00 0.0 0 5.6 13 50 M M M 18 21 60
2 71 47 59 -10 6 0 0.00 0.0 0 6.3 14 110 M M M 18 19 110
3 84 54 69 0 0 4 0.00 0.0 0 4.5 17 110 M M M 23 110
4 85 54 70 1 0 5 0.00 0.0 0 3.0 14 120 M M M 12 18 120
5 87 55 71 3 0 6 0.00 0.0 0 4.2 13 150 M M M 12 19 160
6 88 58 73 5 0 8 0.00 0.0 0 7.3 17 160 M M M 12 25 190
7 89 60 75 7 0 10 0.00 0.0 0 8.5 18 150 M M M 12 27 150
8 91 62 77 10 0 12 0.00 0.0 0 7.9 21 130 M M M 12 31 200
9 88 64 76 9 0 11 0.01 0.0 0 4.9 16 120 M M M 12 21 120
10 72 59 66 -1 0 1 0.20 0.0 0 11.1 21 10 M M M 1 29 10
11 60 57 59 -7 6 0 0.91 0.0 0 8.0 14 36 M M M 1 18 10
12 62 59 61 -5 4 0 1.84 0.0 0 7.2 16 40 M M M 1 24 50
13 63 59 61 -5 4 0 0.41 0.0 0 11.5 18 10 M M 10 1 27 360
14 78 59 69 3 0 4 0.00 0.0 0 7.4 15 360 M M 0 20 350
15 79 55 67 2 0 2 0.00 0.0 0 5.4 10 40 M M 0 15 80
16 73 51 62 -3 3 0 0.00 0.0 0 4.5 8 110 M M 2 12 11 100
17 83 51 67 2 0 2 0.00 0.0 0 3.3 14 210 M M 5 12 18 240
18 78 58 68 4 0 3 0.00 0.0 0 5.6 14 30 M M 2 12 18 20
19 80 58 69 5 0 4 0.00 0.0 0 6.4 17 140 M M 10 12 25 140
20 85 66 76 12 0 11 0.00 0.0 0 8.0 17 330 M M 7 18 24 340
21 69 50 60 -4 5 0 0.00 0.0 0 11.5 24 350 M M 1 35 350
22 69 42 56 -8 9 0 0.00 0.0 0 7.2 16 350 M M 0 21 350
23 64 45 55 -8 10 0 0.05 0.0 0 5.2 13 230 M M M 1 17 240
24 72 43 58 -5 7 0 0.00 0.0 0 6.9 13 60 M M M 12 19 80
25 72 59 66 3 0 1 0.04 0.0 0 8.6 15 90 M M M 1 21 90
26 64 52 58 -5 7 0 0.04 0.0 0 10.4 24 20 M M M 1 32 20
27 57 50 54 -8 11 0 0.00 0.0 0 7.3 16 40 M M M 24 30
28 62 53 58 -4 7 0 0.00 0.0 0 4.4 10 50 M M M 14 50
29 71 56 64 2 1 0 0.11 0.0 0 8.1 17 150 M M M 1 24 170
30 78 61 70 8 0 5 0.14 0.0 0 7.6 17 220 M M M 26 180
================================================================================
SM 2242 1637 91 89 3.75 0.0 207.8 M 37
================================================================================
AV 74.7 54.6 6.9 FASTST M M 4 MAX(MPH)
MISC ----> # 24 350 35 350
================================================================================
NOTES:
# LAST OF SEVERAL OCCURRENCES
COLUMN 17 PEAK WIND IN M.P.H.
PRELIMINARY LOCAL CLIMATOLOGICAL DATA (WS FORM: F-6) , PAGE 2
STATION: ALICE
MONTH: NOVEMBER
YEAR: 2023
LATITUDE: 27 44 N
LONGITUDE: 98 1 W
[TEMPERATURE DATA] [PRECIPITATION DATA] SYMBOLS USED IN COLUMN 16
AVERAGE MONTHLY: 64.6 TOTAL FOR MONTH: 3.75 1 = FOG OR MIST
DPTR FM NORMAL: -0.7 DPTR FM NORMAL: 2.17 2 = FOG REDUCING VISIBILITY
HIGHEST: 91 ON 8 GRTST 24HR 1.84 ON 12-12 TO 1/4 MILE OR LESS
LOWEST: 40 ON 1 3 = THUNDER
SNOW, ICE PELLETS, HAIL 4 = ICE PELLETS
TOTAL MONTH: 0.0 INCH 5 = HAIL
GRTST 24HR 0.0 6 = FREEZING RAIN OR DRIZZLE
GRTST DEPTH: 0 7 = DUSTSTORM OR SANDSTORM:
VSBY 1/2 MILE OR LESS
8 = SMOKE OR HAZE
[NO. OF DAYS WITH] [WEATHER - DAYS WITH] 9 = BLOWING SNOW
X = TORNADO
MAX 32 OR BELOW: 0 0.01 INCH OR MORE: 10
MAX 90 OR ABOVE: 1 0.10 INCH OR MORE: 6
MIN 32 OR BELOW: 0 0.50 INCH OR MORE: 2
MIN 0 OR BELOW: 0 1.00 INCH OR MORE: 1
[HDD (BASE 65) ]
TOTAL THIS MO. 91 CLEAR (SCALE 0-3) 6
DPTR FM NORMAL -8 PTCLDY (SCALE 4-7) 2
TOTAL FM JUL 1 121 CLOUDY (SCALE 8-10) 22
DPTR FM NORMAL 11
[CDD (BASE 65) ]
TOTAL THIS MO. 89
DPTR FM NORMAL -21 [PRESSURE DATA]
TOTAL FM JAN 1 3790 HIGHEST SLP M ON M
DPTR FM NORMAL 74 LOWEST SLP 29.61 ON 20
[REMARKS]
#FINAL-11-23#