000
CXUS55 KPUB 012042
CF6ALS
PRELIMINARY LOCAL CLIMATOLOGICAL DATA (WS FORM: F-6)
STATION: ALAMOSA CO
MONTH: JULY
YEAR: 2022
LATITUDE: 37 27 N
LONGITUDE: 105 52 W
TEMPERATURE IN F: :PCPN: SNOW: WIND :SUNSHINE: SKY :PK WND
================================================================================
1 2 3 4 5 6A 6B 7 8 9 10 11 12 13 14 15 16 17 18
12Z AVG MX 2MIN
DY MAX MIN AVG DEP HDD CDD WTR SNW DPTH SPD SPD DIR MIN PSBL S-S WX SPD DR
================================================================================
1 73 51 62 -2 3 0 T 0.0 0 4.7 24 290 M M 6 30 290
2 79 45 62 -2 3 0 T 0.0 0 6.6 23 270 M M 3 12 29 270
3 77 55 66 2 0 1 T 0.0 0 10.0 28 160 M M 5 39 150
4 82 46 64 -1 1 0 0.00 0.0 0 4.6 18 320 M M 1 1 25 300
5 80 51 66 1 0 1 0.31 0.0 0 7.9 26 290 M M 6 13 33 280
6 81 46 64 -1 1 0 0.09 0.0 0 5.0 24 300 M M 4 123 33 290
7 82 45 64 -1 1 0 0.00 0.0 0 5.4 21 260 M M 0 28 250
8 86 50 68 3 0 3 0.00 0.0 0 5.9 15 100 M M 1 22 90
9 90 48 69 4 0 4 0.00 0.0 0 6.5 18 160 M M 1 25 170
10 89 51 70 5 0 5 0.00 0.0 0 6.9 24 300 M M 2 34 280
11 85 51 68 3 0 3 0.01 0.0 0 6.9 25 30 M M 2 3 36 30
12 83 45 64 -2 1 0 0.00 0.0 0 6.3 25 260 M M 1 12 32 50
13 87 44 66 0 0 1 0.00 0.0 0 4.9 20 260 M M 1 23 260
14 90 53 72 6 0 7 0.00 0.0 0 5.7 22 330 M M 1 3 30 310
15 90 53 72 6 0 7 T 0.0 0 6.4 25 160 M M 2 3 35 150
16 90 52 71 5 0 6 T 0.0 0 6.9 31 280 M M 3 3 42 280
17 88 48 68 2 0 3 0.00 0.0 0 6.4 20 130 M M 0 27 130
18 91 55 73 7 0 8 0.00 0.0 0 6.0 28 310 M M 1 3 37 320
19 90 50 70 4 0 5 0.01 0.0 0 6.8 35 290 M M 2 3 48 320
20 86 50 68 2 0 3 T 0.0 0 8.9 29 100 M M 1 3 39 130
21 88 48 68 2 0 3 T 0.0 0 6.5 18 240 M M 1 24 240
22 89 47 68 2 0 3 0.00 0.0 0 6.1 25 300 M M 0 35 290
23 89 47 68 2 0 3 0.00 0.0 0 8.2 28 320 M M 0 37 330
24 84 53 69 3 0 4 0.47 0.0 0 7.8 31 160 M M 4 13 42 160
25 80 54 67 1 0 2 0.08 0.0 0 6.4 20 310 M M 5 3 25 360
26 80 54 67 1 0 2 0.07 0.0 0 5.4 33 10 M M 6 13 45 360
27 79 57 68 2 0 3 T 0.0 0 5.8 28 200 M M 5 36 200
28 75 55 65 0 0 0 0.46 0.0 0 6.2 21 150 M M 6 13 32 120
29 68 55 62 -3 3 0 0.12 0.0 0 3.5 16 40 M M 10 1 19 40
30 75 55 65 0 0 0 0.00 0.0 0 5.6 21 130 M M 6 29 130
31 79 50 65 0 0 0 0.00 0.0 0 5.5 17 210 M M 4 22 210
================================================================================
SM 2585 1564 13 77 1.62 0.0 195.7 M 90
================================================================================
AV 83.4 50.5 6.3 FASTST M M 3 MAX(MPH)
MISC ----> 35 290 48 320
================================================================================
NOTES:
COLUMN 17 PEAK WIND IN M.P.H.
PRELIMINARY LOCAL CLIMATOLOGICAL DATA (WS FORM: F-6) , PAGE 2
STATION: ALAMOSA CO
MONTH: JULY
YEAR: 2022
LATITUDE: 37 27 N
LONGITUDE: 105 52 W
[TEMPERATURE DATA] [PRECIPITATION DATA] SYMBOLS USED IN COLUMN 16
AVERAGE MONTHLY: 66.9 TOTAL FOR MONTH: 1.62 1 = FOG OR MIST
DPTR FM NORMAL: 1.6 DPTR FM NORMAL: 0.58 2 = FOG REDUCING VISIBILITY
HIGHEST: 91 ON 18 GRTST 24HR 0.58 ON 28-29 TO 1/4 MILE OR LESS
LOWEST: 44 ON 13 3 = THUNDER
SNOW, ICE PELLETS, HAIL 4 = ICE PELLETS
TOTAL MONTH: 0.0 INCH 5 = HAIL
GRTST 24HR 0.0 6 = FREEZING RAIN OR DRIZZLE
GRTST DEPTH: 0 7 = DUSTSTORM OR SANDSTORM:
VSBY 1/2 MILE OR LESS
8 = SMOKE OR HAZE
[NO. OF DAYS WITH] [WEATHER - DAYS WITH] 9 = BLOWING SNOW
X = TORNADO
MAX 32 OR BELOW: 0 0.01 INCH OR MORE: 9
MAX 90 OR ABOVE: 6 0.10 INCH OR MORE: 4
MIN 32 OR BELOW: 0 0.50 INCH OR MORE: 0
MIN 0 OR BELOW: 0 1.00 INCH OR MORE: 0
[HDD (BASE 65) ]
TOTAL THIS MO. 13 CLEAR (SCALE 0-3) 19
DPTR FM NORMAL -21 PTCLDY (SCALE 4-7) 11
TOTAL FM JUL 1 13 CLOUDY (SCALE 8-10) 1
DPTR FM NORMAL -22
[CDD (BASE 65) ]
TOTAL THIS MO. 77
DPTR FM NORMAL 34 [PRESSURE DATA]
TOTAL FM JAN 1 92 HIGHEST SLP 30.27 ON 9
DPTR FM NORMAL 39 LOWEST SLP 29.90 ON 23
[REMARKS]
#FINAL-07-22#