000
CXUS55 KPUB 021703
CF6ALS
PRELIMINARY LOCAL CLIMATOLOGICAL DATA (WS FORM: F-6)
STATION: ALAMOSA CO
MONTH: MAY
YEAR: 2022
LATITUDE: 37 27 N
LONGITUDE: 105 52 W
TEMPERATURE IN F: :PCPN: SNOW: WIND :SUNSHINE: SKY :PK WND
================================================================================
1 2 3 4 5 6A 6B 7 8 9 10 11 12 13 14 15 16 17 18
12Z AVG MX 2MIN
DY MAX MIN AVG DEP HDD CDD WTR SNW DPTH SPD SPD DIR MIN PSBL S-S WX SPD DR
================================================================================
1 72 26 49 2 16 0 0.00 0.0 0 15.7 38 220 M M 2 8 54 230
2 67 38 53 6 12 0 0.00 0.0 0 10.6 25 310 M M 1 33 310
3 74 35 55 8 10 0 0.00 0.0 0 18.5 38 250 M M 1 8 55 250
4 57 31 44 -4 21 0 0.03 0.0 0 11.3 30 330 M M 4 38 340
5 70 15 43 -5 22 0 0.00 0.0 0 7.2 23 360 M M 0 31 350
6 79 31 55 7 10 0 0.00 0.0 0 7.0 26 250 M M 0 35 240
7 80 36 58 9 7 0 0.00 0.0 0 16.0 33 230 M M 0 46 230
8 75 47 61 12 4 0 0.00 0.0 0 24.2 46 240 M M 4 8 63 210
9 72 45 59 10 6 0 0.00 0.0 0 24.4 43 220 M M 5 8 56 220
10 78 40 59 9 6 0 0.00 0.0 0 18.0 35 200 M M 0 50 200
11 80 33 57 7 8 0 0.00 0.0 0 17.5 33 240 M M 0 51 230
12 69 33 51 1 14 0 0.00 0.0 0 17.1 35 240 M M 0 47 200
13 73 20 47 -4 18 0 0.00 0.0 0 6.5 23 260 M M 0 30 260
14 78 23 51 0 14 0 0.00 0.0 0 4.0 18 210 M M 0 29 160
15 79 33 56 5 9 0 0.00 0.0 0 5.7 17 360 M M 0 21 10
16 79 36 58 6 7 0 0.00 0.0 0 9.5 30 250 M M 0 40 260
17 83 31 57 5 8 0 0.00 0.0 0 7.0 21 100 M M 0 29 110
18 80 42 61 9 4 0 0.00 0.0 0 7.0 28 350 M M 0 40 340
19 79 33 56 3 9 0 0.00 0.0 0 13.3 33 260 M M 0 43 260
20 76 42 59 6 6 0 0.00 0.0 0 19.8 38 220 M M 4 8 56 200
21 57 33 45 -8 20 0 T T 0 9.0 18 360 M M 9 1 26 110
22 70 26 48 -6 17 0 0.00 0.0 0 11.8 31 230 M M 4 41 220
23 68 40 54 0 11 0 0.08 0.0 0 13.4 33 250 M M 7 1 44 250
24 53 33 43 -11 22 0 0.28 0.2 T 8.6 25 350 M M 8 13 34 340
25 72 27 50 -5 15 0 0.00 0.0 0 9.7 25 350 M M 2 12 33 360
26 81 32 57 2 8 0 0.00 0.0 0 5.4 13 310 M M 0 21 10
27 84 35 60 5 5 0 0.00 0.0 0 10.4 29 260 M M 0 40 240
28 79 38 59 3 6 0 0.00 0.0 0 14.4 35 220 M M 0 46 220
29 74 41 58 2 7 0 T 0.0 0 20.8 45 240 M M 2 8 62 220
30 64 29 47 -9 18 0 0.00 0.0 0 17.0 43 240 M M 2 58 240
31 73 28 51 -5 14 0 0.00 0.0 0 12.1 26 90 M M 1 38 90
================================================================================
SM 2275 1032 354 0 0.39 0.2 392.9 M 56
================================================================================
AV 73.4 33.3 12.7 FASTST M M 2 MAX(MPH)
MISC ----> 46 240 63 210
================================================================================
NOTES:
COLUMN 7; REMOVED FALSE TIPS ON THE 21ST AND 22ND. USED COOP STATION 05-0128 TO
SUPPLEMENT DATA ON THESE DAYS. AWPAG WAS FIXED ON THE 23RD.
COLUMN 17 PEAK WIND IN M.P.H.
PRELIMINARY LOCAL CLIMATOLOGICAL DATA (WS FORM: F-6) , PAGE 2
STATION: ALAMOSA CO
MONTH: MAY
YEAR: 2022
LATITUDE: 37 27 N
LONGITUDE: 105 52 W
[TEMPERATURE DATA] [PRECIPITATION DATA] SYMBOLS USED IN COLUMN 16
AVERAGE MONTHLY: 53.3 TOTAL FOR MONTH: 0.39 1 = FOG OR MIST
DPTR FM NORMAL: 1.6 DPTR FM NORMAL: -0.21 2 = FOG REDUCING VISIBILITY
HIGHEST: 84 ON 27 GRTST 24HR 0.36 ON 23-24 TO 1/4 MILE OR LESS
LOWEST: 15 ON 5 3 = THUNDER
SNOW, ICE PELLETS, HAIL 4 = ICE PELLETS
TOTAL MONTH: 0.2 INCH 5 = HAIL
GRTST 24HR 0.2 ON 24 6 = FREEZING RAIN OR DRIZZLE
GRTST DEPTH: T ON 24 7 = DUSTSTORM OR SANDSTORM:
VSBY 1/2 MILE OR LESS
8 = SMOKE OR HAZE
[NO. OF DAYS WITH] [WEATHER - DAYS WITH] 9 = BLOWING SNOW
X = TORNADO
MAX 32 OR BELOW: 0 0.01 INCH OR MORE: 3
MAX 90 OR ABOVE: 0 0.10 INCH OR MORE: 1
MIN 32 OR BELOW: 12 0.50 INCH OR MORE: 0
MIN 0 OR BELOW: 0 1.00 INCH OR MORE: 0
[HDD (BASE 65) ]
TOTAL THIS MO. 354 CLEAR (SCALE 0-3) 23
DPTR FM NORMAL -58 PTCLDY (SCALE 4-7) 6
TOTAL FM JUL 1 7654 CLOUDY (SCALE 8-10) 2
DPTR FM NORMAL -526
[CDD (BASE 65) ]
TOTAL THIS MO. 0
DPTR FM NORMAL 0 [PRESSURE DATA]
TOTAL FM JAN 1 0 HIGHEST SLP 30.21 ON 22
DPTR FM NORMAL 0 LOWEST SLP 29.31 ON 29
[REMARKS]
#FINAL-05-22#