000
CXUS55 KPUB 131639
CF6ALS
PRELIMINARY LOCAL CLIMATOLOGICAL DATA (WS FORM: F-6)
STATION: ALAMOSA CO
MONTH: NOVEMBER
YEAR: 2021
LATITUDE: 37 27 N
LONGITUDE: 105 52 W
TEMPERATURE IN F: :PCPN: SNOW: WIND :SUNSHINE: SKY :PK WND
================================================================================
1 2 3 4 5 6A 6B 7 8 9 10 11 12 13 14 15 16 17 18
12Z AVG MX 2MIN
DY MAX MIN AVG DEP HDD CDD WTR SNW DPTH SPD SPD DIR MIN PSBL S-S WX SPD DR
================================================================================
1 62 24 43 6 22 0 0.00 0.0 0 6.4 18 190 M M 0 27 200
2 56 25 41 4 24 0 0.05 0.0 0 4.5 18 20 M M 6 1 35 360
3 57 15 36 0 29 0 0.00 0.0 0 2.8 10 360 M M 1 12 12 10
4 59 12 36 0 29 0 0.00 0.0 0 1.2 8 30 M M 0 9 160
5 64 11 38 3 27 0 0.00 0.0 0 2.7 9 60 M M 0 13 60
6 68 11 40 5 25 0 0.00 0.0 0 6.6 17 210 M M 0 22 210
7 70 21 46 12 19 0 0.00 0.0 0 7.8 22 240 M M 0 30 240
8 67 22 45 11 20 0 0.00 0.0 0 7.2 26 230 M M 0 34 240
9 62 19 41 7 24 0 0.00 0.0 0 9.2 26 210 M M 1 35 210
10 55 19 37 4 28 0 0.00 0.0 0 10.2 28 360 M M 2 43 360
11 51 9 30 -3 35 0 0.00 0.0 0 5.0 16 360 M M 0 22 10
12 58 13 36 4 29 0 0.00 0.0 0 5.5 13 250 M M 0 17 160
13 60 12 36 4 29 0 0.00 0.0 0 5.0 10 250 M M 0 15 260
14 59 12 36 5 29 0 0.00 0.0 0 4.0 10 250 M M 0 12 280
15 63 17 40 9 25 0 0.00 0.0 0 3.1 10 30 M M 0 14 20
16 66 22 44 14 21 0 0.00 0.0 0 7.5 25 270 M M 0 36 270
17 55 9 32 2 33 0 0.00 0.0 0 5.8 21 360 M M 1 31 360
18 46 2 24 -5 41 0 0.00 0.0 0 3.9 10 100 M M 0 12 90
19 60 15 38 9 27 0 0.00 0.0 0 5.0 10 170 M M 0 13 160
20 56 11 34 6 31 0 0.00 0.0 0 4.6 18 350 M M 2 24 360
21 47 11 29 1 36 0 0.00 0.0 0 5.0 15 340 M M 1 21 360
22 55 0 28 1 37 0 0.00 0.0 0 2.6 10 80 M M 0 12 90
23 58 -1 29 2 36 0 T 0.0 0 5.8 23 230 M M 4 29 230
24 51 22 37 11 28 0 T 0.3 0 6.5 24 220 M M 7 1 31 350
25 42 7 25 -1 40 0 0.00 0.0 T 2.7 10 360 M M 2 12 14 350
26 52 2 27 2 38 0 0.00 0.0 0 2.2 8 90 M M 0 11 80
27 57 5 31 6 34 0 0.00 0.0 0 3.2 9 170 M M 0 11 210
28 56 9 33 9 32 0 0.00 0.0 0 1.7 9 170 M M 0 14 140
29 60 7 34 10 31 0 0.00 0.0 0 2.3 9 210 M M 0 10 350
30 58 10 34 11 31 0 0.00 0.0 0 3.6 13 20 M M 0 17 20
================================================================================
SM 1730 373 890 0 0.05 0.3 143.6 M 27
================================================================================
AV 57.7 12.4 4.8 FASTST M M 1 MAX(MPH)
MISC ----> 28 360 43 360
================================================================================
NOTES:
COLUMN 17 PEAK WIND IN M.P.H.
PRELIMINARY LOCAL CLIMATOLOGICAL DATA (WS FORM: F-6) , PAGE 2
STATION: ALAMOSA CO
MONTH: NOVEMBER
YEAR: 2021
LATITUDE: 37 27 N
LONGITUDE: 105 52 W
[TEMPERATURE DATA] [PRECIPITATION DATA] SYMBOLS USED IN COLUMN 16
AVERAGE MONTHLY: 35.1 TOTAL FOR MONTH: 0.05 1 = FOG OR MIST
DPTR FM NORMAL: 4.8 DPTR FM NORMAL: -0.32 2 = FOG REDUCING VISIBILITY
HIGHEST: 70 ON 7 GRTST 24HR 0.05 ON 2 TO 1/4 MILE OR LESS
LOWEST: -1 ON 23 3 = THUNDER
SNOW, ICE PELLETS, HAIL 4 = ICE PELLETS
TOTAL MONTH: 0.3 INCH 5 = HAIL
GRTST 24HR 0.3 ON 24 6 = FREEZING RAIN OR DRIZZLE
GRTST DEPTH: T ON 24 7 = DUSTSTORM OR SANDSTORM:
VSBY 1/2 MILE OR LESS
8 = SMOKE OR HAZE
[NO. OF DAYS WITH] [WEATHER - DAYS WITH] 9 = BLOWING SNOW
X = TORNADO
MAX 32 OR BELOW: 0 0.01 INCH OR MORE: 1
MAX 90 OR ABOVE: 0 0.10 INCH OR MORE: 0
MIN 32 OR BELOW: 30 0.50 INCH OR MORE: 0
MIN 0 OR BELOW: 2 1.00 INCH OR MORE: 0
[HDD (BASE 65) ]
TOTAL THIS MO. 890 CLEAR (SCALE 0-3) 27
DPTR FM NORMAL -151 PTCLDY (SCALE 4-7) 3
TOTAL FM JUL 1 1799 CLOUDY (SCALE 8-10) 0
DPTR FM NORMAL -280
[CDD (BASE 65) ]
TOTAL THIS MO. 0
DPTR FM NORMAL 0 [PRESSURE DATA]
TOTAL FM JAN 1 155 HIGHEST SLP 30.77 ON 22
DPTR FM NORMAL 84 LOWEST SLP 29.77 ON 16
[REMARKS]
#FINAL-11-21#