000
CXUS55 KPUB 020443
CLSALS
CLIMATE REPORT
NATIONAL WEATHER SERVICE
943 PM MST THU DEC 01 2022
...................................
...THE ALAMOSA CO CLIMATE SUMMARY FOR THE SEASON, FROM
9/1/2022 TO 11/30/2022...
CLIMATE NORMAL PERIOD 1991 TO 2020
CLIMATE RECORD PERIOD 1932 TO 2022
WEATHER OBSERVED NORMAL DEPART LAST YEAR`S
VALUE DATE(S) VALUE FROM VALUE DATE(S)
NORMAL
................................................................
TEMPERATURE (F)
RECORD
HIGH 89 09/05/2020
LOW -30 11/27/1952
HIGHEST 89R 09/05 89 09/10
09/11
LOWEST -4 11/17 -1 11/23
AVG. MAXIMUM 62.1 61.9 0.2 66.8
AVG. MINIMUM 24.7 24.8 -0.1 23.9
MEAN 43.4 43.3 0.1 45.4
DAYS MAX >= 90 0 0.0 0.0
DAYS MAX <= 32 1 2.9 -1.9
DAYS MIN <= 32 57 64.0 -7.0
DAYS MIN <= 0 10 3.3 6.7
PRECIPITATION (INCHES)
RECORD
MAXIMUM 5.14 2013
MINIMUM 0.23 1955
TOTALS 1.29 2.00 -0.71 0.73
DAILY AVG. 0.01 0.02 -0.01
DAYS >= .01 13 14.9 -1.9
DAYS >= .10 5 6.2 -1.2
DAYS >= .50 0 0.6 -0.6
DAYS >= 1.00 0 0.1 -0.1
GREATEST
24 HR. TOTAL 0.41 09/21 TO 09/22
SNOWFALL (INCHES)
RECORDS
MAXIMUM 34.1 1972
MINIMUM T 2012
TOTALS 4.6 MM MM 0.3
SINCE 7/1 4.6 MM MM MM
SNOWDEPTH AVG. 0
DAYS >= 1.0 2 MM MM
GREATEST
SNOW DEPTH 2 11/13 -1
11/14
11/15
24 HR TOTAL 2.3 11/13 TO 11/14 0.3
DEGREE DAYS
HEATING TOTAL 1949 1973 -24 1767
SINCE 7/1 2006 2079 -73 1799
COOLING TOTAL 6 1 5 0
SINCE 1/1 134 71 63 155
................................................................
WIND (MPH)
AVERAGE WIND SPEED 6.0
HIGHEST WIND SPEED/DIRECTION 47/210 DATE 11/09
HIGHEST GUST SPEED/DIRECTION 64/210 DATE 09/02
SKY COVER
POSSIBLE SUNSHINE (PERCENT) MM
AVERAGE SKY COVER 0.18
NUMBER OF DAYS FAIR 73
NUMBER OF DAYS PC 14
NUMBER OF DAYS CLOUDY 4
AVERAGE RH (PERCENT) 56
WEATHER CONDITIONS. NUMBER OF DAYS WITH
THUNDERSTORM 6 MIXED PRECIP 0
HEAVY RAIN 2 RAIN 5
LIGHT RAIN 17 FREEZING RAIN 0
LT FREEZING RAIN 0 HAIL 0
HEAVY SNOW 0 SNOW 3
LIGHT SNOW 4 SLEET 0
FOG 14 FOG W/VIS <= 1/4 MILE 4
HAZE 6
- INDICATES NEGATIVE NUMBERS.
R INDICATES RECORD WAS SET OR TIED.
MM INDICATES DATA IS MISSING.
T INDICATES TRACE AMOUNT.
$$