000
CXUS52 KJAX 061914
CF6AMG
PRELIMINARY LOCAL CLIMATOLOGICAL DATA (WS FORM: F-6)
STATION: ALMA
MONTH: APRIL
YEAR: 2021
LATITUDE: 31 32 N
LONGITUDE: 82 30 W
TEMPERATURE IN F: :PCPN: SNOW: WIND :SUNSHINE: SKY :PK WND
================================================================================
1 2 3 4 5 6A 6B 7 8 9 10 11 12 13 14 15 16 17 18
12Z AVG MX 2MIN
DY MAX MIN AVG DEP HDD CDD WTR SNW DPTH SPD SPD DIR MIN PSBL S-S WX SPD DR
================================================================================
1 64 44 54 -9 11 0 T 0.0 0 13.1 24 310 M M 3 35 350
2 58 36 47 -16 18 0 0.00 0.0 0 4.8 15 340 M M 0 21 10
3 65 31 48 -16 17 0 0.00 0.0 0 1.6 10 100 M M 1 12 16 110
4 72 37 55 -9 10 0 0.00 0.0 0 1.7 10 320 M M 0 1 17 280
5 79 42 61 -3 4 0 0.00 0.0 0 1.7 10 300 M M 0 15 320
6 80 45 63 -1 2 0 0.00 0.0 0 2.1 12 220 M M 0 1 17 250
7 82 47 65 1 0 0 0.00 0.0 0 2.1 12 260 M M 0 1 20 200
8 81 51 66 1 0 1 0.00 0.0 0 6.0 18 200 M M 2 25 190
9 69 57 63 -2 2 0 0.21 0.0 0 2.4 12 200 M M 4 1 15 200
10 78 57 68 3 0 3 0.03 0.0 0 6.0 17 180 M M 1 1 26 150
11 73 54 64 -1 1 0 0.00 0.0 0 5.7 14 200 M M 6 12 20 200
12 83 58 71 5 0 6 0.00 0.0 0 5.4 14 320 M M 1 1 21 350
13 86 53 70 4 0 5 0.00 0.0 0 3.3 10 150 M M 0 17 130
14 88 60 74 8 0 9 0.00 0.0 0 6.6 16 230 M M 2 25 220
15 71 59 65 -1 0 0 T 0.0 0 4.8 14 300 M M 7 20 310
16 65 53 59 -7 6 0 T 0.0 0 2.2 9 50 M M 3 1 14 60
17 77 55 66 -1 0 1 0.04 0.0 0 3.5 14 210 M M 6 13 18 200
18 75 62 69 2 0 4 0.05 0.0 0 5.5 12 210 M M 8 1 17 210
19 77 53 65 -2 0 0 0.00 0.0 0 7.0 17 320 M M 1 25 320
20 78 52 65 -3 0 0 T 0.0 0 1.8 13 170 M M 3 20 160
21 82 52 67 -1 0 2 0.00 0.0 0 9.1 21 300 M M 0 1 33 300
22 66 42 54 -14 11 0 0.00 0.0 0 3.6 16 350 M M 0 26 360
23 75 40 58 -10 7 0 0.00 0.0 0 3.3 14 150 M M 0 1 20 160
24 70 59 65 -3 0 0 7.66 0.0 0 8.5 31 330 M M 8 13 52 330
25 78 59 69 0 0 4 0.00 0.0 0 6.5 16 300 M M 5 23 300
26 80 55 68 -1 0 3 0.00 0.0 0 4.0 10 120 M M 1 21 100
27 83 55 69 0 0 4 0.00 0.0 0 4.9 13 160 M M 1 1 18 150
28 84 58 71 1 0 6 0.00 0.0 0 3.4 10 180 M M 1 1 14 200
29 86 63 75 5 0 10 0.00 0.0 0 6.2 15 250 M M 2 21 280
30 86 61 74 4 0 9 0.00 0.0 0 6.3 16 280 M M 0 24 290
================================================================================
SM 2291 1550 89 67 7.99 0.0 143.1 M 66
================================================================================
AV 76.4 51.7 4.8 FASTST M M 2 MAX(MPH)
MISC ----> 31 330 52 330
================================================================================
NOTES:
# LAST OF SEVERAL OCCURRENCES
COLUMN 17 PEAK WIND IN M.P.H.
PRELIMINARY LOCAL CLIMATOLOGICAL DATA (WS FORM: F-6) , PAGE 2
STATION: ALMA
MONTH: APRIL
YEAR: 2021
LATITUDE: 31 32 N
LONGITUDE: 82 30 W
[TEMPERATURE DATA] [PRECIPITATION DATA] SYMBOLS USED IN COLUMN 16
AVERAGE MONTHLY: 64.0 TOTAL FOR MONTH: 7.99 1 = FOG OR MIST
DPTR FM NORMAL: -2.5 DPTR FM NORMAL: 5.14 2 = FOG REDUCING VISIBILITY
HIGHEST: 88 ON 14 GRTST 24HR 7.66 ON 24-24 TO 1/4 MILE OR LESS
LOWEST: 31 ON 3 3 = THUNDER
SNOW, ICE PELLETS, HAIL 4 = ICE PELLETS
TOTAL MONTH: 0.0 INCH 5 = HAIL
GRTST 24HR 0.0 6 = FREEZING RAIN OR DRIZZLE
GRTST DEPTH: 0 7 = DUSTSTORM OR SANDSTORM:
VSBY 1/2 MILE OR LESS
8 = SMOKE OR HAZE
[NO. OF DAYS WITH] [WEATHER - DAYS WITH] 9 = BLOWING SNOW
X = TORNADO
MAX 32 OR BELOW: 0 0.01 INCH OR MORE: 5
MAX 90 OR ABOVE: 0 0.10 INCH OR MORE: 2
MIN 32 OR BELOW: 1 0.50 INCH OR MORE: 1
MIN 0 OR BELOW: 0 1.00 INCH OR MORE: 1
[HDD (BASE 65) ]
TOTAL THIS MO. 89 CLEAR (SCALE 0-3) 22
DPTR FM NORMAL 29 PTCLDY (SCALE 4-7) 7
TOTAL FM JUL 1 1586 CLOUDY (SCALE 8-10) 1
DPTR FM NORMAL -54
[CDD (BASE 65) ]
TOTAL THIS MO. 67
DPTR FM NORMAL -39 [PRESSURE DATA]
TOTAL FM JAN 1 173 HIGHEST SLP 30.50 ON 3
DPTR FM NORMAL 9 LOWEST SLP 29.66 ON 11
[REMARKS]
#FINAL-04-21#