000
CXUS53 KDMX 020619
CF6AMW
PRELIMINARY LOCAL CLIMATOLOGICAL DATA (WS FORM: F-6)
STATION: AMES IA
MONTH: JUNE
YEAR: 2023
LATITUDE: 41 59 N
LONGITUDE: 93 37 W
TEMPERATURE IN F: :PCPN: SNOW: WIND :SUNSHINE: SKY :PK WND
================================================================================
1 2 3 4 5 6A 6B 7 8 9 10 11 12 13 14 15 16 17 18
12Z AVG MX 2MIN
DY MAX MIN AVG DEP HDD CDD WTR SNW DPTH SPD SPD DIR MIN PSBL S-S WX SPD DR
================================================================================
1 80 63 72 5 0 7 0.78 0.0 0 6.3 28 230 M M 5 13 35 220
2 88 66 77 10 0 12 0.00 0.0 0 4.3 16 110 M M 1 1 24 120
3 90 64 77 9 0 12 0.00 0.0 0 5.4 15 40 M M 0 1 22 50
4 91 63 77 9 0 12 0.04 0.0 0 4.4 20 80 M M 1 3 32 50
5 87 60 74 6 0 9 0.00 0.0 0 3.2 10 140 M M 0 18 14 120
6 92 60 76 8 0 11 0.06 0.0 0 3.7 21 30 M M 1 138 27 30
7 79 61 70 1 0 5 0.06 0.0 0 3.9 17 30 M M 3 18 25 40
8 77 54 66 -3 0 1 T 0.0 0 5.8 13 130 M M 4 19 120
9 79 50 65 -4 0 0 0.00 0.0 0 4.3 13 200 M M 0 22 180
10 81 55 68 -2 0 3 0.02 0.0 0 4.9 21 350 M M 6 24 20
11 73 50 62 -8 3 0 0.00 0.0 0 9.7 20 20 M M 6 26 10
12 80 41 61 -9 4 0 0.00 0.0 0 9.0 21 320 M M 1 30 300
13 87 58 73 3 0 8 0.00 0.0 0 11.3 18 320 M M 1 26 290
14 90 55 73 2 0 8 0.00 0.0 0 5.5 13 300 M M 1 18 280
15 91 57 74 3 0 9 0.00 0.0 0 5.9 18 40 M M 1 8 25 30
16 80 58 69 -2 0 4 0.00 0.0 0 6.8 14 110 M M 0 8 18 130
17 87 54 71 0 0 6 1.09 0.0 0 9.3 30 270 M M 3 13 44 310
18 81 63 72 1 0 7 0.00 0.0 0 5.9 12 280 M M 4 1 16 240
19 87 62 75 3 0 10 0.00 0.0 0 5.2 12 160 M M 0 1 19 120
20 87 63 75 3 0 10 0.00 0.0 0 6.8 17 140 M M 0 18 23 120
21 88 62 75 3 0 10 0.00 0.0 0 6.1 17 120 M M 0 24 80
22 91 62 77 5 0 12 0.00 0.0 0 3.1 10 100 M M 2 14 130
23 91 63 77 5 0 12 0.00 0.0 0 3.6 10 130 M M 1 18 14 140
24 82 65 74 2 0 9 0.57 0.0 0 7.9 23 160 M M 4 123 34 260
25 79 63 71 -1 0 6 0.02 0.0 0 17.4 30 300 M M 5 8 45 290
26 78 61 70 -3 0 5 0.00 0.0 0 11.8 22 330 M M 4 29 340
27 84 55 70 -3 0 5 0.00 0.0 0 4.4 13 110 M M 0 18 20 120
28 84 67 76 3 0 11 0.01 0.0 0 10.0 23 140 M M 2 138 33 140
29 89 67 78 5 0 13 0.03 0.0 0 4.5 15 200 M M 1 18 22 200
30 85 66 76 3 0 11 0.18 0.0 0 3.0 13 240 M M 1 13 18 230
================================================================================
SM 2538 1788 7 228 2.86 0.0 193.4 M 58
================================================================================
AV 84.6 59.6 6.4 FASTST M M 2 MAX(MPH)
MISC ----> # 30 270 45 290
================================================================================
NOTES:
# LAST OF SEVERAL OCCURRENCES
COLUMN 17 PEAK WIND IN M.P.H.
PRELIMINARY LOCAL CLIMATOLOGICAL DATA (WS FORM: F-6) , PAGE 2
STATION: AMES IA
MONTH: JUNE
YEAR: 2023
LATITUDE: 41 59 N
LONGITUDE: 93 37 W
[TEMPERATURE DATA] [PRECIPITATION DATA] SYMBOLS USED IN COLUMN 16
AVERAGE MONTHLY: 72.1 TOTAL FOR MONTH: 2.86 1 = FOG OR MIST
DPTR FM NORMAL: 1.5 DPTR FM NORMAL: -2.36 2 = FOG REDUCING VISIBILITY
HIGHEST: 92 ON 6 GRTST 24HR 1.09 ON 17-17 TO 1/4 MILE OR LESS
LOWEST: 41 ON 12 3 = THUNDER
SNOW, ICE PELLETS, HAIL 4 = ICE PELLETS
TOTAL MONTH: 0.0 INCH 5 = HAIL
GRTST 24HR 0.0 6 = FREEZING RAIN OR DRIZZLE
GRTST DEPTH: 0 7 = DUSTSTORM OR SANDSTORM:
VSBY 1/2 MILE OR LESS
8 = SMOKE OR HAZE
[NO. OF DAYS WITH] [WEATHER - DAYS WITH] 9 = BLOWING SNOW
X = TORNADO
MAX 32 OR BELOW: 0 0.01 INCH OR MORE: 11
MAX 90 OR ABOVE: 7 0.10 INCH OR MORE: 4
MIN 32 OR BELOW: 0 0.50 INCH OR MORE: 3
MIN 0 OR BELOW: 0 1.00 INCH OR MORE: 1
[HDD (BASE 65) ]
TOTAL THIS MO. 7 CLEAR (SCALE 0-3) 21
DPTR FM NORMAL -14 PTCLDY (SCALE 4-7) 9
TOTAL FM JUL 1 6424 CLOUDY (SCALE 8-10) 0
DPTR FM NORMAL -322
[CDD (BASE 65) ]
TOTAL THIS MO. 228
DPTR FM NORMAL 41 [PRESSURE DATA]
TOTAL FM JAN 1 309 HIGHEST SLP 30.07 ON 21
DPTR FM NORMAL 66 LOWEST SLP 29.62 ON 14
[REMARKS]
#FINAL-06-23#