000
CXUS54 KBMX 011110
CF6ANB
PRELIMINARY LOCAL CLIMATOLOGICAL DATA (WS FORM: F-6)
STATION: ANNISTON
MONTH: MARCH
YEAR: 2020
LATITUDE: 33 35 N
LONGITUDE: 85 51 W
TEMPERATURE IN F: :PCPN: SNOW: WIND :SUNSHINE: SKY :PK WND
================================================================================
1 2 3 4 5 6A 6B 7 8 9 10 11 12 13 14 15 16 17 18
12Z AVG MX 2MIN
DY MAX MIN AVG DEP HDD CDD WTR SNW DPTH SPD SPD DIR MIN PSBL S-S WX SPD DR
================================================================================
1 66 31 49 -2 16 0 0.00 0.0 0 3.7 14 230 M M 0 18 18 240
2 62 48 55 4 10 0 1.55 M 0 3.7 12 180 M M 8 13 17 180
3 72 58 65 14 0 0 0.25 0.0 0 5.6 16 230 M M 7 13 22 230
4 60 51 56 4 9 0 1.52 0.0 0 3.3 13 100 M M 10 13 18 100
5 56 45 51 -1 14 0 1.35 0.0 0 7.1 15 50 M M 10 13 21 50
6 59 42 51 -1 14 0 0.00 0.0 0 10.3 22 290 M M 1 12 31 300
7 60 34 47 -5 18 0 0.00 0.0 0 5.7 15 360 M M 0 22 360
8 65 37 51 -2 14 0 0.00 0.0 0 5.9 15 140 M M 0 19 120
9 71 46 59 6 6 0 0.00 0.0 0 6.9 16 190 M M 1 23 180
10 65 52 59 6 6 0 0.29 0.0 0 4.4 15 220 M M 7 1 21 220
11 69 52 61 8 4 0 0.17 0.0 0 2.9 14 230 M M 9 13 18 230
12 79 55 67 13 0 2 T 0.0 0 7.0 17 220 M M 5 12 25 210
13 69 62 66 12 0 1 0.02 0.0 0 5.7 14 230 M M 9 18 18 230
14 82 58 70 16 0 5 0.00 0.0 0 4.9 14 250 M M 3 8 18 240
15 70 57 64 10 1 0 0.49 0.0 0 4.6 16 10 M M 10 1 23 10
16 71 55 63 8 2 0 T 0.0 0 8.0 15 60 M M 7 19 60
17 73 59 66 11 0 1 0.00 0.0 0 4.6 9 50 M M 4 1 12 60
18 79 59 69 14 0 4 T 0.0 0 6.0 20 220 M M 4 1 27 230
19 80 58 69 14 0 4 0.00 0.0 0 4.4 15 180 M M 4 21 170
20 81 61 71 15 0 6 0.01 0.0 0 6.4 21 240 M M 5 32 350
21 66 49 58 2 7 0 0.11 M 0 6.9 14 360 M M 6 1 19 350
22 68 46 57 1 8 0 0.16 0.0 0 5.9 13 360 M M 5 1 17 20
23 69 60 65 9 0 0 1.64 0.0 0 4.3 13 250 M M 9 13 15 250
24 80 62 71 15 0 6 1.70 0.0 0 7.2 24 230 M M 8 13 31 280
25 76 54 65 8 0 0 0.01 0.0 0 2.7 12 360 M M 2 1 15 260
26 83 51 67 10 0 2 0.00 0.0 0 4.1 12 240 M M 0 15 300
27 84 57 71 14 0 6 0.00 0.0 0 5.0 15 250 M M 0 18 240
28 84 63 74 17 0 9 0.00 0.0 0 7.4 21 200 M M 4 29 200
29 77 60 69 11 0 4 0.01 0.0 0 7.7 16 270 M M 3 22 260
30 76 55 66 8 0 1 T 0.0 0 3.8 14 10 M M 1 18 360
31 62 48 55 -3 10 0 0.44 0.0 0 8.0 20 300 M M 9 1 28 290
================================================================================
SM 2214 1625 139 51 9.72 0.0 174.1 M 151
================================================================================
AV 71.4 52.4 5.6 FASTST M M 5 MAX(MPH)
MISC ----> # 24 230 # 32 350
================================================================================
NOTES:
# LAST OF SEVERAL OCCURRENCES
COLUMN 17 PEAK WIND IN M.P.H.
PRELIMINARY LOCAL CLIMATOLOGICAL DATA (WS FORM: F-6) , PAGE 2
STATION: ANNISTON
MONTH: MARCH
YEAR: 2020
LATITUDE: 33 35 N
LONGITUDE: 85 51 W
[TEMPERATURE DATA] [PRECIPITATION DATA] SYMBOLS USED IN COLUMN 16
AVERAGE MONTHLY: 61.9 TOTAL FOR MONTH: 9.72 1 = FOG OR MIST
DPTR FM NORMAL: 7.3 DPTR FM NORMAL: 4.76 2 = FOG REDUCING VISIBILITY
HIGHEST: 84 ON 28,27 GRTST 24HR 1.70 ON 24-24 TO 1/4 MILE OR LESS
LOWEST: 31 ON 1 3 = THUNDER
SNOW, ICE PELLETS, HAIL 4 = ICE PELLETS
TOTAL MONTH: 0.0 INCH 5 = HAIL
GRTST 24HR 0.0 6 = FREEZING RAIN OR DRIZZLE
GRTST DEPTH: 0 7 = DUSTSTORM OR SANDSTORM:
VSBY 1/2 MILE OR LESS
8 = SMOKE OR HAZE
[NO. OF DAYS WITH] [WEATHER - DAYS WITH] 9 = BLOWING SNOW
X = TORNADO
MAX 32 OR BELOW: 0 0.01 INCH OR MORE: 16
MAX 90 OR ABOVE: 0 0.10 INCH OR MORE: 12
MIN 32 OR BELOW: 1 0.50 INCH OR MORE: 5
MIN 0 OR BELOW: 0 1.00 INCH OR MORE: 5
[HDD (BASE 65) ]
TOTAL THIS MO. 139 CLEAR (SCALE 0-3) 10
DPTR FM NORMAL -197 PTCLDY (SCALE 4-7) 12
TOTAL FM JUL 1 2039 CLOUDY (SCALE 8-10) 9
DPTR FM NORMAL -569
[CDD (BASE 65) ]
TOTAL THIS MO. 51
DPTR FM NORMAL 39 [PRESSURE DATA]
TOTAL FM JAN 1 53 HIGHEST SLP 30.58 ON 8
DPTR FM NORMAL 40 LOWEST SLP 29.66 ON 31
[REMARKS]
#FINAL-03-20#