000
CXUS53 KAPX 051658
CF6ANJ
PRELIMINARY LOCAL CLIMATOLOGICAL DATA (WS FORM: F-6)
STATION: SAULT STE MARIE MI
MONTH: JUNE
YEAR: 2023
LATITUDE: 46 28 N
LONGITUDE: 84 21 W
TEMPERATURE IN F: :PCPN: SNOW: WIND :SUNSHINE: SKY :PK WND
================================================================================
1 2 3 4 5 6A 6B 7 8 9 10 11 12 13 14 15 16 17 18
12Z AVG MX 2MIN
DY MAX MIN AVG DEP HDD CDD WTR SNW DPTH SPD SPD DIR MIN PSBL S-S WX SPD DR
================================================================================
1 88 63 76 19 0 11 0.00 0.0 0 4.2 12 150 M M 1 17 130
2 89 59 74 16 0 9 T 0.0 0 3.2 12 290 M M 1 3 17 300
3 81 60 71 13 0 6 0.00 0.0 0 3.9 14 150 M M 6 18 20 150
4 81 54 68 10 0 3 T 0.0 0 2.8 10 300 M M 2 18 17 300
5 81 58 70 12 0 5 0.01 0.0 0 5.1 13 10 M M 6 18 21 20
6 72 49 61 2 4 0 0.00 0.0 0 6.5 16 320 M M 0 8 24 320
7 67 47 57 -2 8 0 0.00 0.0 0 8.0 20 300 M M 0 30 300
8 69 43 56 -3 9 0 0.00 0.0 0 5.4 13 300 M M 4 8 22 320
9 74 48 61 1 4 0 0.00 0.0 0 7.1 16 310 M M 0 23 310
10 67 50 59 -1 6 0 0.00 0.0 0 3.8 13 290 M M 7 19 350
11 60 48 54 -6 11 0 0.00 0.0 0 5.8 12 20 M M 10 20 20
12 55 48 52 -8 13 0 1.11 0.0 0 7.1 16 290 M M 10 1 24 300
13 58 50 54 -7 11 0 0.21 0.0 0 5.4 13 150 M M 10 1 18 150
14 63 49 56 -5 9 0 T 0.0 0 4.0 13 310 M M 8 1 17 320
15 61 48 55 -6 10 0 0.39 0.0 0 3.0 9 30 M M 9 13 17 60
16 68 46 57 -4 8 0 0.00 0.0 0 7.8 17 310 M M 1 26 310
17 74 44 59 -3 6 0 0.00 0.0 0 5.1 12 300 M M 0 18 320
18 82 47 65 3 0 0 0.00 0.0 0 3.3 12 150 M M 0 15 140
19 80 53 67 5 0 2 0.00 0.0 0 5.0 12 150 M M 0 17 160
20 83 54 69 7 0 4 0.00 0.0 0 4.5 13 130 M M 0 19 130
21 83 59 71 9 0 6 0.00 0.0 0 5.6 15 160 M M 1 23 150
22 86 56 71 8 0 6 0.00 0.0 0 2.3 8 210 M M 0 18 12 100
23 87 61 74 11 0 9 0.00 0.0 0 3.0 12 200 M M 0 18 17 190
24 88 57 73 10 0 8 0.00 0.0 0 3.0 16 260 M M 0 138 27 260
25 75 64 70 7 0 5 0.19 0.0 0 6.4 15 120 M M 5 138 23 110
26 75 63 69 5 0 4 0.89 0.0 0 5.5 14 10 M M 9 138 25 40
27 70 51 61 -3 4 0 0.01 0.0 0 8.0 16 300 M M 6 18 26 320
28 78 49 64 0 1 0 0.00 0.0 0 2.7 10 290 M M 1 15 310
29 76 61 69 5 0 4 T 0.0 0 7.0 16 130 M M 8 18 25 140
30 74 56 65 1 0 0 0.80 0.0 0 3.9 13 150 M M 5 138 19 160
================================================================================
SM 2245 1595 104 82 3.61 0.0 148.4 M 110
================================================================================
AV 74.8 53.2 4.9 FASTST M M 4 MAX(MPH)
MISC ----> 20 300 30 300
================================================================================
NOTES:
# LAST OF SEVERAL OCCURRENCES
COLUMN 17 PEAK WIND IN M.P.H.
PRELIMINARY LOCAL CLIMATOLOGICAL DATA (WS FORM: F-6) , PAGE 2
STATION: SAULT STE MARIE MI
MONTH: JUNE
YEAR: 2023
LATITUDE: 46 28 N
LONGITUDE: 84 21 W
[TEMPERATURE DATA] [PRECIPITATION DATA] SYMBOLS USED IN COLUMN 16
AVERAGE MONTHLY: 64.0 TOTAL FOR MONTH: 3.61 1 = FOG OR MIST
DPTR FM NORMAL: 2.9 DPTR FM NORMAL: 0.76 2 = FOG REDUCING VISIBILITY
HIGHEST: 89 ON 2 GRTST 24HR 1.31 ON 12-13 TO 1/4 MILE OR LESS
LOWEST: 43 ON 8 3 = THUNDER
SNOW, ICE PELLETS, HAIL 4 = ICE PELLETS
TOTAL MONTH: 0.0 INCH 5 = HAIL
GRTST 24HR 0.0 6 = FREEZING RAIN OR DRIZZLE
GRTST DEPTH: 0 7 = DUSTSTORM OR SANDSTORM:
VSBY 1/2 MILE OR LESS
8 = SMOKE OR HAZE
[NO. OF DAYS WITH] [WEATHER - DAYS WITH] 9 = BLOWING SNOW
X = TORNADO
MAX 32 OR BELOW: 0 0.01 INCH OR MORE: 8
MAX 90 OR ABOVE: 0 0.10 INCH OR MORE: 6
MIN 32 OR BELOW: 0 0.50 INCH OR MORE: 3
MIN 0 OR BELOW: 0 1.00 INCH OR MORE: 1
[HDD (BASE 65) ]
TOTAL THIS MO. 104 CLEAR (SCALE 0-3) 16
DPTR FM NORMAL -46 PTCLDY (SCALE 4-7) 9
TOTAL FM JUL 1 7607 CLOUDY (SCALE 8-10) 5
DPTR FM NORMAL -851
[CDD (BASE 65) ]
TOTAL THIS MO. 82
DPTR FM NORMAL 49 [PRESSURE DATA]
TOTAL FM JAN 1 97 HIGHEST SLP 30.26 ON 21
DPTR FM NORMAL 57 LOWEST SLP 29.46 ON 13
[REMARKS]
#FINAL-06-23#