000
CXUS53 KAPX 010830
CF6ANJ
PRELIMINARY LOCAL CLIMATOLOGICAL DATA (WS FORM: F-6)
STATION: SAULT STE MARIE MI
MONTH: NOVEMBER
YEAR: 2022
LATITUDE: 46 28 N
LONGITUDE: 84 21 W
TEMPERATURE IN F: :PCPN: SNOW: WIND :SUNSHINE: SKY :PK WND
================================================================================
1 2 3 4 5 6A 6B 7 8 9 10 11 12 13 14 15 16 17 18
12Z AVG MX 2MIN
DY MAX MIN AVG DEP HDD CDD WTR SNW DPTH SPD SPD DIR MIN PSBL S-S WX SPD DR
================================================================================
1 65 39 52 12 13 0 0.00 0.0 0 2.3 9 290 M M 4 12 14 290
2 63 39 51 11 14 0 0.00 0.0 0 5.1 12 140 M M 0 1 17 100
3 70 42 56 17 9 0 0.00 0.0 0 7.3 20 210 M M 1 1 32 200
4 65 45 55 16 10 0 0.55 0.0 0 7.7 24 210 M M 9 1 35 230
5 58 46 52 13 13 0 0.93 0.0 0 10.0 28 210 M M 10 1 43 220
6 52 43 48 10 17 0 0.01 0.0 0 12.5 25 230 M M 7 1 41 220
7 47 37 42 4 23 0 0.02 T 0 13.9 29 290 M M 8 45 290
8 40 30 35 -3 30 0 0.00 0.0 0 7.4 15 120 M M 0 24 140
9 48 40 44 7 21 0 0.72 0.0 0 7.0 16 140 M M 8 13 26 120
10 69 48 59 22 6 0 0.31 0.0 0 4.4 17 210 M M 9 1 23 220
11 58 38 48 12 17 0 0.25 0.0 0 8.6 17 210 M M 10 1 26 210
12 39 26 33 -3 32 0 0.06 0.0 0 9.5 15 10 M M 10 1 25 360
13 31 24 28 -8 37 0 0.00 0.0 0 7.8 14 320 M M 9 22 340
14 34 24 29 -6 36 0 0.00 0.0 0 2.6 7 310 M M 8 10 30
15 31 24 28 -7 37 0 0.01 T 0 6.6 12 60 M M 6 1 18 70
16 29 22 26 -9 39 0 0.01 T 0 6.0 12 360 M M 10 18 17 70
17 29 21 25 -9 40 0 0.00 0.0 0 3.3 10 20 M M 9 16 20
18 32 20 26 -8 39 0 0.01 0.1 T 4.4 14 260 M M 7 1 20 260
19 26 18 22 -12 43 0 0.32 6.0 T 10.1 25 280 M M 9 128 39 290
20 25 11 18 -15 47 0 0.31 2.7 8 4.2 16 230 M M 10 12 23 240
21 35 25 30 -3 35 0 T T 8 10.0 24 310 M M 10 18 41 320
22 34 28 31 -1 34 0 0.07 0.7 5 4.2 14 220 M M 10 1 20 220
23 40 27 34 2 31 0 0.00 0.0 5 4.1 9 130 M M 6 1 14 120
24 46 31 39 7 26 0 0.05 0.0 2 5.6 18 300 M M 6 128 30 320
25 39 29 34 3 31 0 0.01 0.0 T 10.5 21 310 M M 8 1 33 290
26 51 29 40 9 25 0 0.00 0.0 T 10.4 22 230 M M 0 31 240
27 42 34 38 8 27 0 0.00 0.0 T 5.8 13 10 M M 6 21 30
28 35 26 31 1 34 0 0.00 0.0 0 5.3 14 120 M M 7 19 110
29 45 35 40 10 25 0 0.31 T 0 12.6 28 140 M M 9 1 45 130
30 47 25 36 7 29 0 0.37 2.2 0 18.2 28 240 M M 10 12 46 240
================================================================================
SM 1325 926 820 0 4.32 11.7 227.4 M 216
================================================================================
AV 44.2 30.9 7.6 FASTST M M 7 MAX(MPH)
MISC ----> 29 290 46 240
================================================================================
NOTES:
# LAST OF SEVERAL OCCURRENCES
COLUMN 17 PEAK WIND IN M.P.H.
PRELIMINARY LOCAL CLIMATOLOGICAL DATA (WS FORM: F-6) , PAGE 2
STATION: SAULT STE MARIE MI
MONTH: NOVEMBER
YEAR: 2022
LATITUDE: 46 28 N
LONGITUDE: 84 21 W
[TEMPERATURE DATA] [PRECIPITATION DATA] SYMBOLS USED IN COLUMN 16
AVERAGE MONTHLY: 37.5 TOTAL FOR MONTH: 4.32 1 = FOG OR MIST
DPTR FM NORMAL: 2.7 DPTR FM NORMAL: 0.88 2 = FOG REDUCING VISIBILITY
HIGHEST: 70 ON 3 GRTST 24HR 1.27 ON 4- 5 TO 1/4 MILE OR LESS
LOWEST: 11 ON 20 3 = THUNDER
SNOW, ICE PELLETS, HAIL 4 = ICE PELLETS
TOTAL MONTH: 11.7 INCHES 5 = HAIL
GRTST 24HR 6.0 ON 19-19 6 = FREEZING RAIN OR DRIZZLE
GRTST DEPTH: 8 ON 21,20 7 = DUSTSTORM OR SANDSTORM:
VSBY 1/2 MILE OR LESS
8 = SMOKE OR HAZE
[NO. OF DAYS WITH] [WEATHER - DAYS WITH] 9 = BLOWING SNOW
X = TORNADO
MAX 32 OR BELOW: 7 0.01 INCH OR MORE: 18
MAX 90 OR ABOVE: 0 0.10 INCH OR MORE: 9
MIN 32 OR BELOW: 18 0.50 INCH OR MORE: 3
MIN 0 OR BELOW: 0 1.00 INCH OR MORE: 0
[HDD (BASE 65) ]
TOTAL THIS MO. 820 CLEAR (SCALE 0-3) 4
DPTR FM NORMAL -88 PTCLDY (SCALE 4-7) 11
TOTAL FM JUL 1 1622 CLOUDY (SCALE 8-10) 15
DPTR FM NORMAL -212
[CDD (BASE 65) ]
TOTAL THIS MO. 0
DPTR FM NORMAL 0 [PRESSURE DATA]
TOTAL FM JAN 1 225 HIGHEST SLP 30.84 ON 8
DPTR FM NORMAL -11 LOWEST SLP 29.24 ON 30
[REMARKS]
#FINAL-11-22#