000
CXUS53 KAPX 010830
CF6ANJ
PRELIMINARY LOCAL CLIMATOLOGICAL DATA (WS FORM: F-6)
STATION: SAULT STE MARIE MI
MONTH: JANUARY
YEAR: 2022
LATITUDE: 46 28 N
LONGITUDE: 84 21 W
TEMPERATURE IN F: :PCPN: SNOW: WIND :SUNSHINE: SKY :PK WND
================================================================================
1 2 3 4 5 6A 6B 7 8 9 10 11 12 13 14 15 16 17 18
12Z AVG MX 2MIN
DY MAX MIN AVG DEP HDD CDD WTR SNW DPTH SPD SPD DIR MIN PSBL S-S WX SPD DR
================================================================================
1 27 10 19 0 46 0 0.01 T 9 9.0 17 340 M M 4 26 350
2 14 3 9 -9 56 0 0.02 0.4 9 3.2 10 30 M M 5 16 40
3 28 6 17 -1 48 0 0.00 0.0 9 5.2 15 260 M M 6 23 270
4 31 22 27 9 38 0 0.00 0.0 9 6.3 14 120 M M 9 23 130
5 31 7 19 1 46 0 0.11 1.1 10 9.4 16 60 M M 9 8 27 70
6 7 -1 3 -15 62 0 T T 10 6.9 15 20 M M 7 22 360
7 13 -7 3 -14 62 0 0.00 0.0 10 4.6 14 310 M M 1 8 17 310
8 27 5 16 -1 49 0 T T 10 10.5 21 150 M M 9 29 150
9 29 10 20 3 45 0 0.62 9.0 11 17.7 31 270 M M 10 18 49 280
10 13 -6 4 -13 61 0 0.47 7.1 24 7.8 23 300 M M 10 35 310
11 21 -8 7 -9 58 0 T T 22 8.1 17 140 M M 10 8 25 140
12 27 16 22 6 43 0 T T 20 7.2 22 310 M M 9 8 34 320
13 26 5 16 0 49 0 0.01 0.1 19 4.4 15 310 M M 8 8 22 20
14 5 -14 -4 -20 69 0 0.00 0.0 18 5.4 13 70 M M 0 20 70
15 1 -15 -7 -23 72 0 0.00 0.0 18 4.8 10 90 M M 0 8 18 50
16 24 -7 9 -7 56 0 0.05 0.6 17 5.7 13 140 M M 9 8 16 140
17 26 15 21 5 44 0 0.01 0.5 17 5.7 17 320 M M 9 28 320
18 19 10 15 -1 50 0 0.31 4.0 17 8.1 21 110 M M 10 18 37 110
19 32 0 16 1 49 0 0.45 5.6 26 14.5 29 290 M M 8 18 46 290
20 8 -6 1 -14 64 0 T T 27 2.7 9 20 M M 10 8 13 10
21 21 8 15 0 50 0 T T 26 7.7 18 150 M M 10 27 160
22 22 8 15 0 50 0 0.35 4.9 26 11.8 24 290 M M 10 8 39 280
23 14 0 7 -8 58 0 0.04 0.5 29 5.0 16 240 M M 9 8 25 240
24 20 4 12 -3 53 0 0.01 0.2 27 5.6 16 320 M M 7 25 310
25 8 -9 0 -15 65 0 0.01 T 26 2.4 8 30 M M 5 8 13 10
26 17 -3 7 -8 58 0 0.01 T 25 6.5 18 180 M M 9 8 27 160
27 25 3 14 -1 51 0 0.19 2.2 27 12.2 28 220 M M 8 8 41 220
28 10 -5 3 -12 62 0 T T 27 4.3 9 140 M M 7 8 15 20
29 17 -4 7 -8 58 0 T T 26 5.2 10 120 M M 7 8 15 140
30 27 10 19 4 46 0 0.03 0.7 24 3.5 12 320 M M 8 15 330
31 26 16 21 6 44 0 T T 23 5.8 14 140 M M 8 8 22 120
================================================================================
SM 616 73 1662 0 2.70 36.9 217.2 M 231
================================================================================
AV 19.9 2.4 7.0 FASTST M M 7 MAX(MPH)
MISC ----> 31 270 49 280
================================================================================
NOTES:
# LAST OF SEVERAL OCCURRENCES
COLUMN 17 PEAK WIND IN M.P.H.
PRELIMINARY LOCAL CLIMATOLOGICAL DATA (WS FORM: F-6) , PAGE 2
STATION: SAULT STE MARIE MI
MONTH: JANUARY
YEAR: 2022
LATITUDE: 46 28 N
LONGITUDE: 84 21 W
[TEMPERATURE DATA] [PRECIPITATION DATA] SYMBOLS USED IN COLUMN 16
AVERAGE MONTHLY: 11.1 TOTAL FOR MONTH: 2.70 1 = FOG OR MIST
DPTR FM NORMAL: -5.1 DPTR FM NORMAL: 0.49 2 = FOG REDUCING VISIBILITY
HIGHEST: 32 ON 19 GRTST 24HR 0.62 ON 9- 9 TO 1/4 MILE OR LESS
LOWEST: -15 ON 15 3 = THUNDER
SNOW, ICE PELLETS, HAIL 4 = ICE PELLETS
TOTAL MONTH: 37.6 INCHES 5 = HAIL
GRTST 24HR 9.0 ON 9- 9 6 = FREEZING RAIN OR DRIZZLE
GRTST DEPTH: 29 ON 23 7 = DUSTSTORM OR SANDSTORM:
VSBY 1/2 MILE OR LESS
8 = SMOKE OR HAZE
[NO. OF DAYS WITH] [WEATHER - DAYS WITH] 9 = BLOWING SNOW
X = TORNADO
MAX 32 OR BELOW: 31 0.01 INCH OR MORE: 17
MAX 90 OR ABOVE: 0 0.10 INCH OR MORE: 7
MIN 32 OR BELOW: 31 0.50 INCH OR MORE: 1
MIN 0 OR BELOW: 14 1.00 INCH OR MORE: 0
[HDD (BASE 65) ]
TOTAL THIS MO. 1662 CLEAR (SCALE 0-3) 3
DPTR FM NORMAL 149 PTCLDY (SCALE 4-7) 13
TOTAL FM JUL 1 4145 CLOUDY (SCALE 8-10) 15
DPTR FM NORMAL -481
[CDD (BASE 65) ]
TOTAL THIS MO. 0
DPTR FM NORMAL 0 [PRESSURE DATA]
TOTAL FM JAN 1 0 HIGHEST SLP 30.70 ON 15
DPTR FM NORMAL 0 LOWEST SLP 29.40 ON 19
[REMARKS]
#FINAL-01-22#