000
CXUS53 KAPX 010830
CF6ANJ
PRELIMINARY LOCAL CLIMATOLOGICAL DATA (WS FORM: F-6)
STATION: SAULT STE MARIE MI
MONTH: NOVEMBER
YEAR: 2021
LATITUDE: 46 28 N
LONGITUDE: 84 21 W
TEMPERATURE IN F: :PCPN: SNOW: WIND :SUNSHINE: SKY :PK WND
================================================================================
1 2 3 4 5 6A 6B 7 8 9 10 11 12 13 14 15 16 17 18
12Z AVG MX 2MIN
DY MAX MIN AVG DEP HDD CDD WTR SNW DPTH SPD SPD DIR MIN PSBL S-S WX SPD DR
================================================================================
1 44 34 39 -1 26 0 0.52 T 0 11.0 20 270 M M 9 1 32 280
2 40 31 36 -4 29 0 0.53 2.9 3 3.2 8 310 M M 9 12 M M
3 38 26 32 -7 33 0 T T 2 1.4 6 20 M M 8 8 M M
4 42 28 35 -4 30 0 T T 2 3.6 10 230 M M 7 14 260
5 50 31 41 2 24 0 0.00 0.0 0 4.4 10 200 M M 4 M M
6 55 43 49 11 16 0 0.03 0.0 0 8.1 17 190 M M 8 25 200
7 62 43 53 15 12 0 0.00 0.0 0 5.4 13 230 M M 0 19 220
8 59 44 52 14 13 0 0.00 0.0 0 7.2 17 310 M M 3 1 25 310
9 52 36 44 7 21 0 0.00 0.0 0 4.9 12 300 M M 1 16 310
10 51 34 43 6 22 0 0.00 0.0 0 5.1 13 260 M M 0 8 17 280
11 51 37 44 8 21 0 0.19 0.0 0 14.0 26 120 M M 7 1 49 100
12 46 33 40 4 25 0 0.10 0.0 0 5.8 15 170 M M 7 1 24 150
13 42 31 37 1 28 0 0.24 T 0 6.4 21 330 M M 7 168 30 320
14 37 31 34 -1 31 0 0.12 1.0 1 3.2 10 360 M M 9 18 15 10
15 41 31 36 1 29 0 0.04 T 1 3.8 14 310 M M 8 18 21 300
16 36 30 33 -2 32 0 0.07 T 0 6.3 15 130 M M 8 25 110
17 45 36 41 7 24 0 0.09 0.0 0 6.4 17 150 M M 9 128 30 120
18 41 33 37 3 28 0 0.20 1.8 0 13.6 22 290 M M 10 1 35 290
19 39 27 33 -1 32 0 0.10 0.7 3 3.5 13 260 M M 8 18 21 260
20 41 34 38 5 27 0 0.00 0.0 2 7.0 13 150 M M 10 19 150
21 39 27 33 0 32 0 0.22 0.6 1 9.7 32 300 M M 8 18 52 290
22 32 23 28 -4 37 0 0.64 7.2 3 11.9 31 290 M M 9 128 46 310
23 34 24 29 -3 36 0 0.20 2.7 10 4.7 12 150 M M 5 1 17 140
24 42 31 37 5 28 0 0.00 0.0 8 5.9 13 130 M M 3 20 130
25 41 21 31 0 34 0 0.12 0.3 4 8.0 17 340 M M 9 18 27 10
26 23 11 17 -14 48 0 T T 4 8.1 17 340 M M 4 24 340
27 27 12 20 -10 45 0 0.00 0.0 4 3.9 8 120 M M 8 12 130
28 33 25 29 -1 36 0 0.23 2.2 5 4.7 15 350 M M 10 18 23 340
29 35 27 31 1 34 0 T T 6 3.4 12 230 M M 9 1 17 240
30 38 31 35 6 30 0 0.20 1.0 6 8.6 26 310 M M 10 1 46 320
================================================================================
SM 1256 905 863 0 3.84 20.4 193.2 M 207
================================================================================
AV 41.9 30.2 6.4 FASTST M M 7 MAX(MPH)
MISC ----> 32 300 52 290
================================================================================
NOTES:
# LAST OF SEVERAL OCCURRENCES
COLUMN 17 PEAK WIND IN M.P.H.
PRELIMINARY LOCAL CLIMATOLOGICAL DATA (WS FORM: F-6) , PAGE 2
STATION: SAULT STE MARIE MI
MONTH: NOVEMBER
YEAR: 2021
LATITUDE: 46 28 N
LONGITUDE: 84 21 W
[TEMPERATURE DATA] [PRECIPITATION DATA] SYMBOLS USED IN COLUMN 16
AVERAGE MONTHLY: 36.0 TOTAL FOR MONTH: 3.84 1 = FOG OR MIST
DPTR FM NORMAL: 1.2 DPTR FM NORMAL: 0.40 2 = FOG REDUCING VISIBILITY
HIGHEST: 62 ON 7 GRTST 24HR 0.76 ON 22-23 TO 1/4 MILE OR LESS
LOWEST: 11 ON 26 3 = THUNDER
SNOW, ICE PELLETS, HAIL 4 = ICE PELLETS
TOTAL MONTH: 20.4 INCHES 5 = HAIL
GRTST 24HR 7.2 ON 22-22 6 = FREEZING RAIN OR DRIZZLE
GRTST DEPTH: 10 ON 23 7 = DUSTSTORM OR SANDSTORM:
VSBY 1/2 MILE OR LESS
8 = SMOKE OR HAZE
[NO. OF DAYS WITH] [WEATHER - DAYS WITH] 9 = BLOWING SNOW
X = TORNADO
MAX 32 OR BELOW: 3 0.01 INCH OR MORE: 18
MAX 90 OR ABOVE: 0 0.10 INCH OR MORE: 14
MIN 32 OR BELOW: 19 0.50 INCH OR MORE: 3
MIN 0 OR BELOW: 0 1.00 INCH OR MORE: 0
[HDD (BASE 65) ]
TOTAL THIS MO. 863 CLEAR (SCALE 0-3) 5
DPTR FM NORMAL -45 PTCLDY (SCALE 4-7) 10
TOTAL FM JUL 1 1338 CLOUDY (SCALE 8-10) 15
DPTR FM NORMAL -496
[CDD (BASE 65) ]
TOTAL THIS MO. 0
DPTR FM NORMAL 0 [PRESSURE DATA]
TOTAL FM JAN 1 433 HIGHEST SLP 30.38 ON 3
DPTR FM NORMAL 197 LOWEST SLP 29.49 ON 11
[REMARKS]
#FINAL-11-21#