000
CXUS53 KAPX 010830
CF6ANJ
PRELIMINARY LOCAL CLIMATOLOGICAL DATA (WS FORM: F-6)
STATION: SAULT STE MARIE MI
MONTH: JANUARY
YEAR: 2024
LATITUDE: 46 28 N
LONGITUDE: 84 21 W
TEMPERATURE IN F: :PCPN: SNOW: WIND :SUNSHINE: SKY :PK WND
================================================================================
1 2 3 4 5 6A 6B 7 8 9 10 11 12 13 14 15 16 17 18
12Z AVG MX 2MIN
DY MAX MIN AVG DEP HDD CDD WTR SNW DPTH SPD SPD DIR MIN PSBL S-S WX SPD DR
================================================================================
1 29 20 25 6 40 0 0.00 0.0 0 5.4 14 230 M M 10 19 280
2 31 27 29 11 36 0 T T 0 8.8 15 250 M M 7 1 26 210
3 34 13 24 6 41 0 0.05 0.4 T 9.6 23 300 M M 8 12 37 310
4 26 11 19 1 46 0 0.07 1.3 1 7.4 17 300 M M 9 18 27 270
5 25 19 22 4 43 0 T T 2 8.1 17 270 M M 9 18 29 270
6 26 22 24 6 41 0 0.25 3.6 2 7.7 14 100 M M 10 1 20 100
7 33 20 27 10 38 0 0.10 1.3 4 6.2 18 290 M M 10 12 29 290
8 29 26 28 11 37 0 T T 5 5.8 16 280 M M 10 23 280
9 32 24 28 11 37 0 0.23 2.5 7 9.6 16 20 M M 10 1 26 60
10 27 16 22 5 43 0 0.02 1.5 8 10.4 18 340 M M 7 1 31 350
11 25 15 20 4 45 0 T T 6 4.5 12 310 M M 10 8 18 320
12 22 18 20 4 45 0 0.01 0.1 6 8.7 21 60 M M 10 8 39 70
13 18 6 12 -4 53 0 0.12 1.5 8 10.7 22 60 M M 10 189 39 60
14 21 6 14 -2 51 0 0.20 4.4 10 8.1 21 240 M M 10 128 33 230
15 16 6 11 -5 54 0 T T 9 11.5 20 230 M M 6 1 28 230
16 9 -3 3 -13 62 0 T T 8 6.2 14 200 M M 7 18 18 240
17 17 0 9 -7 56 0 T T 8 9.5 18 230 M M 6 18 29 280
18 15 4 10 -6 55 0 T T 8 5.4 16 230 M M 8 1 23 230
19 10 -4 3 -12 62 0 0.00 0.0 8 6.7 15 340 M M 4 22 340
20 18 5 12 -3 53 0 0.02 T 7 7.3 17 320 M M 6 8 26 310
21 27 10 19 4 46 0 0.01 T 7 9.4 20 220 M M 6 1 30 220
22 30 27 29 14 36 0 T T 6 8.2 14 260 M M 10 1 18 260
23 28 24 26 11 39 0 0.00 0.0 6 6.2 12 110 M M 10 1 19 100
24 31 24 28 13 37 0 T T 5 3.5 9 110 M M 10 1 13 100
25 35 31 33 18 32 0 0.00 0.0 5 3.0 8 100 M M 10 12 11 110
26 39 33 36 21 29 0 0.00 0.0 5 1.4 7 110 M M 10 1 11 100
27 38 34 36 21 29 0 0.00 0.0 5 1.5 8 310 M M 10 1 10 310
28 36 31 34 19 31 0 T T 2 4.6 13 320 M M 10 1 20 290
29 36 30 33 18 32 0 0.04 0.4 2 6.8 13 130 M M 10 1 21 100
30 35 33 34 19 31 0 0.18 1.6 4 4.4 10 120 M M 10 12 15 120
31 36 33 35 20 30 0 0.00 0.0 3 6.9 17 210 M M 10 12 26 220
================================================================================
SM 834 561 1310 0 1.30 18.6 213.5 M 273
================================================================================
AV 26.9 18.1 6.9 FASTST M M 9 MAX(MPH)
MISC ----> 23 300 # 39 70
================================================================================
NOTES:
# LAST OF SEVERAL OCCURRENCES
COLUMN 17 PEAK WIND IN M.P.H.
PRELIMINARY LOCAL CLIMATOLOGICAL DATA (WS FORM: F-6) , PAGE 2
STATION: SAULT STE MARIE MI
MONTH: JANUARY
YEAR: 2024
LATITUDE: 46 28 N
LONGITUDE: 84 21 W
[TEMPERATURE DATA] [PRECIPITATION DATA] SYMBOLS USED IN COLUMN 16
AVERAGE MONTHLY: 22.5 TOTAL FOR MONTH: 1.30 1 = FOG OR MIST
DPTR FM NORMAL: 6.3 DPTR FM NORMAL: -0.91 2 = FOG REDUCING VISIBILITY
HIGHEST: 39 ON 26 GRTST 24HR 0.45 ON 12-13 TO 1/4 MILE OR LESS
LOWEST: -4 ON 19 3 = THUNDER
SNOW, ICE PELLETS, HAIL 4 = ICE PELLETS
TOTAL MONTH: 18.6 INCHES 5 = HAIL
GRTST 24HR 4.4 ON 14-14 6 = FREEZING RAIN OR DRIZZLE
GRTST DEPTH: 10 ON 14 7 = DUSTSTORM OR SANDSTORM:
VSBY 1/2 MILE OR LESS
8 = SMOKE OR HAZE
[NO. OF DAYS WITH] [WEATHER - DAYS WITH] 9 = BLOWING SNOW
X = TORNADO
MAX 32 OR BELOW: 22 0.01 INCH OR MORE: 13
MAX 90 OR ABOVE: 0 0.10 INCH OR MORE: 6
MIN 32 OR BELOW: 27 0.50 INCH OR MORE: 0
MIN 0 OR BELOW: 3 1.00 INCH OR MORE: 0
[HDD (BASE 65) ]
TOTAL THIS MO. 1310 CLEAR (SCALE 0-3) 0
DPTR FM NORMAL -203 PTCLDY (SCALE 4-7) 9
TOTAL FM JUL 1 3938 CLOUDY (SCALE 8-10) 22
DPTR FM NORMAL -688
[CDD (BASE 65) ]
TOTAL THIS MO. 0
DPTR FM NORMAL 0 [PRESSURE DATA]
TOTAL FM JAN 1 0 HIGHEST SLP 30.46 ON 23
DPTR FM NORMAL 0 LOWEST SLP 29.04 ON 10
[REMARKS]
#FINAL-01-24#