000
CXUS53 KAPX 011833
CF6ANJ
PRELIMINARY LOCAL CLIMATOLOGICAL DATA (WS FORM: F-6)
STATION: SAULT STE MARIE MI
MONTH: SEPTEMBER
YEAR: 2020
LATITUDE: 46 28 N
LONGITUDE: 84 21 W
TEMPERATURE IN F: :PCPN: SNOW: WIND :SUNSHINE: SKY :PK WND
================================================================================
1 2 3 4 5 6A 6B 7 8 9 10 11 12 13 14 15 16 17 18
12Z AVG MX 2MIN
DY MAX MIN AVG DEP HDD CDD WTR SNW DPTH SPD SPD DIR MIN PSBL S-S WX SPD DR
================================================================================
1 72 52 62 0 3 0 T 0.0 0 3.1 12 230 M M 2 18 230
2 72 53 63 1 2 0 0.22 0.0 0 8.6 26 310 M M 4 1 43 310
3 69 52 61 0 4 0 0.34 0.0 0 11.7 31 290 M M 7 1 48 310
4 64 50 57 -4 8 0 0.01 0.0 0 10.8 21 310 M M 3 32 290
5 66 47 57 -4 8 0 0.00 0.0 0 7.9 20 290 M M 2 30 270
6 69 44 57 -3 8 0 0.34 0.0 0 8.7 24 140 M M 5 13 41 140
7 64 50 57 -3 8 0 0.00 0.0 0 13.4 29 310 M M 6 1 54 300
8 58 46 52 -8 13 0 0.00 0.0 0 2.8 12 310 M M 8 17 320
9 55 48 52 -8 13 0 0.49 0.0 0 3.0 9 130 M M 9 1 14 10
10 58 42 50 -9 15 0 0.05 0.0 0 2.9 9 310 M M 6 12 310
11 67 40 54 -5 11 0 0.00 0.0 0 2.6 9 140 M M 3 12 13 150
12 58 51 55 -3 10 0 0.51 0.0 0 6.7 15 150 M M 7 1 24 150
13 62 53 58 0 7 0 0.43 0.0 0 10.7 24 290 M M 6 1 36 280
14 59 40 50 -8 15 0 0.00 0.0 0 2.4 10 300 M M 0 15 300
15 71 45 58 0 7 0 T 0.0 0 9.4 23 210 M M 6 35 200
16 64 50 57 0 8 0 0.00 0.0 0 7.9 21 310 M M 6 30 310
17 57 40 49 -8 16 0 0.00 0.0 0 7.1 17 300 M M 0 28 310
18 55 34 45 -11 20 0 0.00 0.0 0 4.2 14 330 M M 0 20 300
19 51 34 43 -13 22 0 0.13 0.0 0 3.7 9 120 M M 6 1 17 100
20 67 49 58 2 7 0 T 0.0 0 7.3 16 190 M M 5 25 150
21 69 49 59 4 6 0 T 0.0 0 7.0 16 150 M M 0 22 150
22 74 52 63 8 2 0 T 0.0 0 5.5 12 270 M M 2 1 18 280
23 79 47 63 9 2 0 0.00 0.0 0 2.6 8 260 M M 4 12 13 280
24 61 54 58 4 7 0 0.01 0.0 0 4.8 10 150 M M 7 17 90
25 74 55 65 11 0 0 0.08 0.0 0 7.0 20 210 M M 7 1 32 210
26 70 58 64 11 1 0 0.23 0.0 0 4.7 14 110 M M 8 13 23 130
27 67 55 61 8 4 0 0.03 0.0 0 7.3 20 290 M M 5 1 32 260
28 59 54 57 5 8 0 0.36 0.0 0 3.4 10 280 M M 9 1 15 290
29 60 50 55 3 10 0 0.13 0.0 0 8.3 15 240 M M 10 1 25 240
30 60 50 55 3 10 0 0.13 0.0 0 7.9 15 300 M M 8 1 24 300
================================================================================
SM 1931 1444 255 0 3.49 0.0 193.4 M 151
================================================================================
AV 64.4 48.1 6.4 FASTST M M 5 MAX(MPH)
MISC ----> # 31 290 # 54 300
================================================================================
NOTES:
# LAST OF SEVERAL OCCURRENCES
COLUMN 17 PEAK WIND IN M.P.H.
PRELIMINARY LOCAL CLIMATOLOGICAL DATA (WS FORM: F-6) , PAGE 2
STATION: SAULT STE MARIE MI
MONTH: SEPTEMBER
YEAR: 2020
LATITUDE: 46 28 N
LONGITUDE: 84 21 W
[TEMPERATURE DATA] [PRECIPITATION DATA] SYMBOLS USED IN COLUMN 16
AVERAGE MONTHLY: 56.3 TOTAL FOR MONTH: 3.49 1 = FOG OR MIST
DPTR FM NORMAL: -0.8 DPTR FM NORMAL: -0.33 2 = FOG REDUCING VISIBILITY
HIGHEST: 79 ON 23 GRTST 24HR 0.51 ON 12-12 TO 1/4 MILE OR LESS
LOWEST: 34 ON 19,18 3 = THUNDER
SNOW, ICE PELLETS, HAIL 4 = ICE PELLETS
TOTAL MONTH: 0.0 INCH 5 = HAIL
GRTST 24HR 0.0 6 = FREEZING RAIN OR DRIZZLE
GRTST DEPTH: 0 7 = DUSTSTORM OR SANDSTORM:
VSBY 1/2 MILE OR LESS
8 = SMOKE OR HAZE
[NO. OF DAYS WITH] [WEATHER - DAYS WITH] 9 = BLOWING SNOW
X = TORNADO
MAX 32 OR BELOW: 0 0.01 INCH OR MORE: 16
MAX 90 OR ABOVE: 0 0.10 INCH OR MORE: 11
MIN 32 OR BELOW: 0 0.50 INCH OR MORE: 1
MIN 0 OR BELOW: 0 1.00 INCH OR MORE: 0
[HDD (BASE 65) ]
TOTAL THIS MO. 255 CLEAR (SCALE 0-3) 9
DPTR FM NORMAL 1 PTCLDY (SCALE 4-7) 17
TOTAL FM JUL 1 291 CLOUDY (SCALE 8-10) 4
DPTR FM NORMAL -110
[CDD (BASE 65) ]
TOTAL THIS MO. 0
DPTR FM NORMAL -17 [PRESSURE DATA]
TOTAL FM JAN 1 369 HIGHEST SLP M ON M
DPTR FM NORMAL 174 LOWEST SLP 29.42 ON 30
[REMARKS]
#FINAL-09-20#