000
CXUS53 KAPX 010631
CF6ANJ
PRELIMINARY LOCAL CLIMATOLOGICAL DATA (WS FORM: F-6)
STATION: SAULT STE MARIE MI
MONTH: FEBRUARY
YEAR: 2020
LATITUDE: 46 28 N
LONGITUDE: 84 21 W
TEMPERATURE IN F: :PCPN: SNOW: WIND :SUNSHINE: SKY :PK WND
================================================================================
1 2 3 4 5 6A 6B 7 8 9 10 11 12 13 14 15 16 17 18
12Z AVG MX 2MIN
DY MAX MIN AVG DEP HDD CDD WTR SNW DPTH SPD SPD DIR MIN PSBL S-S WX SPD DR
================================================================================
1 35 29 32 17 33 0 0.14 1.3 15 6.5 13 260 M M 10 16 20 250
2 35 32 34 19 31 0 0.08 0.9 15 6.3 15 290 M M 10 1 24 300
3 37 29 33 17 32 0 T T 15 9.9 21 290 M M 8 33 300
4 32 19 26 10 39 0 0.02 0.8 15 14.1 23 300 M M 10 18 39 290
5 25 18 22 6 43 0 T 0.1 14 6.7 16 240 M M 5 23 230
6 31 13 22 6 43 0 0.01 0.1 14 1.5 8 80 M M 5 18 13 90
7 27 1 14 -2 51 0 T 0.2 15 6.8 13 280 M M 8 20 10
8 11 -8 2 -14 63 0 T 0.1 15 5.3 10 70 M M 2 15 70
9 28 9 19 3 46 0 0.19 2.1 15 3.4 13 220 M M 9 18 17 220
10 29 19 24 7 41 0 0.00 0.0 16 3.5 12 210 M M 7 18 16 200
11 31 19 25 8 40 0 0.03 0.5 16 8.1 17 280 M M 8 1 27 270
12 36 10 23 6 42 0 0.05 1.2 16 9.5 28 210 M M 5 18 39 210
13 10 -9 1 -16 64 0 T 0.1 17 8.0 16 30 M M 4 8 25 30
14 17 0 9 -8 56 0 T 0.1 17 7.4 18 210 M M 6 18 25 200
15 27 16 22 4 43 0 0.13 1.1 17 10.7 17 190 M M 10 18 27 200
16 26 15 21 3 44 0 0.02 1.2 17 9.8 22 310 M M 8 18 35 320
17 25 14 20 2 45 0 T 0.2 18 7.4 17 110 M M 8 18 27 130
18 31 17 24 6 41 0 0.37 6.0 18 12.7 30 290 M M 9 128 49 290
19 20 12 16 -2 49 0 0.14 2.9 22 8.8 21 300 M M 10 128 31 280
20 21 -5 8 -11 57 0 0.01 0.1 22 6.2 15 230 M M 2 22 300
21 36 6 21 2 44 0 0.00 0.0 22 11.2 28 230 M M 0 42 240
22 40 23 32 13 33 0 0.00 0.0 20 8.1 16 230 M M 1 1 22 230
23 43 23 33 14 32 0 0.00 0.0 19 8.2 21 210 M M 1 1 30 220
24 41 31 36 16 29 0 0.00 0.0 18 9.2 15 320 M M 1 24 310
25 36 23 30 10 35 0 0.00 0.0 18 8.1 16 310 M M 0 24 60
26 29 14 22 2 43 0 0.00 0.0 18 7.2 14 10 M M 3 24 20
27 17 6 12 -8 53 0 0.27 4.4 18 15.4 25 310 M M 9 128 41 290
28 18 15 17 -4 48 0 0.34 6.9 25 12.7 22 320 M M 10 18 36 310
29 28 3 16 -5 49 0 0.00 0.0 26 5.4 16 310 M M 2 24 300
================================================================================
SM 822 394 1269 0 1.80 30.3 238.1 M 171
================================================================================
AV 28.3 13.6 8.2 FASTST M M 6 MAX(MPH)
MISC ----> # 30 290 # 49 290
================================================================================
NOTES:
# LAST OF SEVERAL OCCURRENCES
COLUMN 17 PEAK WIND IN M.P.H.
PRELIMINARY LOCAL CLIMATOLOGICAL DATA (WS FORM: F-6) , PAGE 2
STATION: SAULT STE MARIE MI
MONTH: FEBRUARY
YEAR: 2020
LATITUDE: 46 28 N
LONGITUDE: 84 21 W
[TEMPERATURE DATA] [PRECIPITATION DATA] SYMBOLS USED IN COLUMN 16
AVERAGE MONTHLY: 21.0 TOTAL FOR MONTH: 1.80 1 = FOG OR MIST
DPTR FM NORMAL: 3.4 DPTR FM NORMAL: 0.46 2 = FOG REDUCING VISIBILITY
HIGHEST: 43 ON 23 GRTST 24HR 0.37 ON 18-18 TO 1/4 MILE OR LESS
LOWEST: -9 ON 13 3 = THUNDER
SNOW, ICE PELLETS, HAIL 4 = ICE PELLETS
TOTAL MONTH: 30.3 INCHES 5 = HAIL
GRTST 24HR 6.9 ON 28-28 6 = FREEZING RAIN OR DRIZZLE
GRTST DEPTH: 26 ON 29 7 = DUSTSTORM OR SANDSTORM:
VSBY 1/2 MILE OR LESS
8 = SMOKE OR HAZE
[NO. OF DAYS WITH] [WEATHER - DAYS WITH] 9 = BLOWING SNOW
X = TORNADO
MAX 32 OR BELOW: 20 0.01 INCH OR MORE: 14
MAX 90 OR ABOVE: 0 0.10 INCH OR MORE: 7
MIN 32 OR BELOW: 29 0.50 INCH OR MORE: 0
MIN 0 OR BELOW: 4 1.00 INCH OR MORE: 0
[HDD (BASE 65) ]
TOTAL THIS MO. 1269 CLEAR (SCALE 0-3) 9
DPTR FM NORMAL -57 PTCLDY (SCALE 4-7) 8
TOTAL FM JUL 1 5622 CLOUDY (SCALE 8-10) 12
DPTR FM NORMAL -548
[CDD (BASE 65) ]
TOTAL THIS MO. 0
DPTR FM NORMAL 0 [PRESSURE DATA]
TOTAL FM JAN 1 0 HIGHEST SLP M ON M
DPTR FM NORMAL 0 LOWEST SLP 29.31 ON 2
[REMARKS]
#FINAL-02-20#
#FINAL-02-20#