000
CXUS53 KIWX 010810
CF6AOH
PRELIMINARY LOCAL CLIMATOLOGICAL DATA (WS FORM: F-6)
STATION: LIMA
MONTH: MAY
YEAR: 2023
LATITUDE: 40 42 N
LONGITUDE: 84 1 W
TEMPERATURE IN F: :PCPN: SNOW: WIND :SUNSHINE: SKY :PK WND
================================================================================
1 2 3 4 5 6A 6B 7 8 9 10 11 12 13 14 15 16 17 18
12Z AVG MX 2MIN
DY MAX MIN AVG DEP HDD CDD WTR SNW DPTH SPD SPD DIR MIN PSBL S-S WX SPD DR
================================================================================
1 44 36 40 -17 25 0 0.42 M M 19.8 33 280 M M 10 1 44 270
2 46 38 42 -15 23 0 0.35 M M 18.1 31 270 M M 10 18 42 280
3 55 39 47 -10 18 0 T M M 15.1 25 310 M M 8 1 35 300
4 63 35 49 -9 16 0 0.00 M M 2.9 10 320 M M 3 1 16 300
5 71 44 58 0 7 0 0.00 M M 8.5 15 90 M M 0 21 140
6 75 48 62 4 3 0 0.00 M M 9.5 17 140 M M 4 23 140
7 78 59 69 10 0 4 0.38 M M 10.2 22 260 M M 4 1 36 260
8 68 55 62 3 3 0 0.24 M M 9.0 35 300 M M 8 138 54 300
9 68 48 58 -1 7 0 0.09 M M 8.0 15 20 M M 3 1 21 60
10 75 44 60 0 5 0 0.00 M M 4.5 10 100 M M 0 15 120
11 81 51 66 6 0 1 0.00 M M 5.8 14 160 M M 0 17 160
12 78 59 69 9 0 4 0.20 M M 6.5 14 100 M M 5 1 17 100
13 76 64 70 9 0 5 0.01 M M 6.7 14 30 M M 10 1 19 50
14 71 53 62 1 3 0 0.01 M M 10.8 18 40 M M 6 26 30
15 75 50 63 2 2 0 0.00 M M 4.6 12 50 M M 3 18 70
16 74 51 63 1 2 0 T M M 6.0 16 270 M M 2 8 20 290
17 62 43 53 -9 12 0 0.00 M M 10.9 20 30 M M 0 29 30
18 72 37 55 -7 10 0 0.00 0.0 0 5.8 12 90 M M 0 15 80
19 81 48 65 2 0 0 0.45 0.0 0 8.8 24 280 M M 4 1 33 270
20 63 50 57 -6 8 0 0.40 M M 10.1 21 310 M M 6 18 30 280
21 75 44 60 -3 5 0 0.00 M M 4.7 15 300 M M 1 19 260
22 78 50 64 0 1 0 0.00 M M 4.4 15 60 M M 0 20 60
23 82 52 67 3 0 2 0.00 0.0 0 4.3 10 160 M M 2 16 70
24 82 50 66 2 0 1 0.00 0.0 0 9.9 22 50 M M 0 32 50
25 64 43 54 -11 11 0 0.00 0.0 0 11.8 22 30 M M 0 30 50
26 73 44 59 -6 6 0 0.00 M M 9.8 21 40 M M 0 27 50
27 79 46 63 -2 2 0 0.00 M M 7.5 16 70 M M 0 23 90
28 80 54 67 1 0 2 0.00 M M 7.0 16 80 M M 0 24 110
29 86 56 71 5 0 6 0.00 M M 7.3 17 30 M M 1 8 25 70
30 87 59 73 7 0 8 0.00 M M 7.4 16 130 M M 2 8 22 140
31 88 61 75 8 0 10 0.00 M M 6.9 15 140 M M 1 28 140
================================================================================
SM 2250 1511 169 43 2.55 0.0 262.6 M 93
================================================================================
AV 72.6 48.7 8.5 FASTST M M 3 MAX(MPH)
MISC ----> 35 300 54 300
================================================================================
NOTES:
# LAST OF SEVERAL OCCURRENCES
COLUMN 17 PEAK WIND IN M.P.H.
PRELIMINARY LOCAL CLIMATOLOGICAL DATA (WS FORM: F-6) , PAGE 2
STATION: LIMA
MONTH: MAY
YEAR: 2023
LATITUDE: 40 42 N
LONGITUDE: 84 1 W
[TEMPERATURE DATA] [PRECIPITATION DATA] SYMBOLS USED IN COLUMN 16
AVERAGE MONTHLY: 60.7 TOTAL FOR MONTH: 2.55 1 = FOG OR MIST
DPTR FM NORMAL: -0.9 DPTR FM NORMAL: -1.26 2 = FOG REDUCING VISIBILITY
HIGHEST: 88 ON 31 GRTST 24HR 0.85 ON 19-20 TO 1/4 MILE OR LESS
LOWEST: 35 ON 4 3 = THUNDER
SNOW, ICE PELLETS, HAIL 4 = ICE PELLETS
TOTAL MONTH: 0.0 INCH 5 = HAIL
GRTST 24HR 0.0 6 = FREEZING RAIN OR DRIZZLE
GRTST DEPTH: 0 7 = DUSTSTORM OR SANDSTORM:
VSBY 1/2 MILE OR LESS
8 = SMOKE OR HAZE
[NO. OF DAYS WITH] [WEATHER - DAYS WITH] 9 = BLOWING SNOW
X = TORNADO
MAX 32 OR BELOW: 0 0.01 INCH OR MORE: 10
MAX 90 OR ABOVE: 0 0.10 INCH OR MORE: 7
MIN 32 OR BELOW: 0 0.50 INCH OR MORE: 0
MIN 0 OR BELOW: 0 1.00 INCH OR MORE: 0
[HDD (BASE 65) ]
TOTAL THIS MO. 169 CLEAR (SCALE 0-3) 18
DPTR FM NORMAL 0 PTCLDY (SCALE 4-7) 9
TOTAL FM JUL 1 4940 CLOUDY (SCALE 8-10) 4
DPTR FM NORMAL -805
[CDD (BASE 65) ]
TOTAL THIS MO. 43
DPTR FM NORMAL -22 [PRESSURE DATA]
TOTAL FM JAN 1 52 HIGHEST SLP M ON M
DPTR FM NORMAL -23 LOWEST SLP 29.32 ON 1
[REMARKS]
#FINAL-05-23#