000
CXUS51 KCTP 010800
CF6AOO
PRELIMINARY LOCAL CLIMATOLOGICAL DATA (WS FORM: F-6)
STATION: ALTOONA
MONTH: AUGUST
YEAR: 2022
LATITUDE: 40 17 N
LONGITUDE: 78 19 W
TEMPERATURE IN F: :PCPN: SNOW: WIND :SUNSHINE: SKY :PK WND
================================================================================
1 2 3 4 5 6A 6B 7 8 9 10 11 12 13 14 15 16 17 18
12Z AVG MX 2MIN
DY MAX MIN AVG DEP HDD CDD WTR SNW DPTH SPD SPD DIR MIN PSBL S-S WX SPD DR
================================================================================
1 82 64 73 1 0 8 0.14 M M 4.0 13 220 M M 7 12 19 220
2 85 66 76 4 0 11 0.00 M M 6.5 16 280 M M 5 22 270
3 87 60 74 2 0 9 0.00 M M 3.6 10 180 M M 1 1 16 190
4 89 66 78 6 0 13 0.41 M M 4.5 22 270 M M 2 13 33 290
5 83 66 75 3 0 10 0.14 M M 2.6 9 230 M M 4 13 12 270
6 84 67 76 4 0 11 0.23 M M 3.3 14 210 M M 5 123 22 220
7 85 66 76 4 0 11 0.15 M M 4.0 14 250 M M 3 13 19 250
8 89 67 78 6 0 13 0.04 M M 5.7 16 200 M M 3 1 25 200
9 89 71 80 9 0 15 T M M 6.4 15 280 M M 6 19 260
10 80 69 75 4 0 10 0.00 M M 3.2 10 360 M M 10 13 360
11 82 59 71 0 0 6 0.04 M M 6.0 16 340 M M 3 3 22 340
12 80 52 66 -5 0 1 0.00 M M 3.8 14 360 M M 0 18 340
13 78 47 63 -8 2 0 0.00 M M 2.1 7 100 M M 0 10 150
14 79 55 67 -4 0 2 0.17 M M 3.7 15 190 M M 4 1 23 180
15 64 61 63 -8 2 0 0.12 M M 2.4 8 120 M M 10 12 12 100
16 77 59 68 -3 0 3 0.07 M M 2.9 10 150 M M 7 1238 16 70
17 80 54 67 -4 0 2 T M M 2.3 18 10 M M 6 123 25 10
18 82 50 66 -4 0 1 0.00 M M 2.0 9 290 M M 2 12 14 320
19 85 53 69 -1 0 4 0.00 M M 3.6 9 200 M M 2 1 13 230
20 85 63 74 4 0 9 0.00 M M 4.5 13 150 M M 2 1 17 140
21 80 65 73 3 0 8 0.45 M M 5.8 20 20 M M 7 138 25 20
22 75 65 70 0 0 5 0.74 M M 2.4 10 180 M M 7 123 15 180
23 81 60 71 1 0 6 T M M 5.2 14 280 M M 6 1 20 300
24 82 57 70 0 0 5 0.00 M M 2.7 9 340 M M 1 18 19 100
25 85 57 71 1 0 6 0.04 M M 2.3 10 290 M M 2 13 14 290
26 85 62 74 5 0 9 0.07 M M 4.6 18 320 M M 3 13 26 310
27 83 61 72 3 0 7 0.00 M M 1.2 7 350 M M 3 1 9 360
28 85 59 72 3 0 7 0.00 M M 3.6 13 160 M M 2 12 18 160
29 88 65 77 8 0 12 0.00 M M 6.2 14 160 M M 2 1 21 180
30 76 61 69 0 0 4 0.16 M M 4.8 12 240 M M 3 1 17 230
31 79 59 69 1 0 4 0.00 M M 7.3 15 290 M M 2 21 300
================================================================================
SM 2544 1886 4 212 2.97 M 123.2 M 120
================================================================================
AV 82.1 60.8 4.0 FASTST M M 4 MAX(MPH)
MISC ----> 22 270 33 290
================================================================================
NOTES:
# LAST OF SEVERAL OCCURRENCES
COLUMN 17 PEAK WIND IN M.P.H.
PRELIMINARY LOCAL CLIMATOLOGICAL DATA (WS FORM: F-6) , PAGE 2
STATION: ALTOONA
MONTH: AUGUST
YEAR: 2022
LATITUDE: 40 17 N
LONGITUDE: 78 19 W
[TEMPERATURE DATA] [PRECIPITATION DATA] SYMBOLS USED IN COLUMN 16
AVERAGE MONTHLY: 71.5 TOTAL FOR MONTH: 2.97 1 = FOG OR MIST
DPTR FM NORMAL: 0.9 DPTR FM NORMAL: -0.29 2 = FOG REDUCING VISIBILITY
HIGHEST: 89 ON 4, 9 GRTST 24HR 1.08 ON 21-22 TO 1/4 MILE OR LESS
LOWEST: 47 ON 13 3 = THUNDER
SNOW, ICE PELLETS, HAIL 4 = ICE PELLETS
TOTAL MONTH: M 5 = HAIL
GRTST 24HR M ON M 6 = FREEZING RAIN OR DRIZZLE
GRTST DEPTH: M ON M 7 = DUSTSTORM OR SANDSTORM:
VSBY 1/2 MILE OR LESS
8 = SMOKE OR HAZE
[NO. OF DAYS WITH] [WEATHER - DAYS WITH] 9 = BLOWING SNOW
X = TORNADO
MAX 32 OR BELOW: 0 0.01 INCH OR MORE: 15
MAX 90 OR ABOVE: 0 0.10 INCH OR MORE: 10
MIN 32 OR BELOW: 0 0.50 INCH OR MORE: 1
MIN 0 OR BELOW: 0 1.00 INCH OR MORE: 0
[HDD (BASE 65) ]
TOTAL THIS MO. 4 CLEAR (SCALE 0-3) 17
DPTR FM NORMAL -8 PTCLDY (SCALE 4-7) 12
TOTAL FM JUL 1 4 CLOUDY (SCALE 8-10) 2
DPTR FM NORMAL -6
[CDD (BASE 65) ]
TOTAL THIS MO. 212
DPTR FM NORMAL 28 [PRESSURE DATA]
TOTAL FM JAN 1 697 HIGHEST SLP 30.25 ON 6
DPTR FM NORMAL 84 LOWEST SLP 29.82 ON 30
[REMARKS]
#FINAL-08-22#