000
CXUS55 KBOU 010900
CF6APA
PRELIMINARY LOCAL CLIMATOLOGICAL DATA (WS FORM: F-6)
STATION: CENTENNIAL CO
MONTH: JULY
YEAR: 2023
LATITUDE: 39 33 N
LONGITUDE: 104 51 W
TEMPERATURE IN F: :PCPN: SNOW: WIND :SUNSHINE: SKY :PK WND
================================================================================
1 2 3 4 5 6A 6B 7 8 9 10 11 12 13 14 15 16 17 18
12Z AVG MX 2MIN
DY MAX MIN AVG DEP HDD CDD WTR SNW DPTH SPD SPD DIR MIN PSBL S-S WX SPD DR
================================================================================
1 78 49 64 -7 1 0 T M M 6.1 32 330 M M 2 3 45 340
2 82 55 69 -3 0 4 0.00 M M 5.8 14 240 M M 2 20 60
3 85 55 70 -2 0 5 T M M 6.5 30 220 M M 3 3 43 220
4 76 52 64 -8 1 0 0.61 M M 7.9 32 150 M M 7 135 47 150
5 67 53 60 -12 5 0 0.05 M M 7.8 21 170 M M 9 13 31 150
6 74 56 65 -7 0 0 0.01 M M 6.8 23 10 M M 7 13 29 360
7 72 53 63 -9 2 0 0.39 M M 6.8 21 350 M M 7 13 29 40
8 78 57 68 -5 0 3 0.09 M M 8.2 26 360 M M 5 35 33 350
9 79 55 67 -6 0 2 0.00 M M 6.9 14 160 M M 4 1 19 60
10 87 59 73 0 0 8 0.00 M M 9.1 28 230 M M 4 39 220
11 91 63 77 4 0 12 0.00 M M 7.4 14 230 M M 2 20 80
12 88 59 74 1 0 9 T M M 6.5 17 160 M M 3 27 10
13 89 65 77 4 0 12 0.00 M M 8.1 20 170 M M 3 26 180
14 78 64 71 -2 0 6 0.00 M M 8.9 18 20 M M 3 24 10
15 83 57 70 -3 0 5 0.00 M M 5.9 15 40 M M 2 3 22 170
16 85 61 73 0 0 8 0.00 M M 8.4 16 240 M M 3 23 230
17 94 61 78 4 0 13 0.00 M M 6.7 21 310 M M 3 3 32 320
18 93 61 77 3 0 12 0.03 M M 7.1 24 280 M M 6 3 33 270
19 87 62 75 1 0 10 0.00 M M 8.3 22 20 M M 6 30 20
20 79 53 66 -8 0 1 0.64 M M 10.1 33 300 M M 7 1358 45 280
21 81 55 68 -6 0 3 0.08 M M 5.9 36 10 M M 3 13 49 350
22 87 57 72 -2 0 7 0.00 M M 6.1 16 20 M M 2 23 10
23 94 60 77 3 0 12 0.00 M M 8.1 29 360 M M 4 36 360
24 94 62 78 4 0 13 0.07 M M 8.7 37 200 M M 5 3 48 200
25 94 65 80 7 0 15 0.01 M M 6.8 29 330 M M 6 3 37 330
26 90 63 77 4 0 12 0.08 M M 6.3 22 170 M M 5 38 27 170
27 90 61 76 3 0 11 0.00 M M 9.0 22 180 M M 6 32 180
28 91 59 75 2 0 10 T M M 7.5 37 300 M M 4 3 55 320
29 87 61 74 1 0 9 0.00 M M 8.3 18 360 M M 5 22 360
30 91 63 77 4 0 12 0.00 M M 7.4 17 240 M M 5 23 250
31 89 61 75 2 0 10 0.65 M M 7.4 26 240 M M 7 138 36 240
================================================================================
SM 2633 1817 9 224 2.71 M 230.8 M 140
================================================================================
AV 84.9 58.6 7.4 FASTST M M 5 MAX(MPH)
MISC ----> # 37 300 55 320
================================================================================
NOTES:
# LAST OF SEVERAL OCCURRENCES
COLUMN 17 PEAK WIND IN M.P.H.
PRELIMINARY LOCAL CLIMATOLOGICAL DATA (WS FORM: F-6) , PAGE 2
STATION: CENTENNIAL CO
MONTH: JULY
YEAR: 2023
LATITUDE: 39 33 N
LONGITUDE: 104 51 W
[TEMPERATURE DATA] [PRECIPITATION DATA] SYMBOLS USED IN COLUMN 16
AVERAGE MONTHLY: 71.8 TOTAL FOR MONTH: 2.71 1 = FOG OR MIST
DPTR FM NORMAL: -1.1 DPTR FM NORMAL: 0.95 2 = FOG REDUCING VISIBILITY
HIGHEST: 94 ON 25,24 GRTST 24HR 0.65 ON 31-31 TO 1/4 MILE OR LESS
LOWEST: 49 ON 1 3 = THUNDER
SNOW, ICE PELLETS, HAIL 4 = ICE PELLETS
TOTAL MONTH: M 5 = HAIL
GRTST 24HR M ON M 6 = FREEZING RAIN OR DRIZZLE
GRTST DEPTH: M ON M 7 = DUSTSTORM OR SANDSTORM:
VSBY 1/2 MILE OR LESS
8 = SMOKE OR HAZE
[NO. OF DAYS WITH] [WEATHER - DAYS WITH] 9 = BLOWING SNOW
X = TORNADO
MAX 32 OR BELOW: 0 0.01 INCH OR MORE: 12
MAX 90 OR ABOVE: 10 0.10 INCH OR MORE: 4
MIN 32 OR BELOW: 0 0.50 INCH OR MORE: 3
MIN 0 OR BELOW: 0 1.00 INCH OR MORE: 0
[HDD (BASE 65) ]
TOTAL THIS MO. 9 CLEAR (SCALE 0-3) 8
DPTR FM NORMAL 5 PTCLDY (SCALE 4-7) 22
TOTAL FM JUL 1 9 CLOUDY (SCALE 8-10) 1
DPTR FM NORMAL 9
[CDD (BASE 65) ]
TOTAL THIS MO. 224
DPTR FM NORMAL -27 [PRESSURE DATA]
TOTAL FM JAN 1 273 HIGHEST SLP M ON M
DPTR FM NORMAL -107 LOWEST SLP 29.78 ON 13
[REMARKS]
#FINAL-07-23#