000
CXUS52 KMFL 011000
CF6APF
PRELIMINARY LOCAL CLIMATOLOGICAL DATA (WS FORM: F-6)
STATION: NAPLES
MONTH: MARCH
YEAR: 2020
LATITUDE: 26 8 N
LONGITUDE: 81 46 W
TEMPERATURE IN F: :PCPN: SNOW: WIND :SUNSHINE: SKY :PK WND
================================================================================
1 2 3 4 5 6A 6B 7 8 9 10 11 12 13 14 15 16 17 18
12Z AVG MX 2MIN
DY MAX MIN AVG DEP HDD CDD WTR SNW DPTH SPD SPD DIR MIN PSBL S-S WX SPD DR
================================================================================
1 79 49 64 -5 1 0 0.00 0.0 0 7.4 17 100 M M 0 21 70
2 83 59 71 2 0 6 0.00 0.0 0 9.1 20 160 M M 1 26 140
3 84 64 74 5 0 9 0.00 0.0 0 8.7 23 200 M M 2 1 28 160
4 88 68 78 9 0 13 0.00 0.0 0 9.2 22 150 M M 1 1 26 150
5 87 73 80 11 0 15 0.00 0.0 0 10.6 20 200 M M 4 1 24 210
6 78 63 71 2 0 6 T 0.0 0 12.5 22 290 M M 4 1 30 280
7 75 56 66 -3 0 1 0.00 0.0 0 12.7 22 50 M M 0 28 50
8 79 53 66 -3 0 1 0.00 0.0 0 12.7 26 80 M M 3 34 80
9 82 62 72 3 0 7 0.00 0.0 0 13.1 25 70 M M 6 33 110
10 85 63 74 4 0 9 0.00 0.0 0 8.7 16 90 M M 5 20 60
11 84 64 74 4 0 9 0.00 0.0 0 6.3 16 300 M M 4 19 300
12 84 67 76 6 0 11 0.00 0.0 0 4.7 13 260 M M 3 17 260
13 87 65 76 6 0 11 0.00 0.0 0 5.3 15 60 M M 1 19 60
14 88 67 78 8 0 13 0.00 0.0 0 6.6 13 260 M M 5 16 120
15 85 69 77 7 0 12 0.00 0.0 0 6.2 13 270 M M 4 16 260
16 88 68 78 8 0 13 0.00 0.0 0 5.5 15 250 M M 1 18 250
17 85 67 76 6 0 11 0.00 0.0 0 6.7 14 230 M M 5 18 130
18 90 67 79 9 0 14 0.00 0.0 0 6.6 14 100 M M 1 20 100
19 90 68 79 9 0 14 0.00 0.0 0 9.2 18 200 M M 3 24 100
20 89 70 80 10 0 15 0.00 0.0 0 10.0 13 220 M M 3 M M
21 85 67 76 6 0 11 0.00 0.0 M 8.4 12 240 M M 0 M M
22 88 69 79 9 0 14 0.00 0.0 M M M M M M M M M
23 87 70 79 9 0 14 0.00 0.0 M M M M M M M M M
24 86 71 79 8 0 14 0.00 0.0 0 8.3 M M M M 2 M M
25 84 70 77 6 0 12 0.00 0.0 0 8.6 14 260 M M 3 M M
26 86 75 81 10 0 16 0.00 0.0 0 8.3 16 290 M M 2 M M
27 84 61 73 2 0 8 0.00 0.0 0 3.8 9 260 M M 1 M M
28 91 68 80 9 0 15 0.00 0.0 0 8.4 20 210 M M 0 22 200
29 90 67 79 8 0 14 0.00 0.0 0 8.1 21 200 M M 3 24 220
30 87 69 78 7 0 13 0.00 0.0 0 6.0 14 260 M M 2 19 250
31 85 73 79 8 0 14 0.00 0.0 0 11.1 20 230 M M 5 23 230
================================================================================
SM 2643 2042 1 335 T 0.0 242.8 M 74
================================================================================
AV 85.3 65.9 8.4 FASTST M M 3 MAX(MPH)
MISC ----> # 26 80 # 34 80
================================================================================
NOTES:
# LAST OF SEVERAL OCCURRENCES
COLUMN 17 PEAK WIND IN M.P.H.
PRELIMINARY LOCAL CLIMATOLOGICAL DATA (WS FORM: F-6) , PAGE 2
STATION: NAPLES
MONTH: MARCH
YEAR: 2020
LATITUDE: 26 8 N
LONGITUDE: 81 46 W
[TEMPERATURE DATA] [PRECIPITATION DATA] SYMBOLS USED IN COLUMN 16
AVERAGE MONTHLY: 75.6 TOTAL FOR MONTH: T 1 = FOG OR MIST
DPTR FM NORMAL: 5.6 DPTR FM NORMAL: -2.38 2 = FOG REDUCING VISIBILITY
HIGHEST: 91 ON 28 GRTST 24HR T ON 6- 6 TO 1/4 MILE OR LESS
LOWEST: 49 ON 1 3 = THUNDER
SNOW, ICE PELLETS, HAIL 4 = ICE PELLETS
TOTAL MONTH: 0.0 INCH 5 = HAIL
GRTST 24HR 0.0 6 = FREEZING RAIN OR DRIZZLE
GRTST DEPTH: 0 7 = DUSTSTORM OR SANDSTORM:
VSBY 1/2 MILE OR LESS
8 = SMOKE OR HAZE
[NO. OF DAYS WITH] [WEATHER - DAYS WITH] 9 = BLOWING SNOW
X = TORNADO
MAX 32 OR BELOW: 0 0.01 INCH OR MORE: 0
MAX 90 OR ABOVE: 4 0.10 INCH OR MORE: 0
MIN 32 OR BELOW: 0 0.50 INCH OR MORE: 0
MIN 0 OR BELOW: 0 1.00 INCH OR MORE: 0
[HDD (BASE 65) ]
TOTAL THIS MO. 1 CLEAR (SCALE 0-3) 19
DPTR FM NORMAL -22 PTCLDY (SCALE 4-7) 10
TOTAL FM JUL 1 67 CLOUDY (SCALE 8-10) 0
DPTR FM NORMAL -189
[CDD (BASE 65) ]
TOTAL THIS MO. 335
DPTR FM NORMAL 159 [PRESSURE DATA]
TOTAL FM JAN 1 739 HIGHEST SLP 30.43 ON 9
DPTR FM NORMAL 372 LOWEST SLP 29.78 ON 31
[REMARKS]
#FINAL-03-20#