000
CXUS53 KAPX 011248
CLMAPN
CLIMATE REPORT
NATIONAL WEATHER SERVICE
748 AM EST FRI MAR 01 2024
...................................
...THE ALPENA MI CLIMATE SUMMARY FOR THE MONTH OF FEBRUARY 2024...
CLIMATE NORMAL PERIOD: 1991 TO 2020
CLIMATE RECORD PERIOD: 1916 TO 2024
WEATHER OBSERVED NORMAL DEPART LAST YEAR`S
VALUE DATE(S) VALUE FROM VALUE
NORMAL
..............................................................
TEMPERATURE (F)
HIGHEST 70R 02/27 MM MM
LOWEST 6 02/20 MM MM
AVG. MAXIMUM 40.5 30.2 10.3
AVG. MINIMUM 21.8 11.2 10.6
MEAN 31.1 20.7 10.4
DAYS MAX >= 90 0 0.0 0.0
DAYS MAX <= 32 7 17.7 -10.7
DAYS MIN <= 32 27 27.2 -0.2
DAYS MIN <= 0 0 6.4 -6.4
PRECIPITATION (INCHES)
TOTALS 1.17 1.52 -0.35
DAYS >= .01 7 11.8 -4.8
DAYS >= .10 2 4.5 -2.5
DAYS >= .50 1 0.5 0.5
DAYS >= 1.00 0 0.1 -0.1
GREATEST
24 HR. TOTAL 0.56 02/28 TO 02/28
SNOWFALL (INCHES)
RECORDS
TOTAL 35.3 2006
TOTALS 7.2 17.0 -9.8
DAYS >= TRACE 9 -3.5
DAYS >= 1.0 1 -4.9
GREATEST
SNOW DEPTH 6 02/16
24 HR TOTAL MM
DEGREE DAYS
HEATING TOTAL 974 1240 -266
SINCE 7/1 4657 5607 -950
COOLING TOTAL 0 0 0
SINCE 1/1 0 0 0
..............................................................
WIND (MPH)
AVERAGE WIND SPEED 7.0
HIGHEST WIND SPEED/DIRECTION 29/310 DATE 02/28
HIGHEST GUST SPEED/DIRECTION 49/320 DATE 02/28
SKY COVER
AVERAGE SKY COVER 0.56
AVERAGE RH (PERCENT) 72
- INDICATES NEGATIVE NUMBERS.
R INDICATES RECORD WAS SET OR TIED.
MM INDICATES DATA IS MISSING.
T INDICATES TRACE AMOUNT.
$$