000
CXUS54 KLCH 010830
CF6ARA
PRELIMINARY LOCAL CLIMATOLOGICAL DATA (WS FORM: F-6)
STATION: NEW IBERIA
MONTH: APRIL
YEAR: 2023
LATITUDE: 30 1 N
LONGITUDE: 91 53 W
TEMPERATURE IN F: :PCPN: SNOW: WIND :SUNSHINE: SKY :PK WND
================================================================================
1 2 3 4 5 6A 6B 7 8 9 10 11 12 13 14 15 16 17 18
12Z AVG MX 2MIN
DY MAX MIN AVG DEP HDD CDD WTR SNW DPTH SPD SPD DIR MIN PSBL S-S WX SPD DR
================================================================================
1 88 65 77 11 0 12 0.00 0.0 0 6.6 15 330 M M 6 1 20 320
2 84 62 73 7 0 8 0.00 0.0 M 10.9 21 170 M M 3 28 170
3 85 74 80 14 0 15 0.00 0.0 M 14.5 24 190 M M 7 1 33 200
4 85 73 79 13 0 14 T 0.0 M 17.3 28 170 M M 6 39 160
5 85 72 79 12 0 14 0.00 0.0 M 15.0 31 170 M M 7 42 170
6 87 58 73 6 0 8 0.29 0.0 M 10.6 22 30 M M 8 13 28 30
7 73 57 65 -2 0 0 3.19 0.0 M 12.9 28 20 M M 10 13 35 20
8 68 57 63 -4 2 0 0.18 0.0 M 9.6 16 350 M M 10 1 22 310
9 67 59 63 -5 2 0 T 0.0 M 8.9 14 80 M M 10 18 18 80
10 75 58 67 -1 0 2 0.00 0.0 M 8.6 16 50 M M 7 21 50
11 74 58 66 -2 0 1 T 0.0 M 8.4 17 50 M M 3 3 24 60
12 75 57 66 -2 0 1 0.00 0.0 M 9.3 18 70 M M 7 24 70
13 73 56 65 -3 0 0 T 0.0 M 7.0 15 10 M M 4 18 21 20
14 81 55 68 0 0 3 0.00 0.0 M 6.6 16 200 M M 1 24 180
15 79 64 72 3 0 7 0.47 0.0 M 7.9 21 300 M M 7 13 27 290
16 73 55 64 -5 1 0 1.08 0.0 M 9.9 35 290 M M 2 13 49 280
17 77 47 62 -7 3 0 0.00 M M 3.2 13 40 M M 0 18 40
18 73 51 62 -7 3 0 T M M 6.5 16 160 M M 2 22 150
19 81 57 69 -1 0 4 0.00 M 0 9.9 20 190 M M 0 1 26 180
20 84 62 73 3 0 8 0.00 0.0 0 13.0 23 160 M M 4 1 31 180
21 80 65 73 3 0 8 0.83 M M 8.0 32 130 M M 4 13 41 140
22 79 58 69 -1 0 4 0.00 0.0 0 8.4 16 20 M M 1 26 90
23 77 57 67 -3 0 2 0.00 M M 10.4 18 40 M M 1 25 40
24 73 55 64 -7 1 0 0.00 M M 10.8 17 40 M M 6 23 40
25 79 56 68 -3 0 3 0.00 0.0 0 5.5 14 150 M M 3 19 150
26 84 62 73 2 0 8 T 0.0 0 6.9 15 150 M M 4 18 23 160
27 81 63 72 1 0 7 0.15 M M 8.3 29 330 M M 5 13 36 280
28 83 57 70 -2 0 5 0.00 M M 2.8 12 310 M M 0 12 15 300
29 74 59 67 -5 0 2 0.06 M M 11.4 23 310 M M 6 18 33 320
30 80 54 67 -5 0 2 0.00 M M 8.2 16 240 M M 0 22 240
================================================================================
SM 2357 1783 12 138 6.25 0.0 277.3 M 134
================================================================================
AV 78.6 59.4 9.2 FASTST M M 4 MAX(MPH)
MISC ----> 35 290 49 280
================================================================================
NOTES:
# LAST OF SEVERAL OCCURRENCES
COLUMN 17 PEAK WIND IN M.P.H.
PRELIMINARY LOCAL CLIMATOLOGICAL DATA (WS FORM: F-6) , PAGE 2
STATION: NEW IBERIA
MONTH: APRIL
YEAR: 2023
LATITUDE: 30 1 N
LONGITUDE: 91 53 W
[TEMPERATURE DATA] [PRECIPITATION DATA] SYMBOLS USED IN COLUMN 16
AVERAGE MONTHLY: 69.0 TOTAL FOR MONTH: 6.25 1 = FOG OR MIST
DPTR FM NORMAL: 0.1 DPTR FM NORMAL: 1.43 2 = FOG REDUCING VISIBILITY
HIGHEST: 88 ON 1 GRTST 24HR 3.34 ON 7- 8 TO 1/4 MILE OR LESS
LOWEST: 47 ON 17 3 = THUNDER
SNOW, ICE PELLETS, HAIL 4 = ICE PELLETS
TOTAL MONTH: 0.0 INCH 5 = HAIL
GRTST 24HR 0.0 6 = FREEZING RAIN OR DRIZZLE
GRTST DEPTH: 0 7 = DUSTSTORM OR SANDSTORM:
VSBY 1/2 MILE OR LESS
8 = SMOKE OR HAZE
[NO. OF DAYS WITH] [WEATHER - DAYS WITH] 9 = BLOWING SNOW
X = TORNADO
MAX 32 OR BELOW: 0 0.01 INCH OR MORE: 8
MAX 90 OR ABOVE: 0 0.10 INCH OR MORE: 7
MIN 32 OR BELOW: 0 0.50 INCH OR MORE: 3
MIN 0 OR BELOW: 0 1.00 INCH OR MORE: 2
[HDD (BASE 65) ]
TOTAL THIS MO. 12 CLEAR (SCALE 0-3) 12
DPTR FM NORMAL -24 PTCLDY (SCALE 4-7) 14
TOTAL FM JUL 1 1085 CLOUDY (SCALE 8-10) 4
DPTR FM NORMAL -275
[CDD (BASE 65) ]
TOTAL THIS MO. 138
DPTR FM NORMAL -15 [PRESSURE DATA]
TOTAL FM JAN 1 423 HIGHEST SLP 30.25 ON 10
DPTR FM NORMAL 165 LOWEST SLP 29.68 ON 29
[REMARKS]
#FINAL-04-23#